000
CDUS46 KLOX 260125
CLICQT


CLIMATE REPORT
NATIONAL WEATHER SERVICE LOS ANGELES/OXNARD CA
625 PM PDT MON MAR 25 2019


...................................

...THE DOWNTOWN LOS ANGELES (USC) CA CLIMATE SUMMARY FOR MARCH 25 2019...
VALID TODAY AS OF 0600 PM LOCAL TIME.

CLIMATE NORMAL PERIOD 1981 TO 2010
CLIMATE RECORD PERIOD 1877 TO 2019


WEATHER ITEM   OBSERVED TIME   RECORD YEAR NORMAL DEPARTURE LAST
                VALUE   (LST)  VALUE       VALUE  FROM      YEAR
                                                  NORMAL
..................................................................
TEMPERATURE (F)
 TODAY
  MAXIMUM         75   1057 AM  96    1988  71      4       64
  MINIMUM         53    607 AM  37    1902  51      2       51
  AVERAGE         64                        61      3       58

PRECIPITATION (IN)
  TODAY            0.00          2.19 1903   0.06  -0.06     0.00
  MONTH TO DATE    2.19                      2.11   0.08     2.69
  SINCE OCT 1     17.99                     13.06   4.93     4.61
  SINCE JAN 1     13.73                      9.03   4.70     4.49

SNOWFALL (IN)
  TODAY            0.0
  MONTH TO DATE    0.0
  SINCE MAR 1      0.0
  SINCE JUL 1      0.0

DEGREE DAYS
 HEATING
  TODAY            1                         5     -4        7
  MONTH TO DATE  121                       129     -8      131
  SINCE MAR 1    121                       129     -8      131
  SINCE JUL 1    851                       904    -53      542

 COOLING
  TODAY            0                         1     -1        0
  MONTH TO DATE   10                        22    -12        0
  SINCE MAR 1     10                        22    -12        0
  SINCE JAN 1     10                        45    -35       36
..................................................................


WIND (MPH)
  HIGHEST WIND SPEED    10   HIGHEST WIND DIRECTION     W (270)
  HIGHEST GUST SPEED    16   HIGHEST GUST DIRECTION     W (280)
  AVERAGE WIND SPEED     1.9


SKY COVER
  POSSIBLE SUNSHINE  MM
  AVERAGE SKY COVER 0.0


WEATHER CONDITIONS
 THE FOLLOWING WEATHER WAS RECORDED TODAY.
  NO SIGNIFICANT WEATHER WAS OBSERVED.


RELATIVE HUMIDITY (PERCENT)
 HIGHEST    86          1200 AM
 LOWEST     41          1100 AM
 AVERAGE    64

..........................................................


THE DOWNTOWN LOS ANGELES (USC) CA CLIMATE NORMALS FOR TOMORROW
                         NORMAL    RECORD    YEAR
 MAXIMUM TEMPERATURE (F)   71        98      1988
 MINIMUM TEMPERATURE (F)   51        39      1907


SUNRISE AND SUNSET
MARCH 25 2019.........SUNRISE   650 AM PDT   SUNSET   709 PM PDT
MARCH 26 2019.........SUNRISE   649 AM PDT   SUNSET   709 PM PDT


-  INDICATES NEGATIVE NUMBERS.
R  INDICATES RECORD WAS SET OR TIED.
MM INDICATES DATA IS MISSING.
T  INDICATES TRACE AMOUNT.




$$
