000
CDUS46 KLOX 230126
CLICQT


CLIMATE REPORT
NATIONAL WEATHER SERVICE LOS ANGELES/OXNARD CA
625 PM PDT WED MAY 22 2019


...................................

...THE DOWNTOWN LOS ANGELES (USC) CA CLIMATE SUMMARY FOR MAY 22 2019...
VALID TODAY AS OF 0600 PM LOCAL TIME.

CLIMATE NORMAL PERIOD 1981 TO 2010
CLIMATE RECORD PERIOD 1877 TO 2019


WEATHER ITEM   OBSERVED TIME   RECORD YEAR NORMAL DEPARTURE LAST
                VALUE   (LST)  VALUE       VALUE  FROM      YEAR
                                                  NORMAL
..................................................................
TEMPERATURE (F)
 TODAY
  MAXIMUM         68    121 PM  94    1967  75     -7       68
  MINIMUM         56    428 AM  44    1879  58     -2       59
  AVERAGE         62                        66     -4       64

PRECIPITATION (IN)
  TODAY            0.04          0.67 2006   0.00   0.04     0.00
  MONTH TO DATE    0.77                      0.21   0.56     0.09
  SINCE OCT 1     18.78                     14.50   4.28     4.72
  SINCE JAN 1     14.52                     10.47   4.05     4.60

SNOWFALL (IN)
  TODAY            0.0
  MONTH TO DATE    0.0
  SINCE MAR 1      0.0
  SINCE JUL 1      0.0

DEGREE DAYS
 HEATING
  TODAY            3                         1      2        1
  MONTH TO DATE   37                        35      2       27
  SINCE MAR 1    207                       293    -86      228
  SINCE JUL 1    937                      1068   -131      639

 COOLING
  TODAY            0                         2     -2        0
  MONTH TO DATE    9                        44    -35       32
  SINCE MAR 1     77                       108    -31       77
  SINCE JAN 1     77                       131    -54      113
..................................................................


WIND (MPH)
  HIGHEST WIND SPEED     8   HIGHEST WIND DIRECTION     W (270)
  HIGHEST GUST SPEED    14   HIGHEST GUST DIRECTION     W (270)
  AVERAGE WIND SPEED     1.3


SKY COVER
  POSSIBLE SUNSHINE  MM
  AVERAGE SKY COVER 0.3


WEATHER CONDITIONS
 THE FOLLOWING WEATHER WAS RECORDED TODAY.
  RAIN
  LIGHT RAIN


RELATIVE HUMIDITY (PERCENT)
 HIGHEST    72           100 AM
 LOWEST     42           100 PM
 AVERAGE    57

..........................................................


THE DOWNTOWN LOS ANGELES (USC) CA CLIMATE NORMALS FOR TOMORROW
                         NORMAL    RECORD    YEAR
 MAXIMUM TEMPERATURE (F)   75        92      1932
 MINIMUM TEMPERATURE (F)   58        41      1881


SUNRISE AND SUNSET
MAY 22 2019...........SUNRISE   547 AM PDT   SUNSET   753 PM PDT
MAY 23 2019...........SUNRISE   547 AM PDT   SUNSET   753 PM PDT


-  INDICATES NEGATIVE NUMBERS.
R  INDICATES RECORD WAS SET OR TIED.
MM INDICATES DATA IS MISSING.
T  INDICATES TRACE AMOUNT.




$$
