000
CDUS44 KCRP 270032
CLICRP

CLIMATE REPORT
NATIONAL WEATHER SERVICE CORPUS CHRISTI TX
728 PM CDT TUE MAR 26 2019


...................................

...THE CORPUS CHRISTI CLIMATE SUMMARY FOR MARCH 26 2019...
VALID TODAY AS OF 700 PM LOCAL TIME.

CLIMATE NORMAL PERIOD 1981 TO 2010
CLIMATE RECORD PERIOD 1887 TO 2019


WEATHER ITEM   OBSERVED TIME   RECORD YEAR NORMAL DEPARTURE LAST
                VALUE   (LST)  VALUE       VALUE  FROM      YEAR
                                                  NORMAL
..................................................................
TEMPERATURE (F)
 TODAY
  MAXIMUM         79    121 PM  94    1939  78      1       84
  MINIMUM         63    649 AM  34    1969  58      5       71
  AVERAGE         71                        68      3       78

PRECIPITATION (IN)
  TODAY            T             1.67 1943   0.07  -0.07     0.00
  MONTH TO DATE    0.25                      1.63  -1.38     1.28
  SINCE MAR 1      0.25                      1.63  -1.38     1.28
  SINCE JAN 1      2.66                      5.10  -2.44     3.01

SNOWFALL (IN)
  TODAY            0.0           0.0    MM   0.0    0.0      0.0
  MONTH TO DATE    0.0                       0.0    0.0      0.0
  SINCE MAR 1      0.0                       0.0    0.0      0.0
  SINCE JUL 1      T                         0.2   -0.2      1.0
  SNOW DEPTH       0

DEGREE DAYS
 HEATING
  TODAY            0                         2     -2        0
  MONTH TO DATE  107                        75     32       25
  SINCE MAR 1    107                        75     32       25
  SINCE JUL 1    831                       875    -44      854

 COOLING
  TODAY            6                         5      1       13
  MONTH TO DATE  117                        90     27      158
  SINCE MAR 1    117                        90     27      158
  SINCE JAN 1    198                       166     32      280
..................................................................


WIND (MPH)
  HIGHEST WIND SPEED    22   HIGHEST WIND DIRECTION     E (80)
  HIGHEST GUST SPEED    27   HIGHEST GUST DIRECTION     E (90)


SKY COVER
  POSSIBLE SUNSHINE  MM
  AVERAGE SKY COVER 0.7


WEATHER CONDITIONS
 THE FOLLOWING WEATHER WAS RECORDED TODAY.
  LIGHT RAIN
  FOG
  FOG W/VISIBILITY <= 1/4 MILE
  HAZE


RELATIVE HUMIDITY (PERCENT)
 HIGHEST   100          1200 AM
 LOWEST     48           100 PM
 AVERAGE    74

..........................................................


THE CORPUS CHRISTI CLIMATE NORMALS FOR TOMORROW
                         NORMAL    RECORD    YEAR
 MAXIMUM TEMPERATURE (F)   78       101      1984
 MINIMUM TEMPERATURE (F)   59        37      1955
                                             1913


SUNRISE AND SUNSET
MARCH 26 2019.........SUNRISE   727 AM CDT   SUNSET   744 PM CDT
MARCH 27 2019.........SUNRISE   726 AM CDT   SUNSET   745 PM CDT


-  INDICATES NEGATIVE NUMBERS.
R  INDICATES RECORD WAS SET OR TIED.
MM INDICATES DATA IS MISSING.
T  INDICATES TRACE AMOUNT.




$$
