000
CDUS44 KCRP 250850
CLICRP

CLIMATE REPORT
NATIONAL WEATHER SERVICE CORPUS CHRISTI TX
348 AM CDT TUE JUN 25 2019


...................................

...THE CORPUS CHRISTI CLIMATE SUMMARY FOR JUNE 24 2019...

CLIMATE NORMAL PERIOD 1981 TO 2010
CLIMATE RECORD PERIOD 1887 TO 2019


WEATHER ITEM   OBSERVED TIME   RECORD YEAR NORMAL DEPARTURE LAST
                VALUE   (LST)  VALUE       VALUE  FROM      YEAR
                                                  NORMAL
..................................................................
TEMPERATURE (F)
 YESTERDAY
  MAXIMUM         91   1104 AM  98    2012  92     -1       89
                                      2009
                                      1990
  MINIMUM         78   1155 AM  68    2005  75      3       79
  AVERAGE         85                        83      2       84

PRECIPITATION (IN)
  YESTERDAY        0.08          4.72 1970   0.13  -0.05     0.00
  MONTH TO DATE    2.55                      2.65  -0.10    10.13
  SINCE JUN 1      2.55                      2.65  -0.10    10.13
  SINCE JAN 1     10.89                     12.92  -2.03    14.81

SNOWFALL (IN)
  YESTERDAY        0.0           0.0  2002   0.0    0.0      0.0
                                      2001
                                      2000
  MONTH TO DATE    0.0                       0.0    0.0      0.0
  SINCE JUN 1      0.0                       0.0    0.0      0.0
  SINCE JUL 1      T                         0.2   -0.2      1.0
  SNOW DEPTH       0

DEGREE DAYS
 HEATING
  YESTERDAY        0                         0      0        0
  MONTH TO DATE    0                         0      0        0
  SINCE JUN 1      0                         0      0        0
  SINCE JUL 1    864                       898    -34      871

 COOLING
  YESTERDAY       20                        18      2       19
  MONTH TO DATE  479                       412     67      453
  SINCE JUN 1    479                       412     67      453
  SINCE JAN 1   1458                      1253    205     1445
..................................................................


WIND (MPH)
  HIGHEST WIND SPEED    30   HIGHEST WIND DIRECTION     E (70)
  HIGHEST GUST SPEED    38   HIGHEST GUST DIRECTION    NE (60)
  AVERAGE WIND SPEED    16.1


SKY COVER
  POSSIBLE SUNSHINE  MM
  AVERAGE SKY COVER 0.9


WEATHER CONDITIONS
 THE FOLLOWING WEATHER WAS RECORDED YESTERDAY.
  THUNDERSTORM
  RAIN
  LIGHT RAIN
  FOG
  HAZE


RELATIVE HUMIDITY (PERCENT)
 HIGHEST    94           400 AM
 LOWEST     70          1100 AM
 AVERAGE    82

..........................................................


THE CORPUS CHRISTI CLIMATE NORMALS FOR TODAY
                         NORMAL    RECORD    YEAR
 MAXIMUM TEMPERATURE (F)   92       105      2012
 MINIMUM TEMPERATURE (F)   75        66      1974


SUNRISE AND SUNSET
JUNE 25 2019..........SUNRISE   636 AM CDT   SUNSET   830 PM CDT
JUNE 26 2019..........SUNRISE   636 AM CDT   SUNSET   830 PM CDT


-  INDICATES NEGATIVE NUMBERS.
R  INDICATES RECORD WAS SET OR TIED.
MM INDICATES DATA IS MISSING.
T  INDICATES TRACE AMOUNT.




$$
