000
CDUS41 KRLX 270721
CLICRW


CLIMATE REPORT
NATIONAL WEATHER SERVICE CHARLESTON WV
321 AM EDT MON MAY 27 2019


...................................

...THE CHARLESTON WV CLIMATE SUMMARY FOR MAY 26 2019...

CLIMATE NORMAL PERIOD 1981 TO 2010
CLIMATE RECORD PERIOD 1901 TO 2019


WEATHER ITEM   OBSERVED TIME   RECORD YEAR NORMAL DEPARTURE LAST
                VALUE   (LST)  VALUE       VALUE  FROM      YEAR
                                                  NORMAL
..................................................................
TEMPERATURE (F)
 YESTERDAY
  MAXIMUM         87    342 PM  94    1916  77     10       84
  MINIMUM         66    610 AM  37    1925  56     10       65
  AVERAGE         77                        66     11       75

PRECIPITATION (IN)
  YESTERDAY        0.84          1.23 1957   0.17   0.67     0.06
  MONTH TO DATE    6.89                      3.97   2.92     3.76
  SINCE JAN 1     20.40                     17.31   3.09    23.32

SNOWFALL (IN)
  YESTERDAY        0.0           0.0  2017   0.0    0.0      0.0
                                      2001
  MONTH TO DATE    0.0                       0.0    0.0      0.0
  SINCE SEP 1     11.7                      36.4  -24.7     19.3
  SNOW DEPTH       0

DEGREE DAYS
 HEATING
  YESTERDAY        0                         2     -2        0
  MONTH TO DATE   50                       107    -57        9
  SINCE MAR 1    888                      1001   -113     1141
  SINCE JUL 1   4144                      4455   -311     4412

 COOLING
  YESTERDAY       12                         4      8       10
  MONTH TO DATE  127                        56     71      173
  SINCE MAR 1    156                        88     68      186
  SINCE JAN 1    156                        88     68      195
..................................................................


WIND (MPH)
  HIGHEST WIND SPEED    22   HIGHEST WIND DIRECTION    NW (330)
  HIGHEST GUST SPEED    32   HIGHEST GUST DIRECTION    NW (330)
  AVERAGE WIND SPEED     5.4


SKY COVER
  POSSIBLE SUNSHINE  MM
  AVERAGE SKY COVER 0.5


WEATHER CONDITIONS
 THE FOLLOWING WEATHER WAS RECORDED YESTERDAY.
  THUNDERSTORM
  HEAVY RAIN
  LIGHT RAIN
  FOG


RELATIVE HUMIDITY (PERCENT)
 HIGHEST   100           300 AM
 LOWEST     48           500 PM
 AVERAGE    74

..........................................................


THE CHARLESTON WV CLIMATE NORMALS FOR TODAY
                         NORMAL    RECORD    YEAR
 MAXIMUM TEMPERATURE (F)   77        95      1918
 MINIMUM TEMPERATURE (F)   56        37      1949


SUNRISE AND SUNSET
MAY 27 2019...........SUNRISE   607 AM EDT   SUNSET   841 PM EDT
MAY 28 2019...........SUNRISE   606 AM EDT   SUNSET   841 PM EDT


-  INDICATES NEGATIVE NUMBERS.
R  INDICATES RECORD WAS SET OR TIED.
MM INDICATES DATA IS MISSING.
T  INDICATES TRACE AMOUNT.




$$
