305
CDUS41 KRLX 190726
CLICRW


CLIMATE REPORT
NATIONAL WEATHER SERVICE CHARLESTON WV
326 AM EDT THU APR 19 2018


...................................

...THE CHARLESTON WV CLIMATE SUMMARY FOR APRIL 18 2018...

CLIMATE NORMAL PERIOD 1981 TO 2010
CLIMATE RECORD PERIOD 1901 TO 2018


WEATHER ITEM   OBSERVED TIME   RECORD YEAR NORMAL DEPARTURE LAST
                VALUE   (LST)  VALUE       VALUE  FROM      YEAR
                                                  NORMAL
..................................................................
TEMPERATURE (F)
 YESTERDAY
  MAXIMUM         79    348 PM  90    1976  69     10       76
  MINIMUM         35    223 AM  26    1983  45    -10       50
  AVERAGE         57                        57      0       63

PRECIPITATION (IN)
  YESTERDAY        0.01          1.31 1892   0.10  -0.09     0.00
  MONTH TO DATE    3.49                      1.86   1.63     1.67
  SINCE JAN 1     18.97                     11.96   7.01    13.16

SNOWFALL (IN)
  YESTERDAY        0.0           T    1988   0.0    0.0      0.0
  MONTH TO DATE    2.2                       1.3    0.9       T
  SINCE SEP 1     19.3                      36.3  -17.0      7.5
  SNOW DEPTH       0

DEGREE DAYS
 HEATING
  YESTERDAY        8                         9     -1        2
  MONTH TO DATE  278                       204     74      109
  SINCE MAR 1    995                       804    191      678
  SINCE JUL 1   4266                      4258      8     3385

 COOLING
  YESTERDAY        0                         1     -1        0
  MONTH TO DATE   11                        17     -6       11
  SINCE MAR 1     13                        22     -9       14
  SINCE JAN 1     22                        22      0       14
..................................................................


WIND (MPH)
  HIGHEST WIND SPEED    35   HIGHEST WIND DIRECTION    NW (310)
  HIGHEST GUST SPEED    48   HIGHEST GUST DIRECTION    NW (310)
  AVERAGE WIND SPEED     4.1


SKY COVER
  POSSIBLE SUNSHINE  MM
  AVERAGE SKY COVER 0.6


WEATHER CONDITIONS
 THE FOLLOWING WEATHER WAS RECORDED YESTERDAY.
  LIGHT RAIN


RELATIVE HUMIDITY (PERCENT)
 HIGHEST    82          1200 AM
 LOWEST     32           400 PM
 AVERAGE    57

..........................................................


THE CHARLESTON WV CLIMATE NORMALS FOR TODAY
                         NORMAL    RECORD    YEAR
 MAXIMUM TEMPERATURE (F)   69        91      1941
 MINIMUM TEMPERATURE (F)   46        26      1983


SUNRISE AND SUNSET
APRIL 19 2018.........SUNRISE   645 AM EDT   SUNSET   807 PM EDT
APRIL 20 2018.........SUNRISE   644 AM EDT   SUNSET   808 PM EDT


-  INDICATES NEGATIVE NUMBERS.
R  INDICATES RECORD WAS SET OR TIED.
MM INDICATES DATA IS MISSING.
T  INDICATES TRACE AMOUNT.




$$
