000
CDUS41 KRLX 220721
CLICRW


CLIMATE REPORT
NATIONAL WEATHER SERVICE CHARLESTON WV
321 AM EDT FRI MAR 22 2019


...................................

...THE CHARLESTON WV CLIMATE SUMMARY FOR MARCH 21 2019...

CLIMATE NORMAL PERIOD 1981 TO 2010
CLIMATE RECORD PERIOD 1901 TO 2019


WEATHER ITEM   OBSERVED TIME   RECORD YEAR NORMAL DEPARTURE LAST
                VALUE   (LST)  VALUE       VALUE  FROM      YEAR
                                                  NORMAL
..................................................................
TEMPERATURE (F)
 YESTERDAY
  MAXIMUM         51    146 AM  86    2012  58     -7       41
  MINIMUM         44   1121 PM   9    1965  37      7       32
  AVERAGE         48                        48      0       37

PRECIPITATION (IN)
  YESTERDAY        0.02          1.42 1976   0.13  -0.11     0.52
  MONTH TO DATE    1.30                      2.71  -1.41     2.89
  SINCE JAN 1     10.43                      8.90   1.53    14.02

SNOWFALL (IN)
  YESTERDAY       MM             4.1  1996   0.2   MM        0.5
  MONTH TO DATE    4.5                       4.5    0.0      6.7
  SINCE SEP 1     11.7                      33.7  -22.0     17.1
  SNOW DEPTH       0

DEGREE DAYS
 HEATING
  YESTERDAY       17                        18     -1       28
  MONTH TO DATE  498                       441     57      539
  SINCE MAR 1    498                       441     57      539
  SINCE JUL 1   3754                      3895   -141     3810

 COOLING
  YESTERDAY        0                         0      0        0
  MONTH TO DATE    0                         0      0        0
  SINCE MAR 1      0                         0      0        0
  SINCE JAN 1      0                         0      0        9
..................................................................


WIND (MPH)
  HIGHEST WIND SPEED    14   HIGHEST WIND DIRECTION     W (280)
  HIGHEST GUST SPEED    22   HIGHEST GUST DIRECTION     W (280)
  AVERAGE WIND SPEED     4.2


SKY COVER
  POSSIBLE SUNSHINE  MM
  AVERAGE SKY COVER 0.9


WEATHER CONDITIONS
 THE FOLLOWING WEATHER WAS RECORDED YESTERDAY.
  LIGHT RAIN
  FOG


RELATIVE HUMIDITY (PERCENT)
 HIGHEST    86           200 PM
 LOWEST     30           100 AM
 AVERAGE    58

..........................................................


THE CHARLESTON WV CLIMATE NORMALS FOR TODAY
                         NORMAL    RECORD    YEAR
 MAXIMUM TEMPERATURE (F)   59        92      1938
 MINIMUM TEMPERATURE (F)   37        16      1986


SUNRISE AND SUNSET
MARCH 22 2019.........SUNRISE   727 AM EDT   SUNSET   740 PM EDT
MARCH 23 2019.........SUNRISE   726 AM EDT   SUNSET   741 PM EDT


-  INDICATES NEGATIVE NUMBERS.
R  INDICATES RECORD WAS SET OR TIED.
MM INDICATES DATA IS MISSING.
T  INDICATES TRACE AMOUNT.




$$
