000
CDUS42 KFFC 240820
CLICSG


CLIMATE REPORT
NATIONAL WEATHER SERVICE PEACHTREE CITY GA
420 AM EDT SUN MAR 24 2019


...................................

...THE COLUMBUS CLIMATE SUMMARY FOR MARCH 23 2019...

CLIMATE NORMAL PERIOD 1981 TO 2010
CLIMATE RECORD PERIOD 1948 TO 2019


WEATHER ITEM   OBSERVED TIME   RECORD YEAR NORMAL DEPARTURE LAST
                VALUE   (LST)  VALUE       VALUE  FROM      YEAR
                                                  NORMAL
..................................................................
TEMPERATURE (F)
 YESTERDAY
  MAXIMUM         75    437 PM  92    1907  71      4       68
  MINIMUM         38    654 AM  28    1915  47     -9       38
  AVERAGE         57                        59     -2       53

PRECIPITATION (IN)
  YESTERDAY        0.00          4.65 1944   0.17  -0.17      T
  MONTH TO DATE    2.16                      4.09  -1.93     2.29
  SINCE MAR 1      2.16                      4.09  -1.93     2.29
  SINCE JAN 1      9.31                     12.38  -3.07     7.45

SNOWFALL (IN)
  YESTERDAY        0.0           0.0  2002   0.0    0.0     MM
                                      2001
                                      2000
  MONTH TO DATE    0.0                       0.1   -0.1      0.0
  SINCE MAR 1      0.0                       0.1   -0.1      0.0
  SINCE JUL 1      0.0                       0.4   -0.4      2.0
  SNOW DEPTH       0

DEGREE DAYS
 HEATING
  YESTERDAY        8                         7      1       12
  MONTH TO DATE  185                       200    -15      222
  SINCE MAR 1    185                       200    -15      222
  SINCE JUL 1   1615                      1977   -362     1679

 COOLING
  YESTERDAY        0                         1     -1        0
  MONTH TO DATE   10                        16     -6       17
  SINCE MAR 1     10                        16     -6       17
  SINCE JAN 1     31                        20     11       89
..................................................................


WIND (MPH)
  HIGHEST WIND SPEED    10   HIGHEST WIND DIRECTION     N (340)
  HIGHEST GUST SPEED    15   HIGHEST GUST DIRECTION     N (20)
  AVERAGE WIND SPEED     2.3


SKY COVER
  AVERAGE SKY COVER 0.0


WEATHER CONDITIONS
 THE FOLLOWING WEATHER WAS RECORDED YESTERDAY.
  NO SIGNIFICANT WEATHER WAS OBSERVED.


RELATIVE HUMIDITY (PERCENT)
 HIGHEST    85           600 AM
 LOWEST     15           300 PM
 AVERAGE    50

..........................................................


THE COLUMBUS CLIMATE NORMALS FOR TODAY
                         NORMAL    RECORD    YEAR
 MAXIMUM TEMPERATURE (F)   72        90      1907
 MINIMUM TEMPERATURE (F)   48        27      1968


SUNRISE AND SUNSET
MARCH 24 2019.........SUNRISE   739 AM EDT   SUNSET   754 PM EDT
MARCH 25 2019.........SUNRISE   737 AM EDT   SUNSET   755 PM EDT


-  INDICATES NEGATIVE NUMBERS.
R  INDICATES RECORD WAS SET OR TIED.
MM INDICATES DATA IS MISSING.
T  INDICATES TRACE AMOUNT.




$$
