000
CDUS42 KFFC 220816
CLICSG


CLIMATE REPORT
NATIONAL WEATHER SERVICE PEACHTREE CITY GA
416 AM EDT WED MAY 22 2019


...................................

...THE COLUMBUS CLIMATE SUMMARY FOR MAY 21 2019...

CLIMATE NORMAL PERIOD 1981 TO 2010
CLIMATE RECORD PERIOD 1948 TO 2019


WEATHER ITEM   OBSERVED TIME   RECORD YEAR NORMAL DEPARTURE LAST
                VALUE   (LST)  VALUE       VALUE  FROM      YEAR
                                                  NORMAL
..................................................................
TEMPERATURE (F)
 YESTERDAY
  MAXIMUM         92    219 PM  98    1941  85      7       86
  MINIMUM         68    521 AM  48    1954  64      4       67
  AVERAGE         80                        74      6       77

PRECIPITATION (IN)
  YESTERDAY        0.00          2.97 1901   0.10  -0.10     0.34
  MONTH TO DATE    3.59                      2.14   1.45     1.68
  SINCE MAR 1     10.41                     11.15  -0.74     9.85
  SINCE JAN 1     17.56                     19.44  -1.88    15.01

DEGREE DAYS
 HEATING
  YESTERDAY        0                         0      0        0
  MONTH TO DATE    0                         6     -6        0
  SINCE MAR 1    284                       341    -57      336
  SINCE JUL 1   1714                      2118   -404     1793

 COOLING
  YESTERDAY       15                         9      6       12
  MONTH TO DATE  219                       145     74      244
  SINCE MAR 1    342                       245     97      306
  SINCE JAN 1    363                       249    114      378
..................................................................


WIND (MPH)
  HIGHEST WIND SPEED    14   HIGHEST WIND DIRECTION    SW (230)
  HIGHEST GUST SPEED    20   HIGHEST GUST DIRECTION     S (200)
  AVERAGE WIND SPEED     4.2


SKY COVER
  AVERAGE SKY COVER 0.1


WEATHER CONDITIONS
 THE FOLLOWING WEATHER WAS RECORDED YESTERDAY.
  FOG


RELATIVE HUMIDITY (PERCENT)
 HIGHEST    90           400 AM
 LOWEST     38           300 PM
 AVERAGE    64

..........................................................


THE COLUMBUS CLIMATE NORMALS FOR TODAY
                         NORMAL    RECORD    YEAR
 MAXIMUM TEMPERATURE (F)   86        99      1933
 MINIMUM TEMPERATURE (F)   64        45      1954


SUNRISE AND SUNSET
MAY 22 2019...........SUNRISE   637 AM EDT   SUNSET   836 PM EDT
MAY 23 2019...........SUNRISE   637 AM EDT   SUNSET   837 PM EDT


-  INDICATES NEGATIVE NUMBERS.
R  INDICATES RECORD WAS SET OR TIED.
MM INDICATES DATA IS MISSING.
T  INDICATES TRACE AMOUNT.




$$
