000
CDUS42 KFFC 240830
CLICSG


CLIMATE REPORT
NATIONAL WEATHER SERVICE PEACHTREE CITY GA
430 AM EDT THU MAY 24 2018


...................................

...THE COLUMBUS CLIMATE SUMMARY FOR MAY 23 2018...

CLIMATE NORMAL PERIOD 1981 TO 2010
CLIMATE RECORD PERIOD 1948 TO 2018


WEATHER ITEM   OBSERVED TIME   RECORD YEAR NORMAL DEPARTURE LAST
                VALUE   (LST)  VALUE       VALUE  FROM      YEAR
                                                  NORMAL
..................................................................
TEMPERATURE (F)
 YESTERDAY
  MAXIMUM         84    325 PM  99    1933  86     -2       72
  MINIMUM         71   1030 AM  49    1954  64      7       67
  AVERAGE         78                        75      3       70

PRECIPITATION (IN)
  YESTERDAY        3.70R         3.09 1974   0.10   3.60     1.78
  MONTH TO DATE    6.61                      2.34   4.27     5.33
  SINCE MAR 1     14.78                     11.35   3.43    11.27
  SINCE JAN 1     19.94                     19.64   0.30    25.53

DEGREE DAYS
 HEATING
  YESTERDAY        0                         0      0        0
  MONTH TO DATE    0                         6     -6       13
  SINCE MAR 1    336                       341     -5      239
  SINCE JUL 1   1793                      2118   -325     1369

 COOLING
  YESTERDAY       13                        10      3        5
  MONTH TO DATE  271                       165    106      194
  SINCE MAR 1    333                       265     68      449
  SINCE JAN 1    405                       269    136      466
..................................................................


WIND (MPH)
  HIGHEST WIND SPEED    15   HIGHEST WIND DIRECTION     W (280)
  HIGHEST GUST SPEED    19   HIGHEST GUST DIRECTION     W (270)
  AVERAGE WIND SPEED     4.1


SKY COVER
  AVERAGE SKY COVER 0.7


WEATHER CONDITIONS
 THE FOLLOWING WEATHER WAS RECORDED YESTERDAY.
  THUNDERSTORM
  HEAVY RAIN
  RAIN
  LIGHT RAIN
  FOG


RELATIVE HUMIDITY (PERCENT)
 HIGHEST    93           400 AM
 LOWEST     65           400 PM
 AVERAGE    79

..........................................................


THE COLUMBUS CLIMATE NORMALS FOR TODAY
                         NORMAL    RECORD    YEAR
 MAXIMUM TEMPERATURE (F)   86        99      1933
 MINIMUM TEMPERATURE (F)   65        47      1892


SUNRISE AND SUNSET
MAY 24 2018...........SUNRISE   636 AM EDT   SUNSET   837 PM EDT
MAY 25 2018...........SUNRISE   636 AM EDT   SUNSET   838 PM EDT


-  INDICATES NEGATIVE NUMBERS.
R  INDICATES RECORD WAS SET OR TIED.
MM INDICATES DATA IS MISSING.
T  INDICATES TRACE AMOUNT.




$$
