000
CDUS45 KTFX 200729
CLICTB


CLIMATE REPORT
NATIONAL WEATHER SERVICE GREAT FALLS MT
127 AM MDT WED MAR 20 2019


...................................

...THE CUT BANK MT CLIMATE SUMMARY FOR MARCH 19 2019...

CLIMATE NORMAL PERIOD 1981 TO 2010
CLIMATE RECORD PERIOD 1903 TO 2019


WEATHER ITEM   OBSERVED TIME   RECORD YEAR NORMAL DEPARTURE LAST
                VALUE   (LST)  VALUE       VALUE  FROM      YEAR
                                                  NORMAL
..................................................................
TEMPERATURE (F)
 YESTERDAY
  MAXIMUM         54    337 PM  71    1928  44     10       39
  MINIMUM         22    504 AM -14    1913  21      1       23
  AVERAGE         38                        32      6       31

PRECIPITATION (IN)
  YESTERDAY        0.00          0.59 1987   0.01  -0.01     0.01
  MONTH TO DATE    0.06                      0.27  -0.21     1.04
  SINCE OCT 1      2.57                      1.70   0.87     4.38
  SINCE JAN 1      1.00                      0.68   0.32     2.27

SNOWFALL (IN)
  YESTERDAY       MM
  SNOW DEPTH       2

DEGREE DAYS
 HEATING
  YESTERDAY       27                        33     -6       34
  MONTH TO DATE  947                       676    271      863
  SINCE MAR 1    947                       676    271      863
  SINCE JUL 1   7631                      6736    895     7381

 COOLING
  YESTERDAY        0                         0      0        0
  MONTH TO DATE    0                         0      0        0
  SINCE MAR 1      0                         0      0        0
  SINCE JAN 1      0                         0      0        0
..................................................................


WIND (MPH)
  HIGHEST WIND SPEED    10   HIGHEST WIND DIRECTION     W (270)
  HIGHEST GUST SPEED    11   HIGHEST GUST DIRECTION     W (280)
  AVERAGE WIND SPEED     4.7


SKY COVER
  AVERAGE SKY COVER 0.0


WEATHER CONDITIONS
 THE FOLLOWING WEATHER WAS RECORDED YESTERDAY.
  NO SIGNIFICANT WEATHER WAS OBSERVED.


RELATIVE HUMIDITY (PERCENT)
 HIGHEST    92           500 AM
 LOWEST     42           600 PM
 AVERAGE    67

..........................................................


THE CUT BANK MT CLIMATE NORMALS FOR TODAY
                         NORMAL    RECORD    YEAR
 MAXIMUM TEMPERATURE (F)   44        72      1960
 MINIMUM TEMPERATURE (F)   22       -24      1913


SUNRISE AND SUNSET
MARCH 20 2019.........SUNRISE   733 AM MDT   SUNSET   742 PM MDT
MARCH 21 2019.........SUNRISE   731 AM MDT   SUNSET   744 PM MDT


-  INDICATES NEGATIVE NUMBERS.
R  INDICATES RECORD WAS SET OR TIED.
MM INDICATES DATA IS MISSING.
T  INDICATES TRACE AMOUNT.




$$
