000
CDUS45 KTFX 230733
CLICTB


CLIMATE REPORT
NATIONAL WEATHER SERVICE GREAT FALLS MT
130 AM MDT THU MAY 23 2019


...................................

...THE CUT BANK MT CLIMATE SUMMARY FOR MAY 22 2019...

CLIMATE NORMAL PERIOD 1981 TO 2010
CLIMATE RECORD PERIOD 1903 TO 2019


WEATHER ITEM   OBSERVED TIME   RECORD YEAR NORMAL DEPARTURE LAST
                VALUE   (LST)  VALUE       VALUE  FROM      YEAR
                                                  NORMAL
..................................................................
TEMPERATURE (F)
 YESTERDAY
  MAXIMUM         62    607 PM  83    2006  64     -2       75
                                      1988
  MINIMUM         37    506 AM  25    1995  39     -2       43
  AVERAGE         50                        52     -2       59

PRECIPITATION (IN)
  YESTERDAY        T             0.95 1968   0.07  -0.07     0.00
  MONTH TO DATE    1.51                      1.18   0.33     1.38
  SINCE OCT 1      6.54                      3.89   2.65     7.27
  SINCE JAN 1      4.97                      2.87   2.10     5.16

SNOWFALL (IN)
  YESTERDAY       MM
  SNOW DEPTH       0

DEGREE DAYS
 HEATING
  YESTERDAY       15                        13      2        6
  MONTH TO DATE  426                       361     65      253
  SINCE MAR 1   2410                      2121    289     2399
  SINCE JUL 1   9094                      8181    913     8917

 COOLING
  YESTERDAY        0                         0      0        0
  MONTH TO DATE    0                         0      0        0
  SINCE MAR 1      0                         0      0        0
  SINCE JAN 1      0                         0      0        0
..................................................................


WIND (MPH)
  HIGHEST WIND SPEED    28   HIGHEST WIND DIRECTION     N (10)
  HIGHEST GUST SPEED    32   HIGHEST GUST DIRECTION     N (350)
  AVERAGE WIND SPEED    14.6


SKY COVER
  AVERAGE SKY COVER 0.6


WEATHER CONDITIONS
 THE FOLLOWING WEATHER WAS RECORDED YESTERDAY.
  LIGHT RAIN
  FOG


RELATIVE HUMIDITY (PERCENT)
 HIGHEST    92           200 AM
 LOWEST     30           600 PM
 AVERAGE    61

..........................................................


THE CUT BANK MT CLIMATE NORMALS FOR TODAY
                         NORMAL    RECORD    YEAR
 MAXIMUM TEMPERATURE (F)   65        86      2001
                                             1941
 MINIMUM TEMPERATURE (F)   40        25      1960


SUNRISE AND SUNSET
MAY 23 2019...........SUNRISE   539 AM MDT   SUNSET   914 PM MDT
MAY 24 2019...........SUNRISE   538 AM MDT   SUNSET   915 PM MDT


-  INDICATES NEGATIVE NUMBERS.
R  INDICATES RECORD WAS SET OR TIED.
MM INDICATES DATA IS MISSING.
T  INDICATES TRACE AMOUNT.




$$
