000
CDUS42 KTAE 200634
CLICTY


CLIMATE REPORT
NATIONAL WEATHER SERVICE TALLAHASSEE FL
231 AM EDT WED MAR 20 2019

...................................

...THE CROSS CITY  CLIMATE SUMMARY FOR MARCH 19 2019...

CLIMATE NORMAL PERIOD 1981 TO 2010
CLIMATE RECORD PERIOD 1948 TO 2019


WEATHER ITEM   OBSERVED TIME   NORMAL DEPARTURE LAST
                VALUE   (LST)  VALUE  FROM      YEAR
                                      NORMAL
......................................................
TEMPERATURE (F)
 YESTERDAY
  MAXIMUM         72    156 PM  77     -5       68
  MINIMUM         51   1255 AM  49      2       60
  AVERAGE         62            63     -1

PRECIPITATION (IN)
  YESTERDAY        0.00          0.14  -0.14     3.62
  MONTH TO DATE    2.04          2.55  -0.51     3.76
  SINCE MAR 1      2.04          2.55  -0.51     3.76
  SINCE JAN 1      8.83          9.86  -1.03    11.44

DEGREE DAYS
 HEATING
  YESTERDAY        3             4     -1
  MONTH TO DATE   86            99    -13
  SINCE MAR 1     86            99    -13
  SINCE JUL 1    920          1219   -299

 COOLING
  YESTERDAY        0             2     -2
  MONTH TO DATE   50            20     30
  SINCE MAR 1     50            20     30
  SINCE JAN 1    128            47     81
......................................................


WIND (MPH)
  RESULTANT WIND SPEED   9   RESULTANT WIND DIRECTION  NE (40)
  HIGHEST WIND SPEED    16   HIGHEST WIND DIRECTION    NE (40)
  HIGHEST GUST SPEED    22   HIGHEST GUST DIRECTION    NE (50)
  AVERAGE WIND SPEED     9.8



WEATHER CONDITIONS
 THE FOLLOWING WEATHER WAS RECORDED YESTERDAY.
  NO SIGNIFICANT WEATHER WAS OBSERVED.


RELATIVE HUMIDITY (PERCENT)
 HIGHEST    83
 LOWEST     44

..........................................................



SUNRISE AND SUNSET
MARCH 20 2019.........SUNRISE   737 AM EDT   SUNSET   744 PM EDT
MARCH 21 2019.........SUNRISE   735 AM EDT   SUNSET   744 PM EDT


-  INDICATES NEGATIVE NUMBERS.
R  INDICATES RECORD WAS SET OR TIED.
MM INDICATES DATA IS MISSING.
T  INDICATES TRACE AMOUNT.

$$
