755
CDUS42 KTAE 230633
CLICTY


CLIMATE REPORT
NATIONAL WEATHER SERVICE TALLAHASSEE FL
233 AM EDT THU MAY 23 2019


...................................

...THE CROSS CITY  CLIMATE SUMMARY FOR MAY 22 2019...

CLIMATE NORMAL PERIOD 1981 TO 2010
CLIMATE RECORD PERIOD 1948 TO 2019


WEATHER ITEM   OBSERVED TIME   NORMAL DEPARTURE LAST
                VALUE   (LST)  VALUE  FROM      YEAR
                                      NORMAL
......................................................
TEMPERATURE (F)
 YESTERDAY
  MAXIMUM         97        MM  89      8       87
  MINIMUM         70        MM  64      6       68
  AVERAGE         84            76      8

PRECIPITATION (IN)
  YESTERDAY        0.00          0.08  -0.08     0.04
  MONTH TO DATE    0.80          1.57  -0.77     6.08
  SINCE MAR 1      6.25          8.74  -2.49    16.99
  SINCE JAN 1     13.04         16.05  -3.01    24.67

DEGREE DAYS
 HEATING
  YESTERDAY        0             0      0
  MONTH TO DATE    0             0      0
  SINCE MAR 1    169           183    -14
  SINCE JUL 1   1003          1303   -300

 COOLING
  YESTERDAY       19            11      8
  MONTH TO DATE  270           186     84
  SINCE MAR 1    462           341    121
  SINCE JAN 1    540           368    172
......................................................


WIND (MPH)
  RESULTANT WIND SPEED   1   RESULTANT WIND DIRECTION   S (160)
  HIGHEST WIND SPEED    10   HIGHEST WIND DIRECTION     W (260)
  HIGHEST GUST SPEED    MM   HIGHEST GUST DIRECTION    MM
  AVERAGE WIND SPEED     4.0



WEATHER CONDITIONS
 THE FOLLOWING WEATHER WAS RECORDED YESTERDAY.
  NO SIGNIFICANT WEATHER WAS OBSERVED.


RELATIVE HUMIDITY (PERCENT)
 HIGHEST    97
 LOWEST     40

..........................................................




SUNRISE AND SUNSET
MAY 23 2019...........SUNRISE   636 AM EDT   SUNSET   823 PM EDT
MAY 24 2019...........SUNRISE   635 AM EDT   SUNSET   823 PM EDT


-  INDICATES NEGATIVE NUMBERS.
R  INDICATES RECORD WAS SET OR TIED.
MM INDICATES DATA IS MISSING.
T  INDICATES TRACE AMOUNT.




$$
