000
CDUS42 KCAE 240611
CLICUB


CLIMATE REPORT
NATIONAL WEATHER SERVICE COLUMBIA SC
210 AM EDT SUN MAR 24 2019


...................................

...THE HAMILTON - OWENS AIRPORT SC CLIMATE SUMMARY FOR MARCH 23 2019...

CLIMATE NORMAL PERIOD 1981 TO 2010
CLIMATE RECORD PERIOD 9999 TO 9999


WEATHER ITEM   OBSERVED TIME   NORMAL DEPARTURE LAST
                VALUE   (LST)  VALUE  FROM      YEAR
                                      NORMAL
......................................................
TEMPERATURE (F)
 YESTERDAY
  MAXIMUM         70    405 PM  71     -1       64
  MINIMUM         38    658 AM  47     -9       34
  AVERAGE         54            59     -5       49

PRECIPITATION (IN)
  YESTERDAY        0.00          0.11  -0.11     0.00
  MONTH TO DATE    1.72          2.90  -1.18     2.24
  SINCE MAR 1      1.72          2.90  -1.18     2.24
  SINCE JAN 1      5.62         10.18  -4.56     6.08

DEGREE DAYS
 HEATING
  YESTERDAY       11             7      4       16
  MONTH TO DATE  221           226     -5      286
  SINCE MAR 1    221           226     -5      286
  SINCE JUL 1   1919          2155   -236     1966

 COOLING
  YESTERDAY        0             1     -1        0
  MONTH TO DATE    8             3      5        6
  SINCE MAR 1      8             3      5        6
  SINCE JAN 1     20             6     14       55
......................................................


WIND (MPH)
  HIGHEST WIND SPEED    13   HIGHEST WIND DIRECTION     W (270)
  HIGHEST GUST SPEED    15   HIGHEST GUST DIRECTION     W (270)
  AVERAGE WIND SPEED     2.2


SKY COVER
  AVERAGE SKY COVER 0.0


WEATHER CONDITIONS
 THE FOLLOWING WEATHER WAS RECORDED YESTERDAY.
  HAZE


RELATIVE HUMIDITY (PERCENT)
 HIGHEST    85           600 AM
 LOWEST     15           500 PM

..........................................................


THE HAMILTON - OWENS AIRPORT SC CLIMATE NORMALS FOR TODAY
                         NORMAL    RECORD    YEAR
 MAXIMUM TEMPERATURE (F)   71        MM        MM
 MINIMUM TEMPERATURE (F)   47        MM        MM


SUNRISE AND SUNSET
MARCH 24 2019.........SUNRISE   723 AM EDT   SUNSET   739 PM EDT
MARCH 25 2019.........SUNRISE   721 AM EDT   SUNSET   739 PM EDT


-  INDICATES NEGATIVE NUMBERS.
R  INDICATES RECORD WAS SET OR TIED.
MM INDICATES DATA IS MISSING.
T  INDICATES TRACE AMOUNT.




$$
