000
CDUS42 KCAE 210604
CLICUB


CLIMATE REPORT
NATIONAL WEATHER SERVICE COLUMBIA SC
204 AM EDT TUE MAY 21 2019


...................................

...THE HAMILTON - OWENS AIRPORT SC CLIMATE SUMMARY FOR MAY 20 2019...

CLIMATE NORMAL PERIOD 1981 TO 2010
CLIMATE RECORD PERIOD 9999 TO 9999


WEATHER ITEM   OBSERVED TIME   NORMAL DEPARTURE LAST
                VALUE   (LST)  VALUE  FROM      YEAR
                                      NORMAL
......................................................
TEMPERATURE (F)
 YESTERDAY
  MAXIMUM         93    228 PM  85      8       82
  MINIMUM         72    432 AM  62     10       71
  AVERAGE         83            73     10       77

PRECIPITATION (IN)
  YESTERDAY        0.00          0.10  -0.10     0.05
  MONTH TO DATE    1.80          1.74   0.06     2.89
  SINCE MAR 1      6.80          8.31  -1.51     8.79
  SINCE JAN 1     10.70         15.59  -4.89    12.63

DEGREE DAYS
 HEATING
  YESTERDAY        0             0      0        0
  MONTH TO DATE    2            11     -9        0
  SINCE MAR 1    353           383    -30      478
  SINCE JUL 1   2051          2312   -261     2158

 COOLING
  YESTERDAY       18             9      9       12
  MONTH TO DATE  195           128     67      197
  SINCE MAR 1    325           224    101      248
  SINCE JAN 1    337           227    110      297
......................................................


WIND (MPH)
  HIGHEST WIND SPEED    14   HIGHEST WIND DIRECTION    SW (210)
  HIGHEST GUST SPEED    18   HIGHEST GUST DIRECTION    SW (220)
  AVERAGE WIND SPEED     5.0


SKY COVER
  AVERAGE SKY COVER 0.6


WEATHER CONDITIONS
 THE FOLLOWING WEATHER WAS RECORDED YESTERDAY.
  NO SIGNIFICANT WEATHER WAS OBSERVED.


RELATIVE HUMIDITY (PERCENT)
 HIGHEST    90           300 AM
 LOWEST     32           300 PM

..........................................................


THE HAMILTON - OWENS AIRPORT SC CLIMATE NORMALS FOR TODAY
                         NORMAL    RECORD    YEAR
 MAXIMUM TEMPERATURE (F)   85        MM        MM
 MINIMUM TEMPERATURE (F)   62        MM        MM


SUNRISE AND SUNSET
MAY 21 2019...........SUNRISE   619 AM EDT   SUNSET   823 PM EDT
MAY 22 2019...........SUNRISE   618 AM EDT   SUNSET   823 PM EDT


-  INDICATES NEGATIVE NUMBERS.
R  INDICATES RECORD WAS SET OR TIED.
MM INDICATES DATA IS MISSING.
T  INDICATES TRACE AMOUNT.




$$
