000
CDUS46 KSGX 270021
CLICZZ


CLIMATE REPORT
NATIONAL WEATHER SERVICE SAN DIEGO, CA
521 PM PDT SUN MAY 26 2019


...................................

...THE CAMPO ASOS CA CLIMATE SUMMARY FOR MAY 26 2019...
VALID TODAY AS OF 0500 PM LOCAL TIME.

CLIMATE NORMAL PERIOD 1981 TO 2010
CLIMATE RECORD PERIOD 1948 TO 2019


WEATHER ITEM   OBSERVED TIME   RECORD YEAR NORMAL DEPARTURE LAST
                VALUE   (LST)  VALUE       VALUE  FROM      YEAR
                                                  NORMAL
..................................................................
TEMPERATURE (F)
 TODAY
  MAXIMUM         53   1124 AM  99    1974  82    -29       65
  MINIMUM         49    338 PM  29    1972  43      6       49
  AVERAGE         51                        62    -11       57

PRECIPITATION (IN)
  TODAY            0.01          0.08 1962   0.00   0.01     0.00
  MONTH TO DATE    1.42                      0.17   1.25     0.05
  SINCE OCT 1     16.31                     14.25   2.06     4.31
  SINCE JAN 1     12.61                     10.03   2.58     3.96

DEGREE DAYS
 HEATING
  TODAY           14                         4     10        8
  MONTH TO DATE  258                       139    119      163
  SINCE MAR 1    985                       856    129      833
  SINCE JUL 1   2976                      2907     69     2455

 COOLING
  TODAY            0                         1     -1        0
  MONTH TO DATE    0                        21    -21       11
  SINCE MAR 1      2                        24    -22       11
  SINCE JAN 1      2                        24    -22       11
..................................................................


WIND (MPH)
  RESULTANT WIND SPEED  10   RESULTANT WIND DIRECTION  SW (240)
  HIGHEST WIND SPEED    21   HIGHEST WIND DIRECTION    SW (240)
  HIGHEST GUST SPEED    25   HIGHEST GUST DIRECTION    SW (240)
  AVERAGE WIND SPEED    10.5


SKY COVER
  POSSIBLE SUNSHINE  MM
  AVERAGE SKY COVER 0.0



RELATIVE HUMIDITY (PERCENT)
 HIGHEST    93          1200 AM
 LOWEST     74           600 AM
 AVERAGE    84

..........................................................


THE CAMPO ASOS CA CLIMATE NORMALS FOR TOMORROW
                         NORMAL    RECORD    YEAR
 MAXIMUM TEMPERATURE (F)   82        97      2003
                                             1984
 MINIMUM TEMPERATURE (F)   43        31      1998


SUNRISE AND SUNSET
MAY 26 2019...........SUNRISE   541 AM PDT   SUNSET   745 PM PDT
MAY 27 2019...........SUNRISE   541 AM PDT   SUNSET   746 PM PDT


-  INDICATES NEGATIVE NUMBERS.
R  INDICATES RECORD WAS SET OR TIED.
MM INDICATES DATA IS MISSING.
T  INDICATES TRACE AMOUNT.




$$
