510
CDUS46 KSGX 181221
CLICZZ


CLIMATE REPORT
NATIONAL WEATHER SERVICE SAN DIEGO, CA
521 AM PDT MON MAR 18 2019


...................................

...THE CAMPO ASOS CA CLIMATE SUMMARY FOR MARCH 17 2019...

CLIMATE NORMAL PERIOD 1981 TO 2010
CLIMATE RECORD PERIOD 1948 TO 2019


WEATHER ITEM   OBSERVED TIME   RECORD YEAR NORMAL DEPARTURE LAST
                VALUE   (LST)  VALUE       VALUE  FROM      YEAR
                                                  NORMAL
..................................................................
TEMPERATURE (F)
 YESTERDAY
  MAXIMUM         71    347 PM  86    2017  67      4       52
  MINIMUM         35    429 AM  25    1955  36     -1       41
  AVERAGE         53                        52      1       47

PRECIPITATION (IN)
  YESTERDAY        0.00          1.19 1963   0.08  -0.08     0.15
  MONTH TO DATE    0.83                      1.74  -0.91     0.98
  SINCE OCT 1     14.44                     12.17   2.27     4.01
  SINCE JAN 1     10.74                      7.95   2.79     3.66

DEGREE DAYS
 HEATING
  YESTERDAY       12                        13     -1       18
  MONTH TO DATE  286                       237     49      246
  SINCE MAR 1    286                       237     49      246
  SINCE JUL 1   2277                      2288    -11     1868

 COOLING
  YESTERDAY        0                         0      0        0
  MONTH TO DATE    0                         0      0        0
  SINCE MAR 1      0                         0      0        0
  SINCE JAN 1      0                         0      0        0
..................................................................


WIND (MPH)
  RESULTANT WIND SPEED  11   RESULTANT WIND DIRECTION  NE (50)
  HIGHEST WIND SPEED    26   HIGHEST WIND DIRECTION     E (70)
  HIGHEST GUST SPEED    33   HIGHEST GUST DIRECTION    NE (40)
  AVERAGE WIND SPEED    11.1


SKY COVER
  POSSIBLE SUNSHINE  MM
  AVERAGE SKY COVER 0.0



RELATIVE HUMIDITY (PERCENT)
 HIGHEST    70          1200 AM
 LOWEST     26           900 AM
 AVERAGE    48

..........................................................


THE CAMPO ASOS CA CLIMATE NORMALS FOR TODAY
                         NORMAL    RECORD    YEAR
 MAXIMUM TEMPERATURE (F)   67        84      2004
 MINIMUM TEMPERATURE (F)   36        22      1977


SUNRISE AND SUNSET
MARCH 18 2019.........SUNRISE   652 AM PDT   SUNSET   656 PM PDT
MARCH 19 2019.........SUNRISE   651 AM PDT   SUNSET   657 PM PDT


-  INDICATES NEGATIVE NUMBERS.
R  INDICATES RECORD WAS SET OR TIED.
MM INDICATES DATA IS MISSING.
T  INDICATES TRACE AMOUNT.




$$
