901
CDUS43 KUNR 230844
CLID07


CLIMATE REPORT
NATIONAL WEATHER SERVICE RAPID CITY SD
241 AM MDT SAT MAR 23 2019


...................................

...THE FAITH SD CLIMATE SUMMARY FOR MARCH 22 2019...

CLIMATE NORMAL PERIOD 1981 TO 2010
CLIMATE RECORD PERIOD 9999 TO 9999


WEATHER ITEM   OBSERVED TIME   NORMAL DEPARTURE LAST
                VALUE   (LST)  VALUE  FROM      YEAR
                                      NORMAL
......................................................
TEMPERATURE (F)
 YESTERDAY
  MAXIMUM         41    255 PM  45     -4       44
  MINIMUM         26    528 AM  24      2       25
  AVERAGE         34            35     -1       35

PRECIPITATION (IN)
  YESTERDAY        0.00          0.04  -0.04     0.00
  MONTH TO DATE    0.74          0.60   0.14     0.76
  SINCE MAR 1      0.74          0.60   0.14     0.76
  SINCE JAN 1      2.67          1.22   1.45     1.86

DEGREE DAYS
 HEATING
  YESTERDAY       31            30      1       30
  MONTH TO DATE 1022           749    273      884
  SINCE MAR 1   1022           749    273      884
  SINCE JUL 1   7222          6437    785     6836

 COOLING
  YESTERDAY        0             0      0        0
  MONTH TO DATE    0             0      0        0
  SINCE MAR 1      0             0      0        0
  SINCE JAN 1      0             0      0        0
......................................................


WIND (MPH)
  HIGHEST WIND SPEED    20   HIGHEST WIND DIRECTION    SE (120)
  HIGHEST GUST SPEED    27   HIGHEST GUST DIRECTION    SE (130)
  AVERAGE WIND SPEED    13.1




RELATIVE HUMIDITY (PERCENT)
 HIGHEST   100           100 AM
 LOWEST     79           100 PM
 AVERAGE    90

..........................................................




SUNRISE AND SUNSET
MARCH 23 2019.........SUNRISE   646 AM MDT   SUNSET   704 PM MDT
MARCH 24 2019.........SUNRISE   644 AM MDT   SUNSET   705 PM MDT


-  INDICATES NEGATIVE NUMBERS.
R  INDICATES RECORD WAS SET OR TIED.
MM INDICATES DATA IS MISSING.
T  INDICATES TRACE AMOUNT.




$$
