000
CDUS43 KUNR 260832
CLID07


CLIMATE REPORT
NATIONAL WEATHER SERVICE RAPID CITY SD
232 AM MDT SUN MAY 26 2019


...................................

...THE FAITH SD CLIMATE SUMMARY FOR MAY 25 2019...

CLIMATE NORMAL PERIOD 1981 TO 2010
CLIMATE RECORD PERIOD 9999 TO 9999


WEATHER ITEM   OBSERVED TIME   NORMAL DEPARTURE LAST
                VALUE   (LST)  VALUE  FROM      YEAR
                                      NORMAL
......................................................
TEMPERATURE (F)
 YESTERDAY
  MAXIMUM         67    233 PM  69     -2       84
  MINIMUM         41    509 AM  46     -5       61
  AVERAGE         54            58     -4       73

PRECIPITATION (IN)
  YESTERDAY        0.00          0.11  -0.11     0.00
  MONTH TO DATE    4.67          2.45   2.22     1.91
  SINCE MAR 1      8.18          5.06   3.12     4.83
  SINCE JAN 1     10.11          5.68   4.43     5.93

DEGREE DAYS
 HEATING
  YESTERDAY       11             8      3        0
  MONTH TO DATE  462           277    185      155
  SINCE MAR 1   2322          1888    434     2163
  SINCE JUL 1   8522          7576    946     8115

 COOLING
  YESTERDAY        0             0      0        8
  MONTH TO DATE    1             0      1       25
  SINCE MAR 1      1             1      0       25
  SINCE JAN 1      1             1      0       25
......................................................


WIND (MPH)
  HIGHEST WIND SPEED    15   HIGHEST WIND DIRECTION    SE (120)
  HIGHEST GUST SPEED    19   HIGHEST GUST DIRECTION    SE (120)
  AVERAGE WIND SPEED     7.3




RELATIVE HUMIDITY (PERCENT)
 HIGHEST   100           100 AM
 LOWEST     32           200 PM
 AVERAGE    66

..........................................................




SUNRISE AND SUNSET
MAY 26 2019...........SUNRISE   509 AM MDT   SUNSET   822 PM MDT
MAY 27 2019...........SUNRISE   508 AM MDT   SUNSET   823 PM MDT


-  INDICATES NEGATIVE NUMBERS.
R  INDICATES RECORD WAS SET OR TIED.
MM INDICATES DATA IS MISSING.
T  INDICATES TRACE AMOUNT.




$$
