915
CDUS45 KVEF 220829
CLIDAG


CLIMATE REPORT
NATIONAL WEATHER SERVICE LAS VEGAS, NV
128 AM PDT FRI MAR 22 2019


...................................

...THE BARSTOW-DAGGETT CA CLIMATE SUMMARY FOR MARCH 21 2019...

CLIMATE NORMAL PERIOD 1981 TO 2010
CLIMATE RECORD PERIOD 1943 TO 2019


WEATHER ITEM   OBSERVED TIME   RECORD YEAR NORMAL DEPARTURE LAST
                VALUE   (LST)  VALUE       VALUE  FROM      YEAR
                                                  NORMAL
..................................................................
TEMPERATURE (F)
 YESTERDAY
  MAXIMUM         64   1255 PM  92    2004  73     -9       64
  MINIMUM         46    241 AM  26    1955  46      0       49
  AVERAGE         55                        59     -4       57

PRECIPITATION (IN)
  YESTERDAY        0.00          0.22 1992   0.01  -0.01     0.08
  MONTH TO DATE    0.75                      0.40   0.35     0.59
  SINCE OCT 1      3.50                      2.75   0.75     1.00
  SINCE JAN 1      3.18                      1.66   1.52     1.00

SNOWFALL (IN)
  YESTERDAY       MM            MM      MM   0.0            MM
  MONTH TO DATE    0.0                       0.0             0.0
  SINCE MAR 1      0.0                       0.0             0.0
  SINCE JUL 1      T                         0.3             0.0

DEGREE DAYS
 HEATING
  YESTERDAY       10

 COOLING
  YESTERDAY        0
..................................................................


WIND (MPH)
  HIGHEST WIND SPEED    30   HIGHEST WIND DIRECTION     W (250)
  HIGHEST GUST SPEED    38   HIGHEST GUST DIRECTION    SW (240)
  AVERAGE WIND SPEED    18.7


SKY COVER
  POSSIBLE SUNSHINE  MM
  AVERAGE SKY COVER 0.2


WEATHER CONDITIONS
 THE FOLLOWING WEATHER WAS RECORDED YESTERDAY.
  NO SIGNIFICANT WEATHER WAS OBSERVED.


RELATIVE HUMIDITY (PERCENT)
 HIGHEST    76
 LOWEST     34
 AVERAGE    55

..........................................................


THE BARSTOW-DAGGETT CA CLIMATE NORMALS FOR TODAY
                         NORMAL    RECORD    YEAR
 MAXIMUM TEMPERATURE (F)   73        92      2004
 MINIMUM TEMPERATURE (F)   46        32      1948


SUNRISE AND SUNSET
MARCH 22 2019.........SUNRISE   648 AM PDT   SUNSET   700 PM PDT
MARCH 23 2019.........SUNRISE   647 AM PDT   SUNSET   701 PM PDT


-  INDICATES NEGATIVE NUMBERS.
R  INDICATES RECORD WAS SET OR TIED.
MM INDICATES DATA IS MISSING.
T  INDICATES TRACE AMOUNT.




$$
