000
CDUS45 KVEF 220029
CLIDAG


CLIMATE REPORT
NATIONAL WEATHER SERVICE LAS VEGAS, NV
529 PM PDT TUE MAY 21 2019


...................................

...THE BARSTOW-DAGGETT CA CLIMATE SUMMARY FOR MAY 21 2019...
VALID TODAY AS OF 0500 PM LOCAL TIME.

CLIMATE NORMAL PERIOD 1981 TO 2010
CLIMATE RECORD PERIOD 1943 TO 2019


WEATHER ITEM   OBSERVED TIME   RECORD YEAR NORMAL DEPARTURE LAST
                VALUE   (LST)  VALUE       VALUE  FROM      YEAR
                                                  NORMAL
..................................................................
TEMPERATURE (F)
 TODAY
  MAXIMUM         71    100 PM 106    2012  91    -20       83
  MINIMUM         54    529 AM  47    1972  61     -7       63
  AVERAGE         63                        76    -13       73

PRECIPITATION (IN)
  TODAY            0.00          0.05 1957   0.00   0.00     0.00
  MONTH TO DATE    0.12                      0.03   0.09     0.28
  SINCE OCT 1      3.65                      3.05   0.60     1.31
  SINCE JAN 1      3.33                      1.96   1.37     1.31

DEGREE DAYS
 HEATING
  TODAY            2                         0      2        0
  MONTH TO DATE   17                        14      3        8
  SINCE MAR 1    280                       334    -54      288
  SINCE JUL 1   2055                      2098    -43     1643

 COOLING
  TODAY            0                        11    -11        8
  MONTH TO DATE  106                       175    -69      202
  SINCE MAR 1    250                       281    -31      407
  SINCE JAN 1    250                       282    -32      407
..................................................................


WIND (MPH)
  RESULTANT WIND SPEED  35   RESULTANT WIND DIRECTION   W (260)
  HIGHEST WIND SPEED    52   HIGHEST WIND DIRECTION     W (270)
  HIGHEST GUST SPEED    64   HIGHEST GUST DIRECTION     W (270)
  AVERAGE WIND SPEED    35.3


SKY COVER
  POSSIBLE SUNSHINE  MM
  AVERAGE SKY COVER 0.0


WEATHER CONDITIONS
 THE FOLLOWING WEATHER WAS RECORDED TODAY.
  NO SIGNIFICANT WEATHER WAS OBSERVED.


RELATIVE HUMIDITY (PERCENT)
 HIGHEST    59           500 AM
 LOWEST     26          1200 PM
 AVERAGE    43

..........................................................


THE BARSTOW-DAGGETT CA CLIMATE NORMALS FOR TOMORROW
                         NORMAL    RECORD    YEAR
 MAXIMUM TEMPERATURE (F)   91       108      2000
 MINIMUM TEMPERATURE (F)   61        48      1948


SUNRISE AND SUNSET
MAY 21 2019...........SUNRISE   540 AM PDT   SUNSET   748 PM PDT
MAY 22 2019...........SUNRISE   539 AM PDT   SUNSET   749 PM PDT


-  INDICATES NEGATIVE NUMBERS.
R  INDICATES RECORD WAS SET OR TIED.
MM INDICATES DATA IS MISSING.
T  INDICATES TRACE AMOUNT.




$$
