481
CDUS41 KRNK 252113
CLIDAN


CLIMATE REPORT
NATIONAL WEATHER SERVICE BLACKSBURG VA
513 PM EDT SAT MAY 25 2019


...................................

...THE DANVILLE VA CLIMATE SUMMARY FOR MAY 25 2019...
VALID TODAY AS OF 0500 PM LOCAL TIME.

CLIMATE NORMAL PERIOD 1981 TO 2010
CLIMATE RECORD PERIOD 1916 TO 2019


WEATHER ITEM   OBSERVED TIME   RECORD YEAR NORMAL DEPARTURE LAST
                VALUE   (LST)  VALUE       VALUE  FROM      YEAR
                                                  NORMAL
..................................................................
TEMPERATURE (F)
 TODAY
  MAXIMUM         91    322 PM  96    1933  79     12       83
  MINIMUM         68    313 AM  40    2013  58     10       60
  AVERAGE         80                        69     11       72

PRECIPITATION (IN)
  TODAY            0.00          2.33 1934   0.14  -0.14     0.00
  MONTH TO DATE    2.14                      3.04  -0.90     5.59
  SINCE MAR 1      8.04                     10.61  -2.57    13.72
  SINCE JAN 1     17.12                     17.04   0.08    18.94

SNOWFALL (IN)
  TODAY            0.0                                       0.0
  MONTH TO DATE    0.0                                       0.0
  SINCE MAR 1      T                                         7.4
  SINCE JUL 1     15.2                                      21.1
  SNOW DEPTH       0

DEGREE DAYS
 HEATING
  TODAY            0                         1     -1        0
  MONTH TO DATE   22                        63    -41        8
  SINCE MAR 1    754                       805    -51      930
  SINCE JUL 1   3645                      3806   -161     3595

 COOLING
  TODAY           15                         5     10        7
  MONTH TO DATE  154                        77     77      168
  SINCE MAR 1    189                       111     78      183
  SINCE JAN 1    196                       111     85      183
..................................................................


WIND (MPH)
  HIGHEST WIND SPEED    14   HIGHEST WIND DIRECTION    SW (240)
  HIGHEST GUST SPEED    18   HIGHEST GUST DIRECTION    SW (240)
  AVERAGE WIND SPEED     2.1


SKY COVER
  AVERAGE SKY COVER 0.3


WEATHER CONDITIONS
 THE FOLLOWING WEATHER WAS RECORDED TODAY.
  NO SIGNIFICANT WEATHER WAS OBSERVED.


RELATIVE HUMIDITY (PERCENT)
 HIGHEST    90           200 AM
 LOWEST     44           200 PM
 AVERAGE    67

..........................................................


THE DANVILLE VA CLIMATE NORMALS FOR TOMORROW
                         NORMAL    RECORD    YEAR
 MAXIMUM TEMPERATURE (F)   79        95      1916
 MINIMUM TEMPERATURE (F)   59        41      1925


SUNRISE AND SUNSET
MAY 25 2019...........SUNRISE   604 AM EDT   SUNSET   825 PM EDT
MAY 26 2019...........SUNRISE   603 AM EDT   SUNSET   826 PM EDT


-  INDICATES NEGATIVE NUMBERS.
R  INDICATES RECORD WAS SET OR TIED.
MM INDICATES DATA IS MISSING.
T  INDICATES TRACE AMOUNT.




$$
