000
CDUS41 KRNK 240933 CCA
CLIDAN

CLIMATE REPORT...CORRECTED
NATIONAL WEATHER SERVICE BLACKSBURG VA
529 AM EDT TUE APR 24 2018


...................................

...THE DANVILLE VA CLIMATE SUMMARY FOR APRIL 23 2018...

CLIMATE NORMAL PERIOD 1981 TO 2010
CLIMATE RECORD PERIOD 1948 TO 2018


WEATHER ITEM   OBSERVED TIME   RECORD YEAR NORMAL DEPARTURE LAST
                VALUE   (LST)  VALUE       VALUE  FROM      YEAR
                                                  NORMAL
..................................................................
TEMPERATURE (F)
 YESTERDAY
  MAXIMUM         64    219 PM  95    1985  72     -8       51
  MINIMUM         49    625 AM  31    1982  49      0       48
  AVERAGE         57                        60     -3       50

PRECIPITATION (IN)
  YESTERDAY        0.25          1.26 2017   0.11   0.14     1.26
  MONTH TO DATE    2.51                      2.69  -0.18     3.64
  SINCE MAR 1      6.06                      6.80  -0.74     6.29
  SINCE JAN 1     11.28                     13.23  -1.95    11.06

SNOWFALL (IN)
  YESTERDAY        0.0                                       0.0
  MONTH TO DATE    T                                         0.0
  SINCE MAR 1      7.4                                        T
  SINCE JUL 1     21.1                                       8.8
  SNOW DEPTH       0

DEGREE DAYS
 HEATING
  YESTERDAY        8                         6      2       15
  MONTH TO DATE  252                       197     55      114
  SINCE MAR 1    870                       707    163      592
  SINCE JUL 1   3535                      3708   -173     3048

 COOLING
  YESTERDAY        0                         1     -1        0
  MONTH TO DATE   14                        22     -8       41
  SINCE MAR 1     15                        25    -10       44
  SINCE JAN 1     15                        25    -10       49
..................................................................


WIND (MPH)
  HIGHEST WIND SPEED    13   HIGHEST WIND DIRECTION     E (100)
  HIGHEST GUST SPEED    21   HIGHEST GUST DIRECTION     E (110)
  AVERAGE WIND SPEED     5.7


SKY COVER
  AVERAGE SKY COVER 0.6


WEATHER CONDITIONS
 THE FOLLOWING WEATHER WAS RECORDED YESTERDAY.
  LIGHT RAIN
  FOG


RELATIVE HUMIDITY (PERCENT)
 HIGHEST   100           900 PM
 LOWEST     57          1200 AM
 AVERAGE    79

..........................................................


THE DANVILLE VA CLIMATE NORMALS FOR TODAY
                         NORMAL    RECORD    YEAR
 MAXIMUM TEMPERATURE (F)   73        95      1960
 MINIMUM TEMPERATURE (F)   49        29      2012


SUNRISE AND SUNSET
APRIL 24 2018.........SUNRISE   632 AM EDT   SUNSET   759 PM EDT
APRIL 25 2018.........SUNRISE   631 AM EDT   SUNSET   800 PM EDT


-  INDICATES NEGATIVE NUMBERS.
R  INDICATES RECORD WAS SET OR TIED.
MM INDICATES DATA IS MISSING.
T  INDICATES TRACE AMOUNT.

REMARKS: DUE TO MISSING DATA FROM JANUARY 4-9, 21-22, AND MARCH 2-
3...ALL INFORMATION WILL BE CALCULATED WITHOUT DATA FROM THESE DATES.

$$

RAB
