000
CDUS41 KRNK 240813
CLIDAN


CLIMATE REPORT
NATIONAL WEATHER SERVICE BLACKSBURG VA
413 AM EDT SUN MAR 24 2019


...................................

...THE DANVILLE VA CLIMATE SUMMARY FOR MARCH 23 2019...

CLIMATE NORMAL PERIOD 1981 TO 2010
CLIMATE RECORD PERIOD 1916 TO 2019


WEATHER ITEM   OBSERVED TIME   RECORD YEAR NORMAL DEPARTURE LAST
                VALUE   (LST)  VALUE       VALUE  FROM      YEAR
                                                  NORMAL
..................................................................
TEMPERATURE (F)
 YESTERDAY
  MAXIMUM         62    450 PM  86    1966  62      0       54
  MINIMUM         32    536 AM  19    2004  40     -8       27
  AVERAGE         47                        51     -4       41

PRECIPITATION (IN)
  YESTERDAY        0.00          1.09 1929   0.14  -0.14     0.00
  MONTH TO DATE    2.86                      2.81   0.05     2.61
  SINCE MAR 1      2.86                      2.81   0.05     2.61
  SINCE JAN 1     11.94                      9.24   2.70     7.83

SNOWFALL (IN)
  YESTERDAY        0.0                                       0.0
  MONTH TO DATE    0.0                                       4.9
  SINCE MAR 1      0.0                                       4.9
  SINCE JUL 1     15.2                                      18.6
  SNOW DEPTH       0

DEGREE DAYS
 HEATING
  YESTERDAY       18                        14      4       24
  MONTH TO DATE  460                       407     53      490
  SINCE MAR 1    460                       407     53      490
  SINCE JUL 1   3351                      3408    -57     3155

 COOLING
  YESTERDAY        0                         0      0        0
  MONTH TO DATE    0                         0      0        0
  SINCE MAR 1      0                         0      0        0
  SINCE JAN 1      7                         0      7        0
..................................................................


WIND (MPH)
  HIGHEST WIND SPEED    17   HIGHEST WIND DIRECTION    NW (320)
  HIGHEST GUST SPEED    26   HIGHEST GUST DIRECTION     N (340)
  AVERAGE WIND SPEED     7.0


SKY COVER
  AVERAGE SKY COVER 0.0


WEATHER CONDITIONS
 THE FOLLOWING WEATHER WAS RECORDED YESTERDAY.
  NO SIGNIFICANT WEATHER WAS OBSERVED.


RELATIVE HUMIDITY (PERCENT)
 HIGHEST    69           600 AM
 LOWEST     15           500 PM
 AVERAGE    42

..........................................................


THE DANVILLE VA CLIMATE NORMALS FOR TODAY
                         NORMAL    RECORD    YEAR
 MAXIMUM TEMPERATURE (F)   62        88      1929
 MINIMUM TEMPERATURE (F)   41        23      1934


SUNRISE AND SUNSET
MARCH 24 2019.........SUNRISE   715 AM EDT   SUNSET   732 PM EDT
MARCH 25 2019.........SUNRISE   714 AM EDT   SUNSET   733 PM EDT


-  INDICATES NEGATIVE NUMBERS.
R  INDICATES RECORD WAS SET OR TIED.
MM INDICATES DATA IS MISSING.
T  INDICATES TRACE AMOUNT.




$$
