907
CDUS41 KILN 190538
CLIDAY


CLIMATE REPORT
NATIONAL WEATHER SERVICE WILMINGTON OH
138 AM EDT SUN MAY 19 2019


...................................

...THE DAYTON OH CLIMATE SUMMARY FOR MAY 18 2019...

CLIMATE NORMAL PERIOD 1981 TO 2010
CLIMATE RECORD PERIOD 1869 TO 2019


WEATHER ITEM   OBSERVED TIME   RECORD YEAR NORMAL DEPARTURE LAST
                VALUE   (LST)  VALUE       VALUE  FROM      YEAR
                                                  NORMAL
..................................................................
TEMPERATURE (F)
 YESTERDAY
  MAXIMUM         86    451 PM  93    1962  72     14       72
  MINIMUM         64    248 AM  35    1973  52     12       61
  AVERAGE         75                        62     13       67

PRECIPITATION (IN)
  YESTERDAY        0.00          1.88 1995   0.14  -0.14     0.33
  MONTH TO DATE    3.54                      2.69   0.85     0.67
  SINCE MAR 1     11.35                     10.12   1.23     9.01
  SINCE JAN 1     20.75                     15.07   5.68    17.32

SNOWFALL (IN)
  YESTERDAY        0.0           0.0    MM   0.0    0.0      0.0
  MONTH TO DATE    0.0                       0.0    0.0      0.0
  SINCE MAR 1      2.2                       4.0   -1.8      9.2
  SINCE JUL 1     28.4                      23.3    5.1     26.7
  SNOW DEPTH       0

DEGREE DAYS
 HEATING
  YESTERDAY        0                         5     -5        0
  MONTH TO DATE   82                       121    -39       15
  SINCE MAR 1   1212                      1297    -85     1459
  SINCE JUL 1   5272                      5572   -300     5567

 COOLING
  YESTERDAY       10                         2      8        2
  MONTH TO DATE   34                        24     10       73
  SINCE MAR 1     35                        34      1       80
  SINCE JAN 1     35                        34      1       83
..................................................................


WIND (MPH)
  RESULTANT WIND SPEED  10   RESULTANT WIND DIRECTION  SW (210)
  HIGHEST WIND SPEED    22   HIGHEST WIND DIRECTION    SW (220)
  HIGHEST GUST SPEED    26   HIGHEST GUST DIRECTION    SW (210)
  AVERAGE WIND SPEED    11.3



WEATHER CONDITIONS
 THE FOLLOWING WEATHER WAS RECORDED YESTERDAY.
  NO SIGNIFICANT WEATHER WAS OBSERVED.


RELATIVE HUMIDITY (PERCENT)
 HIGHEST    87           300 AM
 LOWEST     42           200 PM
 AVERAGE    65

..........................................................


THE DAYTON OH CLIMATE NORMALS FOR TODAY
                         NORMAL    RECORD    YEAR
 MAXIMUM TEMPERATURE (F)   72        92      1962
                                             1911
 MINIMUM TEMPERATURE (F)   52        33      2002


SUNRISE AND SUNSET
MAY 19 2019...........SUNRISE   619 AM EDT   SUNSET   848 PM EDT
MAY 20 2019...........SUNRISE   618 AM EDT   SUNSET   849 PM EDT


-  INDICATES NEGATIVE NUMBERS.
R  INDICATES RECORD WAS SET OR TIED.
MM INDICATES DATA IS MISSING.
T  INDICATES TRACE AMOUNT.




$$
