000
CDUS41 KILN 182054
CLIDAY


CLIMATE REPORT
NATIONAL WEATHER SERVICE WILMINGTON OH
454 PM EDT MON MAR 18 2019


...................................

...THE DAYTON OH CLIMATE SUMMARY FOR MARCH 18 2019...
VALID TODAY AS OF 0400 PM LOCAL TIME.

CLIMATE NORMAL PERIOD 1981 TO 2010
CLIMATE RECORD PERIOD 1869 TO 2019


WEATHER ITEM   OBSERVED TIME   RECORD YEAR NORMAL DEPARTURE LAST
                VALUE   (LST)  VALUE       VALUE  FROM      YEAR
                                                  NORMAL
..................................................................
TEMPERATURE (F)
 TODAY
  MAXIMUM         45    259 PM  78    2012  50     -5       55
  MINIMUM         27    712 AM   3    1906  32     -5       22
  AVERAGE         36                        41     -5       39

PRECIPITATION (IN)
  TODAY            0.00          1.65 2008   0.11  -0.11     0.00
  MONTH TO DATE    1.83                      1.78   0.05     1.12
  SINCE MAR 1      1.83                      1.78   0.05     1.12
  SINCE JAN 1     11.23                      6.73   4.50     9.43

SNOWFALL (IN)
  TODAY            0.0           2.0  1896   0.1   -0.1      0.0
  MONTH TO DATE    2.2                       2.4   -0.2      2.5
  SINCE MAR 1      2.2                       2.4   -0.2      2.5
  SINCE JUL 1     28.4                      21.7    6.7     20.0
  SNOW DEPTH       0

DEGREE DAYS
 HEATING
  TODAY           29                        24      5       26
  MONTH TO DATE  543                       487     56      547
  SINCE MAR 1    543                       487     56      547
  SINCE JUL 1   4603                      4762   -159     4655

 COOLING
  TODAY            0                         0      0        0
  MONTH TO DATE    0                         0      0        0
  SINCE MAR 1      0                         0      0        0
  SINCE JAN 1      0                         0      0        3
..................................................................


WIND (MPH)
  RESULTANT WIND SPEED   7   RESULTANT WIND DIRECTION  NW (320)
  HIGHEST WIND SPEED    17   HIGHEST WIND DIRECTION     N (340)
  HIGHEST GUST SPEED    21   HIGHEST GUST DIRECTION    NW (300)
  AVERAGE WIND SPEED     7.6


SKY COVER
  POSSIBLE SUNSHINE  MM
  AVERAGE SKY COVER 0.3


WEATHER CONDITIONS
 THE FOLLOWING WEATHER WAS RECORDED TODAY.
  FOG


RELATIVE HUMIDITY (PERCENT)
 HIGHEST    92           200 AM
 LOWEST     33           300 PM
 AVERAGE    63

..........................................................


THE DAYTON OH CLIMATE NORMALS FOR TOMORROW
                         NORMAL    RECORD    YEAR
 MAXIMUM TEMPERATURE (F)   51        81      2012
 MINIMUM TEMPERATURE (F)   32        10      1934


SUNRISE AND SUNSET
MARCH 18 2019.........SUNRISE   744 AM EDT   SUNSET   747 PM EDT
MARCH 19 2019.........SUNRISE   742 AM EDT   SUNSET   748 PM EDT


-  INDICATES NEGATIVE NUMBERS.
R  INDICATES RECORD WAS SET OR TIED.
MM INDICATES DATA IS MISSING.
T  INDICATES TRACE AMOUNT.




$$
