000
CDUS43 KDVN 190855
CLIDBQ


CLIMATE REPORT
NATIONAL WEATHER SERVICE QUAD CITIES IA IL
355 AM CDT TUE MAR 19 2019


...................................

...THE DUBUQUE IA CLIMATE SUMMARY FOR MARCH 18 2019...

CLIMATE NORMAL PERIOD 1981 TO 2010
CLIMATE RECORD PERIOD 1873 TO 2019


WEATHER ITEM   OBSERVED TIME   RECORD YEAR NORMAL DEPARTURE LAST
                VALUE   (LST)  VALUE       VALUE  FROM      YEAR
                                                  NORMAL
..................................................................
TEMPERATURE (F)
 YESTERDAY
  MAXIMUM         43    339 PM  80    2012  45     -2       53
  MINIMUM         24    541 AM  -1    1923  27     -3       25
  AVERAGE         34                        36     -2       39

PRECIPITATION (IN)
  YESTERDAY        0.00          0.85 1986   0.08  -0.08     0.00
  MONTH TO DATE    1.52                      1.25   0.27     1.03
  SINCE MAR 1      1.52                      1.25   0.27     1.03
  SINCE JAN 1      7.64                      3.86   3.78     5.08

SNOWFALL (IN)
  YESTERDAY        0.0          MM      MM   0.2   -0.2      0.0
  MONTH TO DATE    0.5                       4.1   -3.6      3.9
  SINCE MAR 1      0.5                       4.1   -3.6      3.9
  SINCE JUL 1     50.2                      37.7   12.5     25.9
  SNOW DEPTH       0

DEGREE DAYS
 HEATING
  YESTERDAY       31                        29      2       26
  MONTH TO DATE  724                       584    140      579
  SINCE MAR 1    724                       584    140      579
  SINCE JUL 1   6305                      5977    328     5884

 COOLING
  YESTERDAY        0                         0      0        0
  MONTH TO DATE    0                         0      0        0
  SINCE MAR 1      0                         0      0        0
  SINCE JAN 1      0                         0      0        0
..................................................................


WIND (MPH)
  HIGHEST WIND SPEED    18   HIGHEST WIND DIRECTION     W (270)
  HIGHEST GUST SPEED    27   HIGHEST GUST DIRECTION     W (270)
  AVERAGE WIND SPEED     6.6


SKY COVER
  POSSIBLE SUNSHINE  MM
  AVERAGE SKY COVER 0.4


WEATHER CONDITIONS
 THE FOLLOWING WEATHER WAS RECORDED YESTERDAY.
  FOG
  HAZE


RELATIVE HUMIDITY (PERCENT)
 HIGHEST    92           400 AM
 LOWEST     53           300 PM
 AVERAGE    73

..........................................................


THE DUBUQUE IA CLIMATE NORMALS FOR TODAY
                         NORMAL    RECORD    YEAR
 MAXIMUM TEMPERATURE (F)   46        77      1921
 MINIMUM TEMPERATURE (F)   28        -7      1923


SUNRISE AND SUNSET
MARCH 19 2019.........SUNRISE   708 AM CDT   SUNSET   714 PM CDT
MARCH 20 2019.........SUNRISE   706 AM CDT   SUNSET   715 PM CDT


-  INDICATES NEGATIVE NUMBERS.
R  INDICATES RECORD WAS SET OR TIED.
MM INDICATES DATA IS MISSING.
T  INDICATES TRACE AMOUNT.




$$
