000
CDUS41 KLWX 250525
CLIDCA


CLIMATE REPORT
NATIONAL WEATHER SERVICE BALTIMORE MD/WASHINGTON DC
123 AM EDT MON MAR 25 2019


...................................

...THE WASHINGTON NATIONAL DC CLIMATE SUMMARY FOR MARCH 24 2019...

CLIMATE NORMAL PERIOD 1981 TO 2010
CLIMATE RECORD PERIOD 1871 TO 2019


WEATHER ITEM   OBSERVED TIME   RECORD YEAR NORMAL DEPARTURE LAST
                VALUE   (LST)  VALUE       VALUE  FROM      YEAR
                                                  NORMAL
..................................................................
TEMPERATURE (F)
 YESTERDAY
  MAXIMUM         66    450 PM  85    1907  59      7       52
  MINIMUM         35    553 AM  17    1885  40     -5       33
  AVERAGE         51                        49      2       43

PRECIPITATION (IN)
  YESTERDAY        0.00          1.45 1905   0.12  -0.12     0.00
  MONTH TO DATE    3.96                      2.62   1.34     1.80
  SINCE MAR 1      3.96                      2.62   1.34     1.80
  SINCE JAN 1     10.78                      8.05   2.73     7.53

SNOWFALL (IN)
  YESTERDAY        0.0           1.9  1990   0.0    0.0
  MONTH TO DATE    0.3                       1.2   -0.9
  SINCE JUL 1     16.9                      15.3    1.6
  SNOW DEPTH       0

DEGREE DAYS
 HEATING
  YESTERDAY       14                        16     -2       22
  MONTH TO DATE  478                       466     12      551
  SINCE MAR 1    478                       466     12      551
  SINCE JUL 1   3364                      3574   -210     3341

 COOLING
  YESTERDAY        0                         0      0        0
  MONTH TO DATE    3                         0      3        0
  SINCE MAR 1      3                         0      3        0
  SINCE JAN 1      3                         0      3        4
..................................................................


WIND (MPH)
  HIGHEST WIND SPEED    17   HIGHEST WIND DIRECTION    SW (210)
  HIGHEST GUST SPEED    23   HIGHEST GUST DIRECTION    SW (220)
  AVERAGE WIND SPEED     6.6


SKY COVER
  POSSIBLE SUNSHINE  MM
  AVERAGE SKY COVER 0.6


WEATHER CONDITIONS
 THE FOLLOWING WEATHER WAS RECORDED YESTERDAY.
  NO SIGNIFICANT WEATHER WAS OBSERVED.


RELATIVE HUMIDITY (PERCENT)
 HIGHEST    70           700 AM
 LOWEST     18           400 PM
 AVERAGE    44

..........................................................


THE WASHINGTON NATIONAL DC CLIMATE NORMALS FOR TODAY
                         NORMAL    RECORD    YEAR
 MAXIMUM TEMPERATURE (F)   59        84      1939
 MINIMUM TEMPERATURE (F)   40        19      1940
                                             1896


SUNRISE AND SUNSET
MARCH 25 2019.........SUNRISE   704 AM EDT   SUNSET   725 PM EDT
MARCH 26 2019.........SUNRISE   703 AM EDT   SUNSET   726 PM EDT


-  INDICATES NEGATIVE NUMBERS.
R  INDICATES RECORD WAS SET OR TIED.
MM INDICATES DATA IS MISSING.
T  INDICATES TRACE AMOUNT.




$$
