360
CDUS43 KILX 250634
CLIDEC


CLIMATE REPORT
NATIONAL WEATHER SERVICE LINCOLN IL
131 AM CDT MON MAR 25 2019


...................................

...THE DECATUR IL AIRPORT CLIMATE SUMMARY FOR MARCH 24 2019...

CLIMATE NORMAL PERIOD 1981 TO 2010
CLIMATE RECORD PERIOD 9999 TO 9999


WEATHER ITEM   OBSERVED TIME   RECORD YEAR NORMAL DEPARTURE LAST
                VALUE   (LST)  VALUE       VALUE  FROM      YEAR
                                                  NORMAL
..................................................................
TEMPERATURE (F)
 YESTERDAY
  MAXIMUM         57    442 PM  MM      MM  55      2       37
  MINIMUM         41    400 AM  MM      MM  34      7       31
  AVERAGE         49                        45      4       34

PRECIPITATION (IN)
  YESTERDAY        0.38         MM      MM   0.09   0.29     1.18
  MONTH TO DATE    2.76                      1.98   0.78     1.94
  SINCE MAR 1      2.76                      1.98   0.78     1.94
  SINCE JAN 1      6.47                      5.70   0.77     7.07

DEGREE DAYS
 HEATING
  YESTERDAY       16                        20     -4       31
  MONTH TO DATE  701                       593    108      656
  SINCE MAR 1    701                       593    108      656
  SINCE JUL 1   5119                      4850    269     4808

 COOLING
  YESTERDAY        0                         0      0        0
  MONTH TO DATE    0                         0      0        0
  SINCE MAR 1      0                         0      0        0
  SINCE JAN 1      0                         0      0        0
..................................................................


WIND (MPH)
  HIGHEST WIND SPEED    16   HIGHEST WIND DIRECTION    SE (130)
  HIGHEST GUST SPEED    21   HIGHEST GUST DIRECTION    SE (150)
  AVERAGE WIND SPEED     8.1


SKY COVER
  POSSIBLE SUNSHINE  MM
  AVERAGE SKY COVER 0.9


WEATHER CONDITIONS
 THE FOLLOWING WEATHER WAS RECORDED YESTERDAY.
  RAIN
  LIGHT RAIN
  FOG


RELATIVE HUMIDITY (PERCENT)
 HIGHEST    93          1200 PM
 LOWEST     70           700 AM
 AVERAGE    82

..........................................................


THE DECATUR IL AIRPORT CLIMATE NORMALS FOR TODAY
                         NORMAL    RECORD    YEAR
 MAXIMUM TEMPERATURE (F)   55        MM        MM
 MINIMUM TEMPERATURE (F)   35        MM        MM


SUNRISE AND SUNSET
MARCH 25 2019.........SUNRISE   651 AM CDT   SUNSET   712 PM CDT
MARCH 26 2019.........SUNRISE   650 AM CDT   SUNSET   713 PM CDT


-  INDICATES NEGATIVE NUMBERS.
R  INDICATES RECORD WAS SET OR TIED.
MM INDICATES DATA IS MISSING.
T  INDICATES TRACE AMOUNT.




$$
