000
CDUS45 KBOU 252351
CLIDEN


CLIMATE REPORT
NATIONAL WEATHER SERVICE DENVER/BOULDER CO
550 PM MDT SAT MAY 25 2019


...................................

...THE DENVER CO CLIMATE SUMMARY FOR MAY 25 2019...
VALID TODAY AS OF 0500 PM LOCAL TIME.

CLIMATE NORMAL PERIOD 1981 TO 2010
CLIMATE RECORD PERIOD 1872 TO 2019


WEATHER ITEM   OBSERVED TIME   RECORD YEAR NORMAL DEPARTURE LAST
                VALUE   (LST)  VALUE       VALUE  FROM      YEAR
                                                  NORMAL
..................................................................
TEMPERATURE (F)
 TODAY
  MAXIMUM         74    340 PM  91    2018  75     -1       91
                                      1964
  MINIMUM         42    335 AM  31    1950  46     -4       54
  AVERAGE         58                        60     -2       73

PRECIPITATION (IN)
  TODAY            0.00          1.31 1950   0.06  -0.06     0.00
  MONTH TO DATE    2.23                      1.67   0.56     1.77
  SINCE MAR 1      4.87                      4.30   0.57     3.65
  SINCE JAN 1      6.34                      5.08   1.26     4.50

DEGREE DAYS
 HEATING
  TODAY            7                         6      1        0
  MONTH TO DATE  357                       235    122      144
  SINCE MAR 1   1745                      1527    218     1337
  SINCE JUL 1   6162                      5966    196     5394

 COOLING
  TODAY            0                         1     -1        8
  MONTH TO DATE    5                        10     -5       22
  SINCE MAR 1      5                        11     -6       24
  SINCE JAN 1      5                        11     -6       24
..................................................................


WIND (MPH)
  HIGHEST WIND SPEED    24   HIGHEST WIND DIRECTION    SE (130)
  HIGHEST GUST SPEED    36   HIGHEST GUST DIRECTION     E (100)
  AVERAGE WIND SPEED    13.9


SKY COVER
  POSSIBLE SUNSHINE  MM
  AVERAGE SKY COVER 0.2


WEATHER CONDITIONS
 THE FOLLOWING WEATHER WAS RECORDED TODAY.
  NO SIGNIFICANT WEATHER WAS OBSERVED.


RELATIVE HUMIDITY (PERCENT)
 HIGHEST    76           200 AM
 LOWEST     27           300 PM
 AVERAGE    52

..........................................................


THE DENVER CO CLIMATE NORMALS FOR TOMORROW
                         NORMAL    RECORD    YEAR
 MAXIMUM TEMPERATURE (F)   75        95      1942
 MINIMUM TEMPERATURE (F)   46        32      1950


SUNRISE AND SUNSET
MAY 25 2019...........SUNRISE   536 AM MDT   SUNSET   816 PM MDT
MAY 26 2019...........SUNRISE   536 AM MDT   SUNSET   816 PM MDT


-  INDICATES NEGATIVE NUMBERS.
R  INDICATES RECORD WAS SET OR TIED.
MM INDICATES DATA IS MISSING.
T  INDICATES TRACE AMOUNT.




$$
