000
CDUS45 KBOU 242334
CLIDEN


CLIMATE REPORT
NATIONAL WEATHER SERVICE DENVER/BOULDER CO
534 PM MDT SUN MAR 24 2019


...................................

...THE DENVER CO CLIMATE SUMMARY FOR MARCH 24 2019...
VALID TODAY AS OF 0500 PM LOCAL TIME.

CLIMATE NORMAL PERIOD 1981 TO 2010
CLIMATE RECORD PERIOD 1872 TO 2019


WEATHER ITEM   OBSERVED TIME   RECORD YEAR NORMAL DEPARTURE LAST
                VALUE   (LST)  VALUE       VALUE  FROM      YEAR
                                                  NORMAL
..................................................................
TEMPERATURE (F)
 TODAY
  MAXIMUM         57    206 PM  76    1896  57      0       68
  MINIMUM         25    521 AM  -3    1965  29     -4       30
  AVERAGE         41                        43     -2       49

PRECIPITATION (IN)
  TODAY            0.00          1.23 1909   0.04  -0.04     0.00
  MONTH TO DATE    1.12                      0.65   0.47     0.37
  SINCE MAR 1      1.12                      0.65   0.47     0.37
  SINCE JAN 1      2.59                      1.43   1.16     1.22

DEGREE DAYS
 HEATING
  TODAY           24                        22      2       16
  MONTH TO DATE  774                       611    163      517
  SINCE MAR 1    774                       611    163      517
  SINCE JUL 1   5191                      5050    141     4574

 COOLING
  TODAY            0                         0      0        0
  MONTH TO DATE    0                         0      0        0
  SINCE MAR 1      0                         0      0        0
  SINCE JAN 1      0                         0      0        0
..................................................................


WIND (MPH)
  HIGHEST WIND SPEED    16   HIGHEST WIND DIRECTION     E (110)
  HIGHEST GUST SPEED    28   HIGHEST GUST DIRECTION     E (80)
  AVERAGE WIND SPEED     8.3


SKY COVER
  POSSIBLE SUNSHINE  MM
  AVERAGE SKY COVER 0.2


WEATHER CONDITIONS
 THE FOLLOWING WEATHER WAS RECORDED TODAY.
  NO SIGNIFICANT WEATHER WAS OBSERVED.


RELATIVE HUMIDITY (PERCENT)
 HIGHEST    92           100 AM
 LOWEST     35          1200 PM
 AVERAGE    64

..........................................................


THE DENVER CO CLIMATE NORMALS FOR TOMORROW
                         NORMAL    RECORD    YEAR
 MAXIMUM TEMPERATURE (F)   57        75      2012
                                             1998
                                             1956
 MINIMUM TEMPERATURE (F)   29        -2      1996


SUNRISE AND SUNSET
MARCH 24 2019.........SUNRISE   656 AM MDT   SUNSET   715 PM MDT
MARCH 25 2019.........SUNRISE   654 AM MDT   SUNSET   716 PM MDT


-  INDICATES NEGATIVE NUMBERS.
R  INDICATES RECORD WAS SET OR TIED.
MM INDICATES DATA IS MISSING.
T  INDICATES TRACE AMOUNT.




$$
