000
CDUS44 KSHV 230856
CLIDEQ


CLIMATE REPORT
NATIONAL WEATHER SERVICE SHREVEPORT, LA
355 AM CDT SAT MAR 23 2019


...................................

...THE DE QUEEN CLIMATE SUMMARY FOR MARCH 22 2019...

CLIMATE NORMAL PERIOD 1981 TO 2010
CLIMATE RECORD PERIOD 1902 TO 2019


WEATHER ITEM   OBSERVED TIME   RECORD YEAR NORMAL DEPARTURE LAST
                VALUE   (LST)  VALUE       VALUE  FROM      YEAR
                                                  NORMAL
..................................................................
TEMPERATURE (F)
 YESTERDAY
  MAXIMUM         73    438 PM  84    1997  68      5       74
  MINIMUM         36    648 AM  24    1955  42     -6       37
  AVERAGE         55                        55      0       56

PRECIPITATION (IN)
  YESTERDAY        0.00          0.93 1968   0.19  -0.19     0.00
  MONTH TO DATE    3.32                      2.96   0.36     1.35
  SINCE DEC 1     20.20                     14.32   5.88    22.88
  SINCE JAN 1     11.84                      9.96   1.88    17.63

SNOWFALL (IN)
  YESTERDAY        0.0
  MONTH TO DATE    0.0
  SINCE MAR 1      0.0
  SINCE JUL 1      T
  SNOW DEPTH       0

DEGREE DAYS
 HEATING
  YESTERDAY       10                        11     -1        9
  MONTH TO DATE  336                       290     46      249
  SINCE MAR 1    336                       290     46      249
  SINCE JUL 1   2627                      2781   -154     2623

 COOLING
  YESTERDAY        0                         0      0        0
  MONTH TO DATE    2                         0      2        0
  SINCE MAR 1      2                         0      2        0
  SINCE JAN 1     14                         2     12        2
..................................................................


WIND (MPH)
  HIGHEST WIND SPEED     9   HIGHEST WIND DIRECTION    SE (120)
  HIGHEST GUST SPEED    12   HIGHEST GUST DIRECTION    SE (120)
  AVERAGE WIND SPEED     0.9


SKY COVER
  POSSIBLE SUNSHINE  MM
  AVERAGE SKY COVER 0.0


WEATHER CONDITIONS
 THE FOLLOWING WEATHER WAS RECORDED YESTERDAY.
  FOG


RELATIVE HUMIDITY (PERCENT)
 HIGHEST   100           200 AM
 LOWEST     25           300 PM
 AVERAGE    63

..........................................................


THE DE QUEEN CLIMATE NORMALS FOR TODAY
                         NORMAL    RECORD    YEAR
 MAXIMUM TEMPERATURE (F)   68        86      1995
 MINIMUM TEMPERATURE (F)   42        26      1983


SUNRISE AND SUNSET
MARCH 23 2019.........SUNRISE   717 AM CDT   SUNSET   731 PM CDT
MARCH 24 2019.........SUNRISE   716 AM CDT   SUNSET   732 PM CDT


-  INDICATES NEGATIVE NUMBERS.
R  INDICATES RECORD WAS SET OR TIED.
MM INDICATES DATA IS MISSING.
T  INDICATES TRACE AMOUNT.




$$
