000
CDUS44 KSHV 210749
CLIDEQ


CLIMATE REPORT
NATIONAL WEATHER SERVICE SHREVEPORT, LA
246 AM CDT TUE MAY 21 2019


...................................

...THE DE QUEEN CLIMATE SUMMARY FOR MAY 20 2019...

CLIMATE NORMAL PERIOD 1981 TO 2010
CLIMATE RECORD PERIOD 1902 TO 2019


WEATHER ITEM   OBSERVED TIME   RECORD YEAR NORMAL DEPARTURE LAST
                VALUE   (LST)  VALUE       VALUE  FROM      YEAR
                                                  NORMAL
..................................................................
TEMPERATURE (F)
 YESTERDAY
  MAXIMUM         85    454 PM  94    2005  82      3       89
  MINIMUM         62    311 AM  43    1981  60      2       68
  AVERAGE         74                        71      3       79

PRECIPITATION (IN)
  YESTERDAY        T             2.60 1903   0.16  -0.16     0.00
  MONTH TO DATE    5.57                      4.07   1.50     0.49
  SINCE DEC 1     33.18                     24.00   9.18    29.19
  SINCE JAN 1     24.82                     19.64   5.18    23.94

SNOWFALL (IN)
  YESTERDAY        0.0
  MONTH TO DATE    0.0
  SINCE MAR 1      0.0
  SINCE JUL 1      T
  SNOW DEPTH       0

DEGREE DAYS
 HEATING
  YESTERDAY        0                         0      0        0
  MONTH TO DATE   10                        21    -11        0
  SINCE MAR 1    528                       551    -23      503
  SINCE JUL 1   2819                      3042   -223     2877

 COOLING
  YESTERDAY        9                         6      3       14
  MONTH TO DATE   96                        87      9      177
  SINCE MAR 1    145                       132     13      195
  SINCE JAN 1    157                       134     23      197
..................................................................


WIND (MPH)
  HIGHEST WIND SPEED    15   HIGHEST WIND DIRECTION    SE (130)
  HIGHEST GUST SPEED    22   HIGHEST GUST DIRECTION    SE (150)
  AVERAGE WIND SPEED     6.4


SKY COVER
  POSSIBLE SUNSHINE  MM
  AVERAGE SKY COVER 0.6


WEATHER CONDITIONS
 THE FOLLOWING WEATHER WAS RECORDED YESTERDAY.
  LIGHT RAIN
  FOG


RELATIVE HUMIDITY (PERCENT)
 HIGHEST   100          1200 AM
 LOWEST     74           400 PM
 AVERAGE    87

..........................................................


THE DE QUEEN CLIMATE NORMALS FOR TODAY
                         NORMAL    RECORD    YEAR
 MAXIMUM TEMPERATURE (F)   82        91      2005
                                             1964
 MINIMUM TEMPERATURE (F)   60        43      1981


SUNRISE AND SUNSET
MAY 21 2019...........SUNRISE   612 AM CDT   SUNSET   817 PM CDT
MAY 22 2019...........SUNRISE   612 AM CDT   SUNSET   817 PM CDT


-  INDICATES NEGATIVE NUMBERS.
R  INDICATES RECORD WAS SET OR TIED.
MM INDICATES DATA IS MISSING.
T  INDICATES TRACE AMOUNT.




$$
