000
CDUS44 KFWD 262212
CLIDFW


CLIMATE REPORT
NATIONAL WEATHER SERVICE FORT WORTH TX
512 PM CDT SUN MAY 26 2019


...................................

...THE DALLAS FORT WORTH CLIMATE SUMMARY FOR MAY 26 2019...
VALID AS OF 0500 PM LOCAL TIME.

CLIMATE NORMAL PERIOD 1981 TO 2010
CLIMATE RECORD PERIOD 1898 TO 2019


WEATHER ITEM   OBSERVED TIME   RECORD YEAR NORMAL DEPARTURE LAST
                VALUE   (LST)  VALUE       VALUE  FROM      YEAR
                                                  NORMAL
..................................................................
TEMPERATURE (F)
 TODAY
  MAXIMUM         90    343 PM  99    1980  86      4       97
  MINIMUM         73    634 AM  50    1901  67      6       68
  AVERAGE         82

PRECIPITATION (IN)
  TODAY            0.00          2.96 1900   0.15  -0.15     0.00
  MONTH TO DATE    7.28                      4.11   3.17     1.87
  SINCE MAR 1     16.04                     10.67   5.37     5.54
  SINCE JAN 1     18.91                     15.46   3.45    17.70

..................................................................


WIND (MPH)
  HIGHEST WIND SPEED    24   HIGHEST WIND DIRECTION     S (170)
  HIGHEST GUST SPEED    29   HIGHEST GUST DIRECTION     S (180)
  AVERAGE WIND SPEED    14.6




..........................................................


THE DALLAS FORT WORTH CLIMATE NORMALS FOR TOMORROW
                         NORMAL    RECORD    YEAR
 MAXIMUM TEMPERATURE (F)   87       103      1928
 MINIMUM TEMPERATURE (F)   67        47      1901


SUNRISE AND SUNSET
MAY 26 2019...........SUNRISE   623 AM CDT   SUNSET   828 PM CDT
MAY 27 2019...........SUNRISE   622 AM CDT   SUNSET   828 PM CDT


-  INDICATES NEGATIVE NUMBERS.
R  INDICATES RECORD WAS SET OR TIED.
MM INDICATES DATA IS MISSING.
T  INDICATES TRACE AMOUNT.




$$
