000
CDUS44 KFWD 202122
CLIDFW


CLIMATE REPORT
NATIONAL WEATHER SERVICE FORT WORTH TX
421 PM CDT SUN MAY 20 2018


...................................

...THE DALLAS FORT WORTH CLIMATE SUMMARY FOR MAY 20 2018...
VALID AS OF 0400 PM LOCAL TIME.

CLIMATE NORMAL PERIOD 1981 TO 2010
CLIMATE RECORD PERIOD 1898 TO 2018


WEATHER ITEM   OBSERVED TIME   RECORD YEAR NORMAL DEPARTURE LAST
                VALUE   (LST)  VALUE       VALUE  FROM      YEAR
                                                  NORMAL
..................................................................
TEMPERATURE (F)
 TODAY
  MAXIMUM         80   1254 AM  98    1922  85     -5       82
  MINIMUM         66    935 AM  48    1981  66      0       67
  AVERAGE         73

PRECIPITATION (IN)
  TODAY            0.48          1.99 1928   0.15   0.33     0.06
  MONTH TO DATE    1.86                      3.19  -1.33     0.22
  SINCE MAR 1      5.53                      9.75  -4.22     4.66
  SINCE JAN 1     17.69                     14.54   3.15    11.38

..................................................................


WIND (MPH)
  HIGHEST WIND SPEED    20   HIGHEST WIND DIRECTION     W (270)
  HIGHEST GUST SPEED    25   HIGHEST GUST DIRECTION     S (170)
  AVERAGE WIND SPEED    11.0




..........................................................


THE DALLAS FORT WORTH CLIMATE NORMALS FOR TOMORROW
                         NORMAL    RECORD    YEAR
 MAXIMUM TEMPERATURE (F)   85        99      2005
 MINIMUM TEMPERATURE (F)   66        51      1947


SUNRISE AND SUNSET
MAY 20 2018...........SUNRISE   626 AM CDT   SUNSET   824 PM CDT
MAY 21 2018...........SUNRISE   625 AM CDT   SUNSET   825 PM CDT


-  INDICATES NEGATIVE NUMBERS.
R  INDICATES RECORD WAS SET OR TIED.
MM INDICATES DATA IS MISSING.
T  INDICATES TRACE AMOUNT.




$$
