000
CDUS44 KFWD 192135
CLIDFW


CLIMATE REPORT
NATIONAL WEATHER SERVICE FORT WORTH TX
434 PM CDT TUE MAR 19 2019


...................................

...THE DALLAS FORT WORTH CLIMATE SUMMARY FOR MARCH 19 2019...
VALID AS OF 0400 PM LOCAL TIME.

CLIMATE NORMAL PERIOD 1981 TO 2010
CLIMATE RECORD PERIOD 1898 TO 2019


WEATHER ITEM   OBSERVED TIME   RECORD YEAR NORMAL DEPARTURE LAST
                VALUE   (LST)  VALUE       VALUE  FROM      YEAR
                                                  NORMAL
..................................................................
TEMPERATURE (F)
 TODAY
  MAXIMUM         72    111 PM  95    1907  69      3       75
  MINIMUM         48    640 AM  15    1923  48      0       52
  AVERAGE         60

PRECIPITATION (IN)
  TODAY            0.00          4.39 2002   0.11  -0.11     0.00
  MONTH TO DATE    1.60                      2.16  -0.56     0.65
  SINCE MAR 1      1.60                      2.16  -0.56     0.65
  SINCE JAN 1      4.47                      6.95  -2.48    12.81

SNOWFALL (IN)
  TODAY            0.0           T    1965   0.0    0.0      0.0
                                      1924
                                      1914
  MONTH TO DATE    0.0                       0.2   -0.2      0.0
  SINCE MAR 1      0.0                       0.2   -0.2      0.0
  SINCE JUL 1      T                         1.6   -1.6       T
  SNOW DEPTH       0

..................................................................


WIND (MPH)
  HIGHEST WIND SPEED    21   HIGHEST WIND DIRECTION     S (190)
  HIGHEST GUST SPEED    26   HIGHEST GUST DIRECTION     S (190)
  AVERAGE WIND SPEED     7.7




..........................................................


THE DALLAS FORT WORTH CLIMATE NORMALS FOR TOMORROW
                         NORMAL    RECORD    YEAR
 MAXIMUM TEMPERATURE (F)   69        92      2017
 MINIMUM TEMPERATURE (F)   48        19      1965


SUNRISE AND SUNSET
MARCH 19 2019.........SUNRISE   733 AM CDT   SUNSET   739 PM CDT
MARCH 20 2019.........SUNRISE   732 AM CDT   SUNSET   740 PM CDT


-  INDICATES NEGATIVE NUMBERS.
R  INDICATES RECORD WAS SET OR TIED.
MM INDICATES DATA IS MISSING.
T  INDICATES TRACE AMOUNT.




$$
