000
CDUS43 KDDC 221429
CLIDGC


CLIMATE REPORT
NATIONAL WEATHER SERVICE DODGE CITY KS
926 AM CDT WED MAY 22 2019


...................................

...THE DODGE CITY KS CLIMATE SUMMARY FOR MAY 22 2019...
VALID AS OF 0900 AM LOCAL TIME.

CLIMATE NORMAL PERIOD 1981 TO 2010
CLIMATE RECORD PERIOD 1875 TO 2019


WEATHER ITEM   OBSERVED TIME   RECORD YEAR NORMAL DEPARTURE LAST
                VALUE   (LST)  VALUE       VALUE  FROM      YEAR
                                                  NORMAL
..................................................................
TEMPERATURE (F)
 TODAY
  MAXIMUM         49    759 AM  99    1956  79    -30       91
  MINIMUM         40    532 AM  31    1931  54    -14       59
  AVERAGE         45                        66    -21       75

PRECIPITATION (IN)
  TODAY            0.00          1.87 1938   0.10  -0.10     0.00
  MONTH TO DATE    6.17                      1.91   4.26     1.03
  SINCE MAR 1      7.94                      5.32   2.62     3.06
  SINCE JAN 1      9.55                      6.58   2.97     3.21

SNOWFALL (IN)
  TODAY            0.0           0.0  2002   0.0    0.0      0.0
                                      2001
  MONTH TO DATE    0.0                       0.0    0.0      0.0
  SINCE MAR 1      5.1                       6.0   -0.9      2.2
  SINCE JUL 1     23.2                      21.1    2.1      3.6
  SNOW DEPTH       0

..................................................................


WIND (MPH)
  HIGHEST WIND SPEED    15   HIGHEST WIND DIRECTION     W (280)
  HIGHEST GUST SPEED    20   HIGHEST GUST DIRECTION     W (280)
  AVERAGE WIND SPEED     7.8



WEATHER CONDITIONS
 THE FOLLOWING WEATHER WAS RECORDED TODAY.
  NO SIGNIFICANT WEATHER WAS OBSERVED.


RELATIVE HUMIDITY (PERCENT)
 HIGHEST    86           300 AM
 LOWEST     66           800 AM

..........................................................


THE DODGE CITY KS CLIMATE NORMALS FOR TOMORROW
                         NORMAL    RECORD    YEAR
 MAXIMUM TEMPERATURE (F)   79       100      2012
 MINIMUM TEMPERATURE (F)   54        33      1893


SUNRISE AND SUNSET
MAY 22 2019...........SUNRISE   625 AM CDT   SUNSET   849 PM CDT
MAY 23 2019...........SUNRISE   624 AM CDT   SUNSET   849 PM CDT


-  INDICATES NEGATIVE NUMBERS.
R  INDICATES RECORD WAS SET OR TIED.
MM INDICATES DATA IS MISSING.
T  INDICATES TRACE AMOUNT.




$$
