000
CDUS43 KDDC 222331
CLIDGC


CLIMATE REPORT
NATIONAL WEATHER SERVICE DODGE CITY KS
630 PM CDT FRI MAR 22 2019


...................................

...THE DODGE CITY KS CLIMATE SUMMARY FOR MARCH 22 2019...
VALID TODAY AS OF 0500 PM LOCAL TIME.

CLIMATE NORMAL PERIOD 1981 TO 2010
CLIMATE RECORD PERIOD 1875 TO 2019


WEATHER ITEM   OBSERVED TIME   RECORD YEAR NORMAL DEPARTURE LAST
                VALUE   (LST)  VALUE       VALUE  FROM      YEAR
                                                  NORMAL
..................................................................
TEMPERATURE (F)
 TODAY
  MAXIMUM         64    330 PM  89    1907  60      4       73
  MINIMUM         40    401 AM  11    1955  33      7       37
  AVERAGE         52                        46      6       55

PRECIPITATION (IN)
  TODAY            T             1.09 1987   0.06  -0.06     0.00
  MONTH TO DATE    0.88                      1.04  -0.16     1.04
  SINCE MAR 1      0.88                      1.04  -0.16     1.04
  SINCE JAN 1      2.49                      2.30   0.19     1.19

SNOWFALL (IN)
  TODAY            0.0           2.1  1983   0.2   -0.2      0.0
  MONTH TO DATE    4.8                       3.6    1.2      1.0
  SINCE MAR 1      4.8                       3.6    1.2      1.0
  SINCE JUL 1     22.9                      18.7    4.2      2.4
  SNOW DEPTH       0

DEGREE DAYS
 HEATING
  TODAY           13                        19     -6       10
  MONTH TO DATE  623                       483    140      398
  SINCE MAR 1    623                       483    140      398
  SINCE JUL 1   4706                      4330    376     4054

 COOLING
  TODAY            0                         0      0        0
  MONTH TO DATE    0                         0      0        1
  SINCE MAR 1      0                         0      0        1
  SINCE JAN 1      0                         0      0        1
..................................................................


WIND (MPH)
  HIGHEST WIND SPEED    24   HIGHEST WIND DIRECTION    SE (130)
  HIGHEST GUST SPEED    32   HIGHEST GUST DIRECTION    SE (140)
  AVERAGE WIND SPEED    12.4


SKY COVER
  POSSIBLE SUNSHINE  MM
  AVERAGE SKY COVER 0.6


WEATHER CONDITIONS
 THE FOLLOWING WEATHER WAS RECORDED TODAY.
  LIGHT RAIN


RELATIVE HUMIDITY (PERCENT)
 HIGHEST    70           400 AM
 LOWEST     36          1100 AM
 AVERAGE    53

..........................................................


THE DODGE CITY KS CLIMATE NORMALS FOR TOMORROW
                         NORMAL    RECORD    YEAR
 MAXIMUM TEMPERATURE (F)   60        89      2018
 MINIMUM TEMPERATURE (F)   33         8      1898


SUNRISE AND SUNSET
MARCH 22 2019.........SUNRISE   741 AM CDT   SUNSET   753 PM CDT
MARCH 23 2019.........SUNRISE   739 AM CDT   SUNSET   754 PM CDT


-  INDICATES NEGATIVE NUMBERS.
R  INDICATES RECORD WAS SET OR TIED.
MM INDICATES DATA IS MISSING.
T  INDICATES TRACE AMOUNT.




$$
