000
CDUS42 KTAE 230633
CLIDHN


CLIMATE REPORT
NATIONAL WEATHER SERVICE TALLAHASSEE FL
233 AM EDT THU MAY 23 2019


...................................

...THE DOTHAN CLIMATE SUMMARY FOR MAY 22 2019...

CLIMATE NORMAL PERIOD 1981 TO 2010
CLIMATE RECORD PERIOD 1965 TO 2019


WEATHER ITEM   OBSERVED TIME   NORMAL DEPARTURE LAST
                VALUE   (LST)  VALUE  FROM      YEAR
                                      NORMAL
......................................................
TEMPERATURE (F)
 YESTERDAY
  MAXIMUM         95    351 PM  87      8       86
  MINIMUM         63    546 AM  65     -2       69
  AVERAGE         79            76      3       78

PRECIPITATION (IN)
  YESTERDAY        0.00          0.11  -0.11     1.46
  MONTH TO DATE    1.67          2.06  -0.39     5.90
  SINCE MAR 1      7.54         11.46  -3.92    14.00
  SINCE JAN 1     14.22         20.86  -6.64    24.43

SNOWFALL (IN)
  YESTERDAY        0.0

DEGREE DAYS
 COOLING
  YESTERDAY       14            11      3       13
  MONTH TO DATE  254           186     68      265
  SINCE MAR 1    414           297    117      363
  SINCE JAN 1    480           307    173      441
......................................................


WIND (MPH)
  HIGHEST WIND SPEED    14   HIGHEST WIND DIRECTION     S (190)
  HIGHEST GUST SPEED    19   HIGHEST GUST DIRECTION     S (170)
  AVERAGE WIND SPEED     3.2








-  INDICATES NEGATIVE NUMBERS.
R  INDICATES RECORD WAS SET OR TIED.
MM INDICATES DATA IS MISSING.
T  INDICATES TRACE AMOUNT.




$$
