000
CDUS44 KTAE 200634
CLIDHN


CLIMATE REPORT
NATIONAL WEATHER SERVICE TALLAHASSEE FL
231 AM EDT WED MAR 20 2019

...................................

...THE DOTHAN CLIMATE SUMMARY FOR MARCH 19 2019...

CLIMATE NORMAL PERIOD 1981 TO 2010
CLIMATE RECORD PERIOD 1965 TO 2019


WEATHER ITEM   OBSERVED TIME   NORMAL DEPARTURE LAST
                VALUE   (LST)  VALUE  FROM      YEAR
                                      NORMAL
......................................................
TEMPERATURE (F)
 YESTERDAY
  MAXIMUM         66    436 PM  72     -6       78
  MINIMUM         43    739 AM  47     -4       64
  AVERAGE         55            59     -4       71

PRECIPITATION (IN)
  YESTERDAY        0.00          0.19  -0.19     0.26
  MONTH TO DATE    2.24          3.18  -0.94     3.12
  SINCE MAR 1      2.24          3.18  -0.94     3.12
  SINCE JAN 1      8.92         12.58  -3.66    13.55

SNOWFALL (IN)
  YESTERDAY        0.0

DEGREE DAYS
 HEATING
  YESTERDAY       10             6      4        0
  MONTH TO DATE  122           148    -26      165
  SINCE MAR 1    122           148    -26      165
  SINCE JUL 1   1326          1707   -381     1446

 COOLING
  YESTERDAY        0             1     -1        6
  MONTH TO DATE   32            18     14       24
  SINCE MAR 1     32            18     14       24
  SINCE JAN 1     98            28     70      102
......................................................


WIND (MPH)
  HIGHEST WIND SPEED    17   HIGHEST WIND DIRECTION    NE (50)
  HIGHEST GUST SPEED    21   HIGHEST GUST DIRECTION    NE (50)
  AVERAGE WIND SPEED     7.6




-  INDICATES NEGATIVE NUMBERS.
R  INDICATES RECORD WAS SET OR TIED.
MM INDICATES DATA IS MISSING.
T  INDICATES TRACE AMOUNT.

$$
