000
CDUS44 KAMA 231406
CLIDHT


CLIMATE REPORT
NATIONAL WEATHER SERVICE AMARILLO TX
906 AM CDT SAT MAR 23 2019


...................................

...THE DALHART CLIMATE SUMMARY FOR MARCH 23 2019...
VALID AS OF 0900 AM LOCAL TIME.

CLIMATE NORMAL PERIOD 1981 TO 2010
CLIMATE RECORD PERIOD 1948 TO 2019


WEATHER ITEM   OBSERVED TIME   RECORD YEAR NORMAL DEPARTURE LAST
                VALUE   (LST)  VALUE       VALUE  FROM      YEAR
                                                  NORMAL
..................................................................
TEMPERATURE (F)
 TODAY
  MINIMUM         33    638 AM  14    1952  31      2       41

PRECIPITATION (IN)
  TODAY            0.00          1.24 2000   0.04  -0.04     0.00
  MONTH TO DATE    0.58                      0.82  -0.24     0.00
  SINCE MAR 1      0.58                      0.82  -0.24     0.00
  SINCE JAN 1      0.73                      1.74  -1.01     0.01

SNOWFALL (IN)
  TODAY            0.0           4.9  1984   0.1   -0.1      0.0
  MONTH TO DATE    T                         3.1   -3.1      0.0
  SINCE MAR 1      T                         3.1   -3.1      0.0
  SINCE JUL 1      5.0                      16.6  -11.6      2.3
  SNOW DEPTH       0

..................................................................


WIND (MPH)
  RESULTANT WIND SPEED   6   RESULTANT WIND DIRECTION   W (270)
  HIGHEST WIND SPEED    12   HIGHEST WIND DIRECTION    NW (330)
  HIGHEST GUST SPEED    14   HIGHEST GUST DIRECTION    NW (330)
  AVERAGE WIND SPEED     7.9


SKY COVER
  AVERAGE SKY COVER 0.1


WEATHER CONDITIONS
 THE FOLLOWING WEATHER WAS RECORDED TODAY.
  FOG
  FOG W/VISIBILITY <= 1/4 MILE


RELATIVE HUMIDITY (PERCENT)
 HIGHEST   100          1200 AM
 LOWEST     82           700 AM
 AVERAGE    91

..........................................................


THE DALHART CLIMATE NORMALS FOR TOMORROW
                         NORMAL    RECORD    YEAR
 MAXIMUM TEMPERATURE (F)   64        88      2012
 MINIMUM TEMPERATURE (F)   31        14      2013


SUNRISE AND SUNSET
MARCH 23 2019.........SUNRISE   750 AM CDT   SUNSET   804 PM CDT
MARCH 24 2019.........SUNRISE   748 AM CDT   SUNSET   805 PM CDT


-  INDICATES NEGATIVE NUMBERS.
R  INDICATES RECORD WAS SET OR TIED.
MM INDICATES DATA IS MISSING.
T  INDICATES TRACE AMOUNT.




$$
