000
CDUS44 KAMA 210645
CLIDHT


CLIMATE REPORT
NATIONAL WEATHER SERVICE AMARILLO TX
145 AM CDT TUE MAY 21 2019


...................................

...THE DALHART CLIMATE SUMMARY FOR MAY 20 2019...

CLIMATE NORMAL PERIOD 1981 TO 2010
CLIMATE RECORD PERIOD 1948 TO 2019


WEATHER ITEM   OBSERVED TIME   RECORD YEAR NORMAL DEPARTURE LAST
                VALUE   (LST)  VALUE       VALUE  FROM      YEAR
                                                  NORMAL
..................................................................
TEMPERATURE (F)
 YESTERDAY
  MAXIMUM         59    220 AM  97    2006  80    -21       72
  MINIMUM         48   1159 PM  34    2017  50     -2       47
  AVERAGE         54                        65    -11       60

PRECIPITATION (IN)
  YESTERDAY        0.81          1.51 1977   0.07   0.74     0.00
  MONTH TO DATE    1.93                      1.34   0.59      T
  SINCE MAR 1      2.99                      3.59  -0.60     0.73
  SINCE JAN 1      3.14                      4.51  -1.37     0.74

SNOWFALL (IN)
  YESTERDAY        0.0           0.0    MM   0.0    0.0      0.0
  MONTH TO DATE    0.0                       0.1   -0.1      0.0
  SINCE MAR 1      T                         5.5   -5.5      0.0
  SINCE JUL 1      5.0                      19.0  -14.0      2.3
  SNOW DEPTH       0

DEGREE DAYS
 HEATING
  YESTERDAY       11                         3      8        5
  MONTH TO DATE  124                        94     30       22
  SINCE MAR 1   1046                      1053     -7      922
  SINCE JUL 1   4601                      4696    -95     4109

 COOLING
  YESTERDAY        0                         2     -2        0
  MONTH TO DATE   15                        27    -12      101
  SINCE MAR 1     20                        33    -13      106
  SINCE JAN 1     20                        33    -13      106
..................................................................


WIND (MPH)
  RESULTANT WIND SPEED  13   RESULTANT WIND DIRECTION   E (70)
  HIGHEST WIND SPEED    30   HIGHEST WIND DIRECTION     W (270)
  HIGHEST GUST SPEED    35   HIGHEST GUST DIRECTION     W (270)
  AVERAGE WIND SPEED    14.9


SKY COVER
  AVERAGE SKY COVER 0.7


WEATHER CONDITIONS
 THE FOLLOWING WEATHER WAS RECORDED YESTERDAY.
  THUNDERSTORM
  HEAVY RAIN
  RAIN
  LIGHT RAIN
  FOG
  FOG W/VISIBILITY <= 1/4 MILE


RELATIVE HUMIDITY (PERCENT)
 HIGHEST   100           600 PM
 LOWEST     62          1200 AM
 AVERAGE    81

..........................................................


THE DALHART CLIMATE NORMALS FOR TODAY
                         NORMAL    RECORD    YEAR
 MAXIMUM TEMPERATURE (F)   80        97      2005
 MINIMUM TEMPERATURE (F)   50        35      1967


SUNRISE AND SUNSET
MAY 21 2019...........SUNRISE   640 AM CDT   SUNSET   854 PM CDT
MAY 22 2019...........SUNRISE   640 AM CDT   SUNSET   854 PM CDT


-  INDICATES NEGATIVE NUMBERS.
R  INDICATES RECORD WAS SET OR TIED.
MM INDICATES DATA IS MISSING.
T  INDICATES TRACE AMOUNT.




$$
