000
CDUS43 KBIS 200739
CLIDIK


CLIMATE REPORT
NATIONAL WEATHER SERVICE BISMARCK ND
237 AM CDT WED MAR 20 2019


...................................

...THE DICKINSON ND CLIMATE SUMMARY FOR MARCH 19 2019...

CLIMATE NORMAL PERIOD 1981 TO 2010
CLIMATE RECORD PERIOD 1893 TO 2019


WEATHER ITEM   OBSERVED TIME   RECORD YEAR NORMAL DEPARTURE LAST
                VALUE   (LST)  VALUE       VALUE  FROM      YEAR
                                                  NORMAL
..................................................................
TEMPERATURE (F)
 YESTERDAY
  MAXIMUM         39    410 PM  71    1999  42     -3       32
  MINIMUM         28    809 AM -13    1943  20      8       26
  AVERAGE         34                        31      3       29

PRECIPITATION (IN)
  YESTERDAY        0.00          0.52 1982   0.02  -0.02     0.08
  MONTH TO DATE    T                         0.36  -0.36     0.35
  SINCE MAR 1      T                         0.36  -0.36     0.35
  SINCE JAN 1      0.05                      0.99  -0.94     0.53

DEGREE DAYS
 HEATING
  YESTERDAY       31                        34     -3       36
  MONTH TO DATE  957                       711    246      753
  SINCE MAR 1    957                       711    246      753
  SINCE JUL 1   7746                      7005    741     7271

 COOLING
  YESTERDAY        0                         0      0        0
  MONTH TO DATE    0                         0      0        0
  SINCE MAR 1      0                         0      0        0
  SINCE JAN 1      0                         0      0        0
..................................................................


WIND (MPH)
  HIGHEST WIND SPEED    22   HIGHEST WIND DIRECTION     W (280)
  HIGHEST GUST SPEED    26   HIGHEST GUST DIRECTION     W (280)
  AVERAGE WIND SPEED    13.8


SKY COVER
  POSSIBLE SUNSHINE  MM
  AVERAGE SKY COVER 0.4


WEATHER CONDITIONS
 THE FOLLOWING WEATHER WAS RECORDED YESTERDAY.
  FOG
  FOG W/VISIBILITY <= 1/4 MILE


RELATIVE HUMIDITY (PERCENT)
 HIGHEST    92           100 AM
 LOWEST     59           200 PM
 AVERAGE    76

..........................................................


THE DICKINSON ND CLIMATE NORMALS FOR TODAY
                         NORMAL    RECORD    YEAR
 MAXIMUM TEMPERATURE (F)   43        78      2007
 MINIMUM TEMPERATURE (F)   20       -11      2002


SUNRISE AND SUNSET
MARCH 20 2019.........SUNRISE   655 AM MDT   SUNSET   704 PM MDT
MARCH 21 2019.........SUNRISE   653 AM MDT   SUNSET   705 PM MDT


-  INDICATES NEGATIVE NUMBERS.
R  INDICATES RECORD WAS SET OR TIED.
MM INDICATES DATA IS MISSING.
T  INDICATES TRACE AMOUNT.




$$
