000
CDUS43 KBIS 262235
CLIDIK


CLIMATE REPORT
NATIONAL WEATHER SERVICE BISMARCK ND
534 PM CDT SUN MAY 26 2019


...................................

...THE DICKINSON ND CLIMATE SUMMARY FOR MAY 26 2019...
VALID TODAY AS OF 0500 PM LOCAL TIME.

CLIMATE NORMAL PERIOD 1981 TO 2010
CLIMATE RECORD PERIOD 1893 TO 2019


WEATHER ITEM   OBSERVED TIME   RECORD YEAR NORMAL DEPARTURE LAST
                VALUE   (LST)  VALUE       VALUE  FROM      YEAR
                                                  NORMAL
..................................................................
TEMPERATURE (F)
 TODAY
  MAXIMUM         61        MM  98    1900  69     -8       92
  MINIMUM         44        MM  23    1893  44      0       53
  AVERAGE         53                        56     -3       73

PRECIPITATION (IN)
  TODAY            0.09          1.61 2014   0.09   0.00     0.00
  MONTH TO DATE    2.99                      1.90   1.09     0.58
  SINCE MAR 1      4.63                      4.06   0.57     2.10
  SINCE JAN 1      4.68                      4.69  -0.01     2.28

DEGREE DAYS
 HEATING
  TODAY           12                         9      3        0
  MONTH TO DATE  480                       336    144      206
  SINCE MAR 1   2444                      2104    340     2250
  SINCE JUL 1   9233                      8398    835     8768

 COOLING
  TODAY            0                         0      0        8
  MONTH TO DATE    3                         0      3       25
  SINCE MAR 1      3                         1      2       25
  SINCE JAN 1      3                         1      2       25
..................................................................


WIND (MPH)
  RESULTANT WIND SPEED   9   RESULTANT WIND DIRECTION  SE (120)
  HIGHEST WIND SPEED    24   HIGHEST WIND DIRECTION     E (100)
  HIGHEST GUST SPEED    45   HIGHEST GUST DIRECTION     S (170)
  AVERAGE WIND SPEED    10.5


SKY COVER
  POSSIBLE SUNSHINE  MM
  AVERAGE SKY COVER  MM


WEATHER CONDITIONS
 THE FOLLOWING WEATHER WAS RECORDED TODAY.
  LIGHT RAIN


RELATIVE HUMIDITY (PERCENT)
 HIGHEST    MM
 LOWEST     MM
 AVERAGE    MM

..........................................................


THE DICKINSON ND CLIMATE NORMALS FOR TOMORROW
                         NORMAL    RECORD    YEAR
 MAXIMUM TEMPERATURE (F)   69       106      1900
 MINIMUM TEMPERATURE (F)   44        25      1947


SUNRISE AND SUNSET
MAY 26 2019...........SUNRISE   505 AM MDT   SUNSET   832 PM MDT
MAY 27 2019...........SUNRISE   505 AM MDT   SUNSET   833 PM MDT


-  INDICATES NEGATIVE NUMBERS.
R  INDICATES RECORD WAS SET OR TIED.
MM INDICATES DATA IS MISSING.
T  INDICATES TRACE AMOUNT.




$$
