000
CDUS45 KTFX 270756
CLIDLN


CLIMATE REPORT
NATIONAL WEATHER SERVICE GREAT FALLS MT
155 AM MDT MON MAY 27 2019


...................................

...THE DILLON AIRPORT MT CLIMATE SUMMARY FOR MAY 26 2019...

CLIMATE NORMAL PERIOD 1981 TO 2010
CLIMATE RECORD PERIOD 1929 TO 2019


WEATHER ITEM   OBSERVED TIME   RECORD YEAR NORMAL DEPARTURE LAST
                VALUE   (LST)  VALUE       VALUE  FROM      YEAR
                                                  NORMAL
..................................................................
TEMPERATURE (F)
 YESTERDAY
  MAXIMUM         64    207 PM  88    1966  66     -2       74
  MINIMUM         40   1105 PM  26    1978  40      0       43
  AVERAGE         52                        53     -1       59

PRECIPITATION (IN)
  YESTERDAY        0.04          0.78 1941   0.07  -0.03     0.00
  MONTH TO DATE    1.49                      1.54  -0.05     0.40
  SINCE OCT 1      5.30                      5.06   0.24     4.97
  SINCE JAN 1      4.31                      3.66   0.65     3.84

SNOWFALL (IN)
  YESTERDAY       MM
  SNOW DEPTH       0

DEGREE DAYS
 HEATING
  YESTERDAY       13                                1        6
  MONTH TO DATE  450                               52      327
  SINCE MAR 1   2443                              393     2177
  SINCE JUL 1   8794                              827     8154

 COOLING
  YESTERDAY        0                                0        0
  MONTH TO DATE    0                                0        0
  SINCE MAR 1      0                                0        0
  SINCE JAN 1      0                                0        0
..................................................................


WIND (MPH)
  HIGHEST WIND SPEED    25   HIGHEST WIND DIRECTION     N (20)
  HIGHEST GUST SPEED    29   HIGHEST GUST DIRECTION     N (20)
  AVERAGE WIND SPEED     8.5


SKY COVER
  AVERAGE SKY COVER 0.6


WEATHER CONDITIONS
 THE FOLLOWING WEATHER WAS RECORDED YESTERDAY.
  THUNDERSTORM
  LIGHT RAIN


RELATIVE HUMIDITY (PERCENT)
 HIGHEST   100
 LOWEST     48
 AVERAGE    74

..........................................................


THE DILLON AIRPORT MT CLIMATE NORMALS FOR TODAY
                         NORMAL    RECORD    YEAR
 MAXIMUM TEMPERATURE (F)   66        88      1966
 MINIMUM TEMPERATURE (F)   40        30      2011


SUNRISE AND SUNSET
MAY 27 2019...........SUNRISE   549 AM MDT   SUNSET   906 PM MDT
MAY 28 2019...........SUNRISE   548 AM MDT   SUNSET   907 PM MDT


-  INDICATES NEGATIVE NUMBERS.
R  INDICATES RECORD WAS SET OR TIED.
MM INDICATES DATA IS MISSING.
T  INDICATES TRACE AMOUNT.




$$
