000
CDUS45 KTFX 230949
CLIDLN


CLIMATE REPORT
NATIONAL WEATHER SERVICE GREAT FALLS MT
349 AM MDT SAT MAR 23 2019


...................................

...THE DILLON AIRPORT MT CLIMATE SUMMARY FOR MARCH 22 2019...

CLIMATE NORMAL PERIOD 1981 TO 2010
CLIMATE RECORD PERIOD 1929 TO 2019


WEATHER ITEM   OBSERVED TIME   RECORD YEAR NORMAL DEPARTURE LAST
                VALUE   (LST)  VALUE       VALUE  FROM      YEAR
                                                  NORMAL
..................................................................
TEMPERATURE (F)
 YESTERDAY
  MAXIMUM         46    431 PM  67    1972  48     -2       51
  MINIMUM         21    633 AM  -4    1952  24     -3       32
  AVERAGE         34                        36     -2       42

PRECIPITATION (IN)
  YESTERDAY        0.00          0.72 2009   0.02  -0.02     0.06
  MONTH TO DATE    0.19                      0.34  -0.15     0.70
  SINCE OCT 1      1.73                      2.26  -0.53     2.67
  SINCE JAN 1      0.74                      0.86  -0.12     1.54

SNOWFALL (IN)
  YESTERDAY       MM
  SNOW DEPTH       T

DEGREE DAYS
 HEATING
  YESTERDAY       31                                2       23
  MONTH TO DATE 1065                              367      837
  SINCE MAR 1   1065                              367      837
  SINCE JUL 1   7416                              801     6814

 COOLING
  YESTERDAY        0                                0        0
  MONTH TO DATE    0                                0        0
  SINCE MAR 1      0                                0        0
  SINCE JAN 1      0                                0        0
..................................................................


WIND (MPH)
  HIGHEST WIND SPEED    10   HIGHEST WIND DIRECTION    SW (210)
  HIGHEST GUST SPEED    12   HIGHEST GUST DIRECTION    SW (220)
  AVERAGE WIND SPEED     4.5


SKY COVER
  AVERAGE SKY COVER 0.5


WEATHER CONDITIONS
 THE FOLLOWING WEATHER WAS RECORDED YESTERDAY.
  NO SIGNIFICANT WEATHER WAS OBSERVED.


RELATIVE HUMIDITY (PERCENT)
 HIGHEST    88
 LOWEST     49
 AVERAGE    69

..........................................................


THE DILLON AIRPORT MT CLIMATE NORMALS FOR TODAY
                         NORMAL    RECORD    YEAR
 MAXIMUM TEMPERATURE (F)   48        71      2004
 MINIMUM TEMPERATURE (F)   25        -8      1964


SUNRISE AND SUNSET
MARCH 23 2019.........SUNRISE   728 AM MDT   SUNSET   746 PM MDT
MARCH 24 2019.........SUNRISE   726 AM MDT   SUNSET   748 PM MDT


-  INDICATES NEGATIVE NUMBERS.
R  INDICATES RECORD WAS SET OR TIED.
MM INDICATES DATA IS MISSING.
T  INDICATES TRACE AMOUNT.




$$
