000
CDUS45 KTFX 261014
CLIDLN


CLIMATE REPORT
NATIONAL WEATHER SERVICE GREAT FALLS MT
413 AM MDT THU APR 26 2018


...................................

...THE DILLON AIRPORT MT CLIMATE SUMMARY FOR APRIL 25 2018...

CLIMATE NORMAL PERIOD 1981 TO 2010
CLIMATE RECORD PERIOD 1929 TO 2018


WEATHER ITEM   OBSERVED TIME   RECORD YEAR NORMAL DEPARTURE LAST
                VALUE   (LST)  VALUE       VALUE  FROM      YEAR
                                                  NORMAL
..................................................................
TEMPERATURE (F)
 YESTERDAY
  MAXIMUM         65    337 PM  82    1946  58      7       53
  MINIMUM         31    613 AM  16    1985  31      0       34
  AVERAGE         48                        44      4       44

PRECIPITATION (IN)
  YESTERDAY        0.00          1.09 1975   0.04  -0.04     0.27
  MONTH TO DATE    1.42                      0.84   0.58     1.83
  SINCE OCT 1      4.09                      3.32   0.77     5.23
  SINCE JAN 1      2.96                      1.92   1.04     2.69

SNOWFALL (IN)
  YESTERDAY       MM
  SNOW DEPTH       0

DEGREE DAYS
 HEATING
  YESTERDAY       17                               -4       21
  MONTH TO DATE  652                               48      570
  SINCE MAR 1   1767                              213     1306
  SINCE JUL 1   7744                              273     7261

 COOLING
  YESTERDAY        0                                0        0
  MONTH TO DATE    0                                0        0
  SINCE MAR 1      0                                0        0
  SINCE JAN 1      0                                0        0
..................................................................


WIND (MPH)
  HIGHEST WIND SPEED    26   HIGHEST WIND DIRECTION     W (260)
  HIGHEST GUST SPEED    33   HIGHEST GUST DIRECTION     W (250)
  AVERAGE WIND SPEED    13.7


SKY COVER
  AVERAGE SKY COVER 0.0


WEATHER CONDITIONS
 THE FOLLOWING WEATHER WAS RECORDED YESTERDAY.
  NO SIGNIFICANT WEATHER WAS OBSERVED.


RELATIVE HUMIDITY (PERCENT)
 HIGHEST    78
 LOWEST     19
 AVERAGE    49

..........................................................


THE DILLON AIRPORT MT CLIMATE NORMALS FOR TODAY
                         NORMAL    RECORD    YEAR
 MAXIMUM TEMPERATURE (F)   58        80      1992
 MINIMUM TEMPERATURE (F)   31        18      1948


SUNRISE AND SUNSET
APRIL 26 2018.........SUNRISE   627 AM MDT   SUNSET   830 PM MDT
APRIL 27 2018.........SUNRISE   625 AM MDT   SUNSET   831 PM MDT


-  INDICATES NEGATIVE NUMBERS.
R  INDICATES RECORD WAS SET OR TIED.
MM INDICATES DATA IS MISSING.
T  INDICATES TRACE AMOUNT.




$$
