000
CDUS41 KLWX 262126
CLIDMH


CLIMATE REPORT
NATIONAL WEATHER SERVICE BALTIMORE MD/WASHINGTON DC
525 PM EDT SUN MAY 26 2019


...................................

...THE BALTIMORE INNER HARBOR MD CLIMATE SUMMARY FOR MAY 26 2019...
VALID TODAY AS OF 0500 PM LOCAL TIME.

CLIMATE NORMAL PERIOD 1981 TO 2010
CLIMATE RECORD PERIOD 1999 TO 2019


WEATHER ITEM   OBSERVED TIME   NORMAL DEPARTURE LAST
                VALUE   (LST)  VALUE  FROM      YEAR
                                      NORMAL
......................................................
TEMPERATURE (F)
 TODAY
  MAXIMUM         90    359 PM  78     12       95
  MINIMUM         68    521 AM  60      8       76
  AVERAGE         79            69     10       86

PRECIPITATION (IN)
  TODAY            0.00          0.13  -0.13     0.22
  MONTH TO DATE    4.39          2.87   1.52     5.66
  SINCE MAR 1     11.54          9.95   1.59    13.04
  SINCE JAN 1     18.34         15.47   2.87    18.78

DEGREE DAYS
 HEATING
  TODAY            0             1     -1        0
  MONTH TO DATE   44            76    -32       12
  SINCE MAR 1    810           933   -123      998
  SINCE JUL 1   3714          4021   -307     3790

 COOLING
  TODAY           14             5      9       21
  MONTH TO DATE  122            83     39      194
  SINCE MAR 1    152           108     44      218
  SINCE JAN 1    152           108     44      220
......................................................


WIND (MPH)
  HIGHEST WIND SPEED    MM   HIGHEST WIND DIRECTION    MM
  HIGHEST GUST SPEED    MM   HIGHEST GUST DIRECTION    MM
  AVERAGE WIND SPEED    MM


SKY COVER
  POSSIBLE SUNSHINE  MM



RELATIVE HUMIDITY (PERCENT)
 HIGHEST    87           400 AM
 LOWEST     44           300 PM
 AVERAGE    66

..........................................................


THE BALTIMORE INNER HARBOR MD CLIMATE NORMALS FOR TOMORROW
                         NORMAL    RECORD    YEAR
 MAXIMUM TEMPERATURE (F)   79        MM        MM
 MINIMUM TEMPERATURE (F)   61        MM        MM


SUNRISE AND SUNSET
MAY 26 2019...........SUNRISE   545 AM EDT   SUNSET   822 PM EDT
MAY 27 2019...........SUNRISE   544 AM EDT   SUNSET   823 PM EDT


-  INDICATES NEGATIVE NUMBERS.
R  INDICATES RECORD WAS SET OR TIED.
MM INDICATES DATA IS MISSING.
T  INDICATES TRACE AMOUNT.




$$
