455
CDUS41 KLWX 250529
CLIDMH


CLIMATE REPORT
NATIONAL WEATHER SERVICE BALTIMORE MD/WASHINGTON DC
127 AM EDT FRI MAY 25 2018


...................................

...THE BALTIMORE INNER HARBOR MD CLIMATE SUMMARY FOR MAY 24 2018...

CLIMATE NORMAL PERIOD 1981 TO 2010
CLIMATE RECORD PERIOD 1999 TO 2018


WEATHER ITEM   OBSERVED TIME   RECORD YEAR NORMAL DEPARTURE LAST
                VALUE   (LST)  VALUE       VALUE  FROM      YEAR
                                                  NORMAL
..................................................................
TEMPERATURE (F)
 YESTERDAY
  MAXIMUM         88    134 PM  MM      MM  78     10       68
  MINIMUM         67    424 AM  MM      MM  60      7       59
  AVERAGE         78                        68     10       64

PRECIPITATION (IN)
  YESTERDAY        0.00         MM      MM   0.14  -0.14     0.05
  MONTH TO DATE    5.44                      2.61   2.83     3.27
  SINCE MAR 1     12.82                      9.69   3.13    10.03
  SINCE JAN 1     18.56                     15.21   3.35    13.92

DEGREE DAYS
 HEATING
  YESTERDAY        0                         2     -2        1
  MONTH TO DATE   12                        74    -62       72
  SINCE MAR 1    998                       931     67      788
  SINCE JUL 1   3790                      4019   -229     3242

 COOLING
  YESTERDAY       13                         5      8        0
  MONTH TO DATE  159                        73     86       70
  SINCE MAR 1    183                        98     85      152
  SINCE JAN 1    185                        98     87      152
..................................................................


WIND (MPH)
  HIGHEST WIND SPEED    MM   HIGHEST WIND DIRECTION    MM
  HIGHEST GUST SPEED    MM   HIGHEST GUST DIRECTION    MM
  AVERAGE WIND SPEED    MM


SKY COVER
  POSSIBLE SUNSHINE  MM



RELATIVE HUMIDITY (PERCENT)
 HIGHEST    66           100 AM
 LOWEST     23           100 PM
 AVERAGE    45

..........................................................


THE BALTIMORE INNER HARBOR MD CLIMATE NORMALS FOR TODAY
                         NORMAL
 MAXIMUM TEMPERATURE (F)   78
 MINIMUM TEMPERATURE (F)   60


SUNRISE AND SUNSET
MAY 25 2018...........SUNRISE   545 AM EDT   SUNSET   822 PM EDT
MAY 26 2018...........SUNRISE   545 AM EDT   SUNSET   823 PM EDT


-  INDICATES NEGATIVE NUMBERS.
R  INDICATES RECORD WAS SET OR TIED.
MM INDICATES DATA IS MISSING.
T  INDICATES TRACE AMOUNT.




$$
