000
CDUS41 KLWX 180528
CLIDMH


CLIMATE REPORT
NATIONAL WEATHER SERVICE BALTIMORE MD/WASHINGTON DC
127 AM EDT MON MAR 18 2019


...................................

...THE BALTIMORE INNER HARBOR MD CLIMATE SUMMARY FOR MARCH 17 2019...

CLIMATE NORMAL PERIOD 1981 TO 2010
CLIMATE RECORD PERIOD 1999 TO 2019


WEATHER ITEM   OBSERVED TIME   RECORD YEAR NORMAL DEPARTURE LAST
                VALUE   (LST)  VALUE       VALUE  FROM      YEAR
                                                  NORMAL
..................................................................
TEMPERATURE (F)
 YESTERDAY
  MAXIMUM         52    303 PM  MM      MM  54     -2       46
  MINIMUM         35    642 AM  MM      MM  39     -4       33
  AVERAGE         44                        47     -3       40

PRECIPITATION (IN)
  YESTERDAY        0.00         MM      MM   0.13  -0.13     0.00
  MONTH TO DATE    2.61                      1.86   0.75     1.16
  SINCE MAR 1      2.61                      1.86   0.75     1.16
  SINCE JAN 1      9.41                      7.38   2.03     6.90

DEGREE DAYS
 HEATING
  YESTERDAY       21                        18      3       25
  MONTH TO DATE  388                       355     33      399
  SINCE MAR 1    388                       355     33      399
  SINCE JUL 1   3292                      3443   -151     3191

 COOLING
  YESTERDAY        0                         0      0        0
  MONTH TO DATE    2                         0      2        0
  SINCE MAR 1      2                         0      2        0
  SINCE JAN 1      2                         0      2        2
..................................................................


WIND (MPH)
  HIGHEST WIND SPEED    MM   HIGHEST WIND DIRECTION    MM
  HIGHEST GUST SPEED    MM   HIGHEST GUST DIRECTION    MM
  AVERAGE WIND SPEED    MM


SKY COVER
  POSSIBLE SUNSHINE  MM



RELATIVE HUMIDITY (PERCENT)
 HIGHEST    52           600 AM
 LOWEST     24           200 PM
 AVERAGE    38

..........................................................


THE BALTIMORE INNER HARBOR MD CLIMATE NORMALS FOR TODAY
                         NORMAL
 MAXIMUM TEMPERATURE (F)   54
 MINIMUM TEMPERATURE (F)   39


SUNRISE AND SUNSET
MARCH 18 2019.........SUNRISE   713 AM EDT   SUNSET   716 PM EDT
MARCH 19 2019.........SUNRISE   712 AM EDT   SUNSET   717 PM EDT


-  INDICATES NEGATIVE NUMBERS.
R  INDICATES RECORD WAS SET OR TIED.
MM INDICATES DATA IS MISSING.
T  INDICATES TRACE AMOUNT.




$$
