000
CDUS45 KEPZ 230929
CLIDMN


CLIMATE REPORT
NATIONAL WEATHER SERVICE EL PASO, TX
329 AM MDT THU MAY 23 2019


...................................

...THE DEMING CLIMATE SUMMARY FOR MAY 22 2019...

CLIMATE NORMAL PERIOD 1981 TO 2010
CLIMATE RECORD PERIOD 2000 TO 2019


WEATHER ITEM   OBSERVED TIME   NORMAL DEPARTURE LAST
                VALUE   (LST)  VALUE  FROM      YEAR
                                      NORMAL
......................................................
TEMPERATURE (F)
 YESTERDAY
  MAXIMUM         85        MM  89              90
  MINIMUM         49        MM  53              49
  AVERAGE         67            71     -4       70

PRECIPITATION (IN)
  YESTERDAY        0.00          0.01  -0.01     0.00
  MONTH TO DATE    0.23          0.38  -0.15     0.00
  SINCE MAR 1      0.94          1.16  -0.22      T
  SINCE JAN 1      1.24          2.36  -1.12     1.55

......................................................


WIND (MPH)
  HIGHEST WIND SPEED    27   HIGHEST WIND DIRECTION     W (250)
  HIGHEST GUST SPEED    43   HIGHEST GUST DIRECTION     W (250)
  AVERAGE WIND SPEED    13.4


SKY COVER
  AVERAGE SKY COVER 0.0


WEATHER CONDITIONS
 THE FOLLOWING WEATHER WAS RECORDED YESTERDAY.
  NO SIGNIFICANT WEATHER WAS OBSERVED.


RELATIVE HUMIDITY (PERCENT)
 HIGHEST    32          1100 PM
 LOWEST      8           100 PM
 AVERAGE    20

..........................................................


THE DEMING CLIMATE NORMALS FOR TODAY
                         NORMAL
 MAXIMUM TEMPERATURE (F)   89
 MINIMUM TEMPERATURE (F)   53


SUNRISE AND SUNSET
MAY 23 2019...........SUNRISE   608 AM MDT   SUNSET   807 PM MDT
MAY 24 2019...........SUNRISE   608 AM MDT   SUNSET   808 PM MDT


-  INDICATES NEGATIVE NUMBERS.
R  INDICATES RECORD WAS SET OR TIED.
MM INDICATES DATA IS MISSING.
T  INDICATES TRACE AMOUNT.




$$
