553
CDUS43 KEAX 212125
CLIDMO


CLIMATE REPORT
NATIONAL WEATHER SERVICE KANSAS CITY/PLEASANT HILL MO
425 PM CDT SAT APR 21 2018


...................................

...THE SEDALIA MO CLIMATE SUMMARY FOR APRIL 21 2018...
VALID AS OF 0400 PM LOCAL TIME.

CLIMATE NORMAL PERIOD 1981 TO 2010
CLIMATE RECORD PERIOD 9999 TO 9999


WEATHER ITEM   OBSERVED TIME   NORMAL DEPARTURE LAST
                VALUE   (LST)  VALUE  FROM      YEAR
                                      NORMAL
......................................................
TEMPERATURE (F)
 TODAY
  MAXIMUM         69    244 PM  69      0       58
  MINIMUM         47    550 AM  48     -1       49
  AVERAGE         58            58      0       54

PRECIPITATION (IN)
  TODAY            0.00          0.15  -0.15      T
  MONTH TO DATE    0.17          2.62  -2.45     2.23
  SINCE MAR 1      2.81          5.23  -2.42     5.53
  SINCE JAN 1      6.76          8.83  -2.07     6.95

DEGREE DAYS
 HEATING
  TODAY            7             8     -1       11
  MONTH TO DATE  420           223    197      122
  SINCE MAR 1   1035           808    227      576
  SINCE JUL 1   4565          4425    140     3459

 COOLING
  TODAY            0             1     -1        0
  MONTH TO DATE   15            20     -5       38
  SINCE MAR 1     15            23     -8       46
  SINCE JAN 1     15            23     -8       46
......................................................


WIND (MPH)
  HIGHEST WIND SPEED    16   HIGHEST WIND DIRECTION     E (70)
  HIGHEST GUST SPEED    22   HIGHEST GUST DIRECTION     E (80)
  AVERAGE WIND SPEED     9.6


SKY COVER
  AVERAGE SKY COVER 0.2


WEATHER CONDITIONS
 THE FOLLOWING WEATHER WAS RECORDED TODAY.
  NO SIGNIFICANT WEATHER WAS OBSERVED.


RELATIVE HUMIDITY (PERCENT)
 HIGHEST    50           600 AM
 LOWEST     29           300 PM
 AVERAGE    40

..........................................................


THE SEDALIA MO CLIMATE NORMALS FOR TOMORROW
                         NORMAL
 MAXIMUM TEMPERATURE (F)   69
 MINIMUM TEMPERATURE (F)   48


SUNRISE AND SUNSET
APRIL 21 2018.........SUNRISE   628 AM CDT   SUNSET   755 PM CDT
APRIL 22 2018.........SUNRISE   626 AM CDT   SUNSET   756 PM CDT


-  INDICATES NEGATIVE NUMBERS.
R  INDICATES RECORD WAS SET OR TIED.
MM INDICATES DATA IS MISSING.
T  INDICATES TRACE AMOUNT.




$$
