786
CDUS42 KCAE 270652
CLIDNL


CLIMATE REPORT
NATIONAL WEATHER SERVICE COLUMBIA SC
252 AM EDT MON MAY 27 2019


...................................

...THE AUGUSTA DANIEL FIELD GA CLIMATE SUMMARY FOR MAY 26 2019...

CLIMATE NORMAL PERIOD 1981 TO 2010
CLIMATE RECORD PERIOD 9999 TO 9999


WEATHER ITEM   OBSERVED TIME   NORMAL DEPARTURE LAST
                VALUE   (LST)  VALUE  FROM      YEAR
                                      NORMAL
......................................................
TEMPERATURE (F)
 YESTERDAY
  MAXIMUM        100    332 PM  86     14       86
  MINIMUM         77    602 AM  66     11       72
  AVERAGE         89            76     13       79

PRECIPITATION (IN)
  YESTERDAY        0.00          0.14  -0.14     0.26
  MONTH TO DATE    2.46          2.48  -0.02     5.93
  SINCE MAR 1      9.54          9.74  -0.20    11.83
  SINCE JAN 1     14.38         17.98  -3.60    16.28

DEGREE DAYS
 HEATING
  YESTERDAY        0             0      0        0
  MONTH TO DATE    0             8     -8        0
  SINCE MAR 1    255           354    -99      348
  SINCE JUL 1   1695          2167   -472     1771

 COOLING
  YESTERDAY       24            11     13       14
  MONTH TO DATE  352           199    153      300
  SINCE MAR 1    542           296    246      373
  SINCE JAN 1    560           300    260      442
......................................................


WIND (MPH)
  HIGHEST WIND SPEED    13   HIGHEST WIND DIRECTION    NW (300)
  HIGHEST GUST SPEED    18   HIGHEST GUST DIRECTION    NW (300)
  AVERAGE WIND SPEED     4.4


SKY COVER
  AVERAGE SKY COVER 0.0


WEATHER CONDITIONS
 THE FOLLOWING WEATHER WAS RECORDED YESTERDAY.
  NO SIGNIFICANT WEATHER WAS OBSERVED.


RELATIVE HUMIDITY (PERCENT)
 HIGHEST    69           500 AM
 LOWEST     26           600 PM

..........................................................


THE AUGUSTA DANIEL FIELD GA CLIMATE NORMALS FOR TODAY
                         NORMAL    RECORD    YEAR
 MAXIMUM TEMPERATURE (F)   86        MM        MM
 MINIMUM TEMPERATURE (F)   66        MM        MM


SUNRISE AND SUNSET
MAY 27 2019...........SUNRISE   621 AM EDT   SUNSET   830 PM EDT
MAY 28 2019...........SUNRISE   621 AM EDT   SUNSET   830 PM EDT


-  INDICATES NEGATIVE NUMBERS.
R  INDICATES RECORD WAS SET OR TIED.
MM INDICATES DATA IS MISSING.
T  INDICATES TRACE AMOUNT.




$$
