000
CDUS42 KCAE 230608
CLIDNL


CLIMATE REPORT
NATIONAL WEATHER SERVICE COLUMBIA SC
206 AM EDT SAT MAR 23 2019


...................................

...THE AUGUSTA DANIEL FIELD GA CLIMATE SUMMARY FOR MARCH 22 2019...

CLIMATE NORMAL PERIOD 1981 TO 2010
CLIMATE RECORD PERIOD 9999 TO 9999


WEATHER ITEM   OBSERVED TIME   NORMAL DEPARTURE LAST
                VALUE   (LST)  VALUE  FROM      YEAR
                                      NORMAL
......................................................
TEMPERATURE (F)
 YESTERDAY
  MAXIMUM         71    455 PM  70      1       62
  MINIMUM         44    707 AM  49     -5       38
  AVERAGE         58            59     -1       50

PRECIPITATION (IN)
  YESTERDAY        0.00          0.13  -0.13     0.00
  MONTH TO DATE    1.35          2.95  -1.60     2.35
  SINCE MAR 1      1.35          2.95  -1.60     2.35
  SINCE JAN 1      6.19         11.19  -5.00     6.80

DEGREE DAYS
 HEATING
  YESTERDAY        7             7      0       15
  MONTH TO DATE  156           198    -42      214
  SINCE MAR 1    156           198    -42      214
  SINCE JUL 1   1596          2011   -415     1637

 COOLING
  YESTERDAY        0             1     -1        0
  MONTH TO DATE   18            20     -2       14
  SINCE MAR 1     18            20     -2       14
  SINCE JAN 1     36            24     12       83
......................................................


WIND (MPH)
  HIGHEST WIND SPEED    15   HIGHEST WIND DIRECTION     W (290)
  HIGHEST GUST SPEED    25   HIGHEST GUST DIRECTION     W (260)
  AVERAGE WIND SPEED     8.1


SKY COVER
  AVERAGE SKY COVER 0.0


WEATHER CONDITIONS
 THE FOLLOWING WEATHER WAS RECORDED YESTERDAY.
  NO SIGNIFICANT WEATHER WAS OBSERVED.


RELATIVE HUMIDITY (PERCENT)
 HIGHEST    54           200 AM
 LOWEST     19           500 PM

..........................................................


THE AUGUSTA DANIEL FIELD GA CLIMATE NORMALS FOR TODAY
                         NORMAL    RECORD    YEAR
 MAXIMUM TEMPERATURE (F)   70        MM        MM
 MINIMUM TEMPERATURE (F)   49        MM        MM


SUNRISE AND SUNSET
MARCH 23 2019.........SUNRISE   728 AM EDT   SUNSET   742 PM EDT
MARCH 24 2019.........SUNRISE   727 AM EDT   SUNSET   743 PM EDT


-  INDICATES NEGATIVE NUMBERS.
R  INDICATES RECORD WAS SET OR TIED.
MM INDICATES DATA IS MISSING.
T  INDICATES TRACE AMOUNT.




$$
