000
CDUS43 KLOT 230638
CLIDPA


CLIMATE REPORT
NATIONAL WEATHER SERVICE CHICAGO IL
135 AM CDT SAT MAR 23 2019


...................................

...THE DU PAGE  AIRPORT CLIMATE SUMMARY FOR MARCH 22 2019...

CLIMATE NORMAL PERIOD 1981 TO 2010
CLIMATE RECORD PERIOD 1997 TO 2019


WEATHER ITEM   OBSERVED TIME   RECORD YEAR NORMAL DEPARTURE LAST
                VALUE   (LST)  VALUE       VALUE  FROM      YEAR
                                                  NORMAL
..................................................................
TEMPERATURE (F)
 YESTERDAY
  MAXIMUM         51   1244 PM  83    2012  51      0       49
  MINIMUM         27   1125 PM  13    2002  30     -3       17
  AVERAGE         39                        40     -1       33

PRECIPITATION (IN)
  YESTERDAY        0.00          0.59        0.08  -0.08     0.00
  MONTH TO DATE    1.52                      1.60  -0.08     1.01
  SINCE MAR 1      1.52                      1.60  -0.08     1.01
  SINCE JAN 1      4.73                      4.33   0.40     3.21

DEGREE DAYS
 HEATING
  YESTERDAY       26                        25      1       32
  MONTH TO DATE  718                       630     88      655
  SINCE MAR 1    718                       630     88      655
  SINCE JUL 1   5794                      5385    409     5527

 COOLING
  YESTERDAY        0                         0      0        0
  MONTH TO DATE    0                         0      0        0
  SINCE MAR 1      0                         0      0        0
  SINCE JAN 1      0                         0      0        0
..................................................................


WIND (MPH)
  RESULTANT WIND SPEED   6   RESULTANT WIND DIRECTION   N (10)
  HIGHEST WIND SPEED    22   HIGHEST WIND DIRECTION     N (10)
  HIGHEST GUST SPEED    28   HIGHEST GUST DIRECTION    NW (330)
  AVERAGE WIND SPEED     9.5



WEATHER CONDITIONS
 THE FOLLOWING WEATHER WAS RECORDED YESTERDAY.
  NO SIGNIFICANT WEATHER WAS OBSERVED.


..........................................................


THE DU PAGE  AIRPORT CLIMATE NORMALS FOR TODAY
                         NORMAL    RECORD    YEAR
 MAXIMUM TEMPERATURE (F)   51        65      2012
                                             2000
 MINIMUM TEMPERATURE (F)   30        17      2014


SUNRISE AND SUNSET
MARCH 23 2019.........SUNRISE   652 AM CDT   SUNSET   708 PM CDT
MARCH 24 2019.........SUNRISE   650 AM CDT   SUNSET   709 PM CDT


-  INDICATES NEGATIVE NUMBERS.
R  INDICATES RECORD WAS SET OR TIED.
MM INDICATES DATA IS MISSING.
T  INDICATES TRACE AMOUNT.




$$
