000
CDUS43 KLOT 220637
CLIDPA


CLIMATE REPORT
NATIONAL WEATHER SERVICE CHICAGO IL
137 AM CDT WED MAY 22 2019


...................................

...THE DU PAGE  AIRPORT CLIMATE SUMMARY FOR MAY 21 2019...

CLIMATE NORMAL PERIOD 1981 TO 2010
CLIMATE RECORD PERIOD 1997 TO 2019


WEATHER ITEM   OBSERVED TIME   RECORD YEAR NORMAL DEPARTURE LAST
                VALUE   (LST)  VALUE       VALUE  FROM      YEAR
                                                  NORMAL
..................................................................
TEMPERATURE (F)
 YESTERDAY
  MAXIMUM         56   1039 PM  87    2009  73    -17       64
  MINIMUM         46   1203 AM  26    2002  50     -4       50
  AVERAGE         51                        61    -10       57

PRECIPITATION (IN)
  YESTERDAY        0.50          1.48        0.16   0.34     1.48
  MONTH TO DATE    4.48                      3.14   1.34     5.87
  SINCE MAR 1     11.34                      8.85   2.49     9.01
  SINCE JAN 1     14.55                     11.58   2.97    11.21

DEGREE DAYS
 HEATING
  YESTERDAY       14                         6      8        8
  MONTH TO DATE  202                       171     31       84
  SINCE MAR 1   1592                      1482    110     1708
  SINCE JUL 1   6668                      6237    431     6580

 COOLING
  YESTERDAY        0                         2     -2        0
  MONTH TO DATE    2                        19    -17       21
  SINCE MAR 1      4                        23    -19       21
  SINCE JAN 1      4                        23    -19       21
..................................................................


WIND (MPH)
  RESULTANT WIND SPEED  13   RESULTANT WIND DIRECTION   E (80)
  HIGHEST WIND SPEED    26   HIGHEST WIND DIRECTION     E (90)
  HIGHEST GUST SPEED    35   HIGHEST GUST DIRECTION     E (90)
  AVERAGE WIND SPEED    12.9



WEATHER CONDITIONS
 THE FOLLOWING WEATHER WAS RECORDED YESTERDAY.
  THUNDERSTORM
  HEAVY RAIN
  RAIN
  LIGHT RAIN
  FOG
  HAZE


..........................................................


THE DU PAGE  AIRPORT CLIMATE NORMALS FOR TODAY
                         NORMAL    RECORD    YEAR
 MAXIMUM TEMPERATURE (F)   73        88      2011
 MINIMUM TEMPERATURE (F)   50        34      2006


SUNRISE AND SUNSET
MAY 22 2019...........SUNRISE   527 AM CDT   SUNSET   813 PM CDT
MAY 23 2019...........SUNRISE   526 AM CDT   SUNSET   814 PM CDT


-  INDICATES NEGATIVE NUMBERS.
R  INDICATES RECORD WAS SET OR TIED.
MM INDICATES DATA IS MISSING.
T  INDICATES TRACE AMOUNT.




$$
