000
CDUS45 KVEF 230829
CLIDRA


CLIMATE REPORT
NATIONAL WEATHER SERVICE LAS VEGAS, NV
129 AM PDT SAT MAR 23 2019


...................................

...THE DESERT ROCK-MERCURY NV CLIMATE SUMMARY FOR MARCH 22 2019...

CLIMATE NORMAL PERIOD 1981 TO 2010
CLIMATE RECORD PERIOD 1978 TO 2019


WEATHER ITEM   OBSERVED TIME   RECORD YEAR NORMAL DEPARTURE LAST
                VALUE   (LST)  VALUE       VALUE  FROM      YEAR
                                                  NORMAL
..................................................................
TEMPERATURE (F)
 YESTERDAY
  MAXIMUM         61    412 PM  87    2004  68     -7       64
  MINIMUM         38    554 AM  30    2011  41     -3       54
                                      2006
  AVERAGE         50                        54     -4       59

PRECIPITATION (IN)
  YESTERDAY        0.00          0.39 1979   0.02  -0.02     0.09
  MONTH TO DATE    1.52                      0.51   1.01     0.49
  SINCE OCT 1      4.22                      3.50   0.72     1.58
  SINCE JAN 1      3.46                      2.14   1.32     1.58

SNOWFALL (IN)
  YESTERDAY        0.0           T    1987   0.0             0.0
  MONTH TO DATE    0.0                       0.2             0.0
  SINCE MAR 1      0.0                       0.2             0.0
  SINCE JUL 1      T                         3.3             0.0

DEGREE DAYS
 HEATING
  YESTERDAY       15

 COOLING
  YESTERDAY        0
..................................................................


WIND (MPH)
  HIGHEST WIND SPEED    18   HIGHEST WIND DIRECTION    SW (210)
  HIGHEST GUST SPEED    25   HIGHEST GUST DIRECTION    SW (220)
  AVERAGE WIND SPEED     6.9


SKY COVER
  POSSIBLE SUNSHINE  MM
  AVERAGE SKY COVER 0.0


WEATHER CONDITIONS
 THE FOLLOWING WEATHER WAS RECORDED YESTERDAY.
  NO SIGNIFICANT WEATHER WAS OBSERVED.


RELATIVE HUMIDITY (PERCENT)
 HIGHEST    92
 LOWEST     35
 AVERAGE    64

..........................................................


THE DESERT ROCK-MERCURY NV CLIMATE NORMALS FOR TODAY
                         NORMAL    RECORD    YEAR
 MAXIMUM TEMPERATURE (F)   68        83      1990
 MINIMUM TEMPERATURE (F)   41        26      1995


SUNRISE AND SUNSET
MARCH 23 2019.........SUNRISE   643 AM PDT   SUNSET   658 PM PDT
MARCH 24 2019.........SUNRISE   642 AM PDT   SUNSET   659 PM PDT


-  INDICATES NEGATIVE NUMBERS.
R  INDICATES RECORD WAS SET OR TIED.
MM INDICATES DATA IS MISSING.
T  INDICATES TRACE AMOUNT.




$$
