000
CDUS45 KVEF 270826
CLIDRA


CLIMATE REPORT
NATIONAL WEATHER SERVICE LAS VEGAS, NV
126 AM PDT MON MAY 27 2019


...................................

...THE DESERT ROCK-MERCURY NV CLIMATE SUMMARY FOR MAY 26 2019...

CLIMATE NORMAL PERIOD 1981 TO 2010
CLIMATE RECORD PERIOD 1978 TO 2019


WEATHER ITEM   OBSERVED TIME   RECORD YEAR NORMAL DEPARTURE LAST
                VALUE   (LST)  VALUE       VALUE  FROM      YEAR
                                                  NORMAL
..................................................................
TEMPERATURE (F)
 YESTERDAY
  MAXIMUM         68    238 PM  99    2014  87    -19       77
  MINIMUM         48   1159 PM  41    1980  58    -10       56
  AVERAGE         58                        73    -15       67

PRECIPITATION (IN)
  YESTERDAY        T             0.02 1981   0.01  -0.01     0.00
  MONTH TO DATE    1.33                      0.18   1.15     0.26
  SINCE OCT 1      5.94                      4.15   1.79     1.90
  SINCE JAN 1      5.18                      2.79   2.39     1.90

SNOWFALL (IN)
  YESTERDAY       MM            MM      MM   0.0             0.0
  MONTH TO DATE    0.0                       0.0             0.0
  SINCE MAR 1      0.0                       0.2             0.0
  SINCE JUL 1      T                         3.3             0.0

DEGREE DAYS
 HEATING
  YESTERDAY        7

 COOLING
  YESTERDAY        0
..................................................................


WIND (MPH)
  HIGHEST WIND SPEED    38   HIGHEST WIND DIRECTION    SW (220)
  HIGHEST GUST SPEED    51   HIGHEST GUST DIRECTION    SW (220)
  AVERAGE WIND SPEED    19.7


SKY COVER
  POSSIBLE SUNSHINE  MM
  AVERAGE SKY COVER 0.2


WEATHER CONDITIONS
 THE FOLLOWING WEATHER WAS RECORDED YESTERDAY.
  NO SIGNIFICANT WEATHER WAS OBSERVED.


RELATIVE HUMIDITY (PERCENT)
 HIGHEST    59
 LOWEST     26
 AVERAGE    43

..........................................................


THE DESERT ROCK-MERCURY NV CLIMATE NORMALS FOR TODAY
                         NORMAL    RECORD    YEAR
 MAXIMUM TEMPERATURE (F)   88       103      2003
 MINIMUM TEMPERATURE (F)   58        42      2012


SUNRISE AND SUNSET
MAY 27 2019...........SUNRISE   529 AM PDT   SUNSET   754 PM PDT
MAY 28 2019...........SUNRISE   529 AM PDT   SUNSET   754 PM PDT


-  INDICATES NEGATIVE NUMBERS.
R  INDICATES RECORD WAS SET OR TIED.
MM INDICATES DATA IS MISSING.
T  INDICATES TRACE AMOUNT.




$$
