000
CDUS45 KGJT 220755
CLIDRO


CLIMATE REPORT
NATIONAL WEATHER SERVICE GRAND JUNCTION CO
154 AM MDT WED MAY 22 2019


...................................

...THE DURANGO AIRPORT CO CLIMATE SUMMARY FOR MAY 21 2019...

CLIMATE NORMAL PERIOD 1981 TO 2010
CLIMATE RECORD PERIOD 9999 TO 9999


WEATHER ITEM   OBSERVED TIME   RECORD YEAR NORMAL DEPARTURE LAST
                VALUE   (LST)  VALUE       VALUE  FROM      YEAR
                                                  NORMAL
..................................................................
TEMPERATURE (F)
 YESTERDAY
  MAXIMUM         51   1247 PM  MM      MM  73    -22       74
  MINIMUM         31    543 AM  MM      MM  37     -6       42
  AVERAGE         41                        55    -14       58

PRECIPITATION (IN)
  YESTERDAY        0.11         MM      MM   0.02   0.09     0.02
  MONTH TO DATE    1.43                      0.64   0.79     0.23
  SINCE MAR 1      5.29                      2.99   2.30     0.53
  SINCE JAN 1      9.20                      5.27   3.93     1.41

SNOWFALL (IN)
  YESTERDAY       MM            MM      MM  MM     MM       MM
  MONTH TO DATE   MM                        MM     MM       MM
  SINCE MAR 1     MM                        MM     MM       MM
  SINCE JUL 1     MM                        MM     MM       MM
  SNOW DEPTH      MM

DEGREE DAYS
 HEATING
  YESTERDAY       24                        10     14        7
  MONTH TO DATE  341                       282     59      207
  SINCE MAR 1   1738                      1743     -5     1547
  SINCE JUL 1   7147                      6918    229     6121

 COOLING
  YESTERDAY        0                         0      0        0
  MONTH TO DATE    0                         0      0        0
  SINCE MAR 1      0                         0      0        0
  SINCE JAN 1      0                         0      0        0
..................................................................


WIND (MPH)
  HIGHEST WIND SPEED    29   HIGHEST WIND DIRECTION     W (270)
  HIGHEST GUST SPEED    42   HIGHEST GUST DIRECTION     W (270)
  AVERAGE WIND SPEED    11.3


SKY COVER
  POSSIBLE SUNSHINE  MM
  AVERAGE SKY COVER 0.6


WEATHER CONDITIONS
 THE FOLLOWING WEATHER WAS RECORDED YESTERDAY.
  THUNDERSTORM
  RAIN
  LIGHT RAIN
  FOG


RELATIVE HUMIDITY (PERCENT)
 HIGHEST   100           400 AM
 LOWEST     46           100 PM
 AVERAGE    73

..........................................................


THE DURANGO AIRPORT CO CLIMATE NORMALS FOR TODAY
                         NORMAL    RECORD    YEAR
 MAXIMUM TEMPERATURE (F)   73        MM        MM
 MINIMUM TEMPERATURE (F)   37        MM        MM


SUNRISE AND SUNSET
MAY 22 2019...........SUNRISE   558 AM MDT   SUNSET   818 PM MDT
MAY 23 2019...........SUNRISE   557 AM MDT   SUNSET   819 PM MDT


-  INDICATES NEGATIVE NUMBERS.
R  INDICATES RECORD WAS SET OR TIED.
MM INDICATES DATA IS MISSING.
T  INDICATES TRACE AMOUNT.




$$
