000
CDUS44 KEWX 242255
CLIDRT


CLIMATE REPORT
NATIONAL WEATHER SERVICE AUSTIN/SAN ANTONIO, TX
555 PM CDT TUE APR 24 2018


...................................

...THE DEL RIO CLIMATE SUMMARY FOR APRIL 24 2018...
VALID TODAY AS OF 0500 PM LOCAL TIME.

CLIMATE NORMAL PERIOD 1981 TO 2010
CLIMATE RECORD PERIOD 1906 TO 2018


WEATHER ITEM   OBSERVED TIME   RECORD YEAR NORMAL DEPARTURE LAST
                VALUE   (LST)  VALUE       VALUE  FROM      YEAR
                                                  NORMAL
..................................................................
TEMPERATURE (F)
 TODAY
  MAXIMUM         95    339 PM  99    1978  85     10       85
  MINIMUM         63    557 AM  46    1968  62      1       54
  AVERAGE         79                        74      5       70

PRECIPITATION (IN)
  TODAY            0.00          2.69 1966   0.06  -0.06     0.00
  MONTH TO DATE    0.01                      1.24  -1.23     5.64
  SINCE MAR 1      0.14                      2.38  -2.24     6.15
  SINCE JAN 1      0.33                      3.98  -3.65     7.12

SNOWFALL (IN)
  TODAY            0.0
  MONTH TO DATE    0.0
  SINCE MAR 1      0.0
  SINCE JUL 1      T
  SNOW DEPTH       0

DEGREE DAYS
 HEATING
  TODAY            0                         0      0        0
  MONTH TO DATE    7                        24    -17       10
  SINCE MAR 1     39                       138    -99       47
  SINCE JUL 1   1270                      1374   -104      840

 COOLING
  TODAY           14                         9      5        5
  MONTH TO DATE  170                       164      6      175
  SINCE MAR 1    314                       251     63      329
  SINCE JAN 1    356                       270     86      392
..................................................................


WIND (MPH)
  HIGHEST WIND SPEED    22   HIGHEST WIND DIRECTION    SE (150)
  HIGHEST GUST SPEED    29   HIGHEST GUST DIRECTION    SE (140)
  AVERAGE WIND SPEED    10.6



WEATHER CONDITIONS
 THE FOLLOWING WEATHER WAS RECORDED TODAY.
  NO SIGNIFICANT WEATHER WAS OBSERVED.


RELATIVE HUMIDITY (PERCENT)
 HIGHEST    73           700 AM
 LOWEST     33           400 PM
 AVERAGE    53

..........................................................


THE DEL RIO CLIMATE NORMALS FOR TOMORROW
                         NORMAL    RECORD    YEAR
 MAXIMUM TEMPERATURE (F)   86       103      1996
 MINIMUM TEMPERATURE (F)   62        40      1913


SUNRISE AND SUNSET
APRIL 24 2018.........SUNRISE   708 AM CDT   SUNSET   816 PM CDT
APRIL 25 2018.........SUNRISE   707 AM CDT   SUNSET   816 PM CDT


-  INDICATES NEGATIVE NUMBERS.
R  INDICATES RECORD WAS SET OR TIED.
MM INDICATES DATA IS MISSING.
T  INDICATES TRACE AMOUNT.




$$
