000
CDUS44 KEWX 230719
CLIDRT


CLIMATE REPORT
NATIONAL WEATHER SERVICE AUSTIN/SAN ANTONIO, TX
219 AM CDT SAT MAR 23 2019


...................................

...THE DEL RIO CLIMATE SUMMARY FOR MARCH 22 2019...

CLIMATE NORMAL PERIOD 1981 TO 2010
CLIMATE RECORD PERIOD 1906 TO 2019


WEATHER ITEM   OBSERVED TIME   RECORD YEAR NORMAL DEPARTURE LAST
                VALUE   (LST)  VALUE       VALUE  FROM      YEAR
                                                  NORMAL
..................................................................
TEMPERATURE (F)
 YESTERDAY
  MAXIMUM         75    436 PM  96    1995  78     -3       83
  MINIMUM         63    752 AM  30    1968  54      9       57
  AVERAGE         69                        66      3       70

PRECIPITATION (IN)
  YESTERDAY        0.00          0.50 2003   0.04  -0.04     0.00
  MONTH TO DATE    0.41                      0.83  -0.42      T
  SINCE MAR 1      0.41                      0.83  -0.42      T
  SINCE JAN 1      0.66                      2.43  -1.77     0.19

SNOWFALL (IN)
  YESTERDAY        0.0
  MONTH TO DATE    0.0
  SINCE MAR 1      0.0
  SINCE JUL 1      0.0

DEGREE DAYS
 HEATING
  YESTERDAY        0                         3     -3        0
  MONTH TO DATE  143                        94     49       32
  SINCE MAR 1    143                        94     49       32
  SINCE JUL 1   1396                      1330     66     1263

 COOLING
  YESTERDAY        4                         3      1        5
  MONTH TO DATE   34                        50    -16       80
  SINCE MAR 1     34                        50    -16       80
  SINCE JAN 1     53                        69    -16      122
..................................................................


WIND (MPH)
  HIGHEST WIND SPEED    26   HIGHEST WIND DIRECTION    SE (140)
  HIGHEST GUST SPEED    34   HIGHEST GUST DIRECTION     E (100)
  AVERAGE WIND SPEED    13.7


SKY COVER
  AVERAGE SKY COVER 0.9


WEATHER CONDITIONS
 THE FOLLOWING WEATHER WAS RECORDED YESTERDAY.
  NO SIGNIFICANT WEATHER WAS OBSERVED.


RELATIVE HUMIDITY (PERCENT)
 HIGHEST    78           600 AM
 LOWEST     57           200 PM
 AVERAGE    68

..........................................................


THE DEL RIO CLIMATE NORMALS FOR TODAY
                         NORMAL    RECORD    YEAR
 MAXIMUM TEMPERATURE (F)   78        95      1995
 MINIMUM TEMPERATURE (F)   54        35      1952


SUNRISE AND SUNSET
MARCH 23 2019.........SUNRISE   744 AM CDT   SUNSET   757 PM CDT
MARCH 24 2019.........SUNRISE   743 AM CDT   SUNSET   757 PM CDT


-  INDICATES NEGATIVE NUMBERS.
R  INDICATES RECORD WAS SET OR TIED.
MM INDICATES DATA IS MISSING.
T  INDICATES TRACE AMOUNT.




$$
