000
CDUS43 KDTX 222026
CLIDTW


CLIMATE REPORT
NATIONAL WEATHER SERVICE DETROIT/PONTIAC MI
426 PM EDT WED MAY 22 2019


...................................

...THE DETROIT MI CLIMATE SUMMARY FOR MAY 22 2019...
VALID TODAY AS OF 0400 PM LOCAL TIME.

CLIMATE NORMAL PERIOD 1981 TO 2010
CLIMATE RECORD PERIOD 1874 TO 2019


WEATHER ITEM   OBSERVED TIME   RECORD YEAR NORMAL DEPARTURE LAST
                VALUE   (LST)  VALUE       VALUE  FROM      YEAR
                                                  NORMAL
..................................................................
TEMPERATURE (F)
 TODAY
  MAXIMUM         66    255 PM  90    1994  72     -6       77
                                      1964
  MINIMUM         51   1008 AM  32    1883  51      0       54
  AVERAGE         59                        62     -3       66

PRECIPITATION (IN)
  TODAY            0.27          1.14 1949   0.12   0.15     0.13
  MONTH TO DATE    2.86                      2.34   0.52     6.16
  SINCE MAR 1     11.14                      7.52   3.62    12.58
  SINCE JAN 1     15.22                     11.50   3.72    18.21

SNOWFALL (IN)
  TODAY            0.0           2.7  1883   0.0    0.0      0.0
  MONTH TO DATE    0.0                       0.0    0.0      0.0
  SINCE MAR 1      2.6                       8.6   -6.0      8.3
  SINCE JUL 1     31.3                      42.5  -11.2     61.0
  SNOW DEPTH       0

DEGREE DAYS
 HEATING
  TODAY            6                         5      1        0
  MONTH TO DATE  200                       171     29       76
  SINCE MAR 1   1619                      1512    107     1639
  SINCE JUL 1   6151                      6065     86     6075

 COOLING
  TODAY            0                         2     -2        1
  MONTH TO DATE    3                        20    -17       21
  SINCE MAR 1      3                        26    -23       21
  SINCE JAN 1      3                        26    -23       21
..................................................................


WIND (MPH)
  HIGHEST WIND SPEED    13   HIGHEST WIND DIRECTION     S (170)
  HIGHEST GUST SPEED    17   HIGHEST GUST DIRECTION     E (80)
  AVERAGE WIND SPEED     7.8


SKY COVER
  POSSIBLE SUNSHINE  MM
  AVERAGE SKY COVER 1.0


WEATHER CONDITIONS
 THE FOLLOWING WEATHER WAS RECORDED TODAY.
  HEAVY RAIN
  RAIN
  LIGHT RAIN


RELATIVE HUMIDITY (PERCENT)
 HIGHEST    83          1000 AM
 LOWEST     55           700 AM
 AVERAGE    69

..........................................................


THE DETROIT MI CLIMATE NORMALS FOR TOMORROW
                         NORMAL    RECORD    YEAR
 MAXIMUM TEMPERATURE (F)   72        89      1964
 MINIMUM TEMPERATURE (F)   52        34      1935
                                             1917


SUNRISE AND SUNSET
MAY 22 2019...........SUNRISE   606 AM EDT   SUNSET   854 PM EDT
MAY 23 2019...........SUNRISE   605 AM EDT   SUNSET   855 PM EDT


-  INDICATES NEGATIVE NUMBERS.
R  INDICATES RECORD WAS SET OR TIED.
MM INDICATES DATA IS MISSING.
T  INDICATES TRACE AMOUNT.




$$
