000
CDUS43 KDTX 222044
CLIDTW


CLIMATE REPORT
NATIONAL WEATHER SERVICE DETROIT/PONTIAC MI
444 PM EDT FRI MAR 22 2019


...................................

...THE DETROIT MI CLIMATE SUMMARY FOR MARCH 22 2019...
VALID TODAY AS OF 0400 PM LOCAL TIME.

CLIMATE NORMAL PERIOD 1981 TO 2010
CLIMATE RECORD PERIOD 1874 TO 2019


WEATHER ITEM   OBSERVED TIME   RECORD YEAR NORMAL DEPARTURE LAST
                VALUE   (LST)  VALUE       VALUE  FROM      YEAR
                                                  NORMAL
..................................................................
TEMPERATURE (F)
 TODAY
  MAXIMUM         46    151 PM  86    2012  48     -2       47
  MINIMUM         32    400 AM   3    1885  31      1       26
  AVERAGE         39                        40     -1       37

PRECIPITATION (IN)
  TODAY            0.01          0.93 1916   0.07  -0.06     0.00
  MONTH TO DATE    1.11                      1.56  -0.45     1.57
  SINCE MAR 1      1.11                      1.56  -0.45     1.57
  SINCE JAN 1      5.19                      5.54  -0.35     7.20

SNOWFALL (IN)
  TODAY            T             9.5  1916   0.1   -0.1      0.0
  MONTH TO DATE    1.2                       5.5   -4.3      5.9
  SINCE MAR 1      1.2                       5.5   -4.3      5.9
  SINCE JUL 1     29.9                      39.4   -9.5     58.6
  SNOW DEPTH       0

DEGREE DAYS
 HEATING
  TODAY           26                        26      0       28
  MONTH TO DATE  718                       651     67      683
  SINCE MAR 1    718                       651     67      683
  SINCE JUL 1   5250                      5204     46     5119

 COOLING
  TODAY            0                         0      0        0
  MONTH TO DATE    0                         0      0        0
  SINCE MAR 1      0                         0      0        0
  SINCE JAN 1      0                         0      0        0
..................................................................


WIND (MPH)
  HIGHEST WIND SPEED    26   HIGHEST WIND DIRECTION    NW (330)
  HIGHEST GUST SPEED    35   HIGHEST GUST DIRECTION    NW (300)
  AVERAGE WIND SPEED    12.5


SKY COVER
  POSSIBLE SUNSHINE  MM
  AVERAGE SKY COVER 0.9


WEATHER CONDITIONS
 THE FOLLOWING WEATHER WAS RECORDED TODAY.
  LIGHT SNOW
  HAZE


RELATIVE HUMIDITY (PERCENT)
 HIGHEST    82           500 AM
 LOWEST     45           200 PM
 AVERAGE    64

..........................................................


THE DETROIT MI CLIMATE NORMALS FOR TOMORROW
                         NORMAL    RECORD    YEAR
 MAXIMUM TEMPERATURE (F)   49        73      2012
                                             1994
                                             1988
 MINIMUM TEMPERATURE (F)   31         2      1888


SUNRISE AND SUNSET
MARCH 22 2019.........SUNRISE   734 AM EDT   SUNSET   748 PM EDT
MARCH 23 2019.........SUNRISE   732 AM EDT   SUNSET   749 PM EDT


-  INDICATES NEGATIVE NUMBERS.
R  INDICATES RECORD WAS SET OR TIED.
MM INDICATES DATA IS MISSING.
T  INDICATES TRACE AMOUNT.




$$
