000
CDUS45 KTWC 200032
CLIDUG


CLIMATE REPORT
NATIONAL WEATHER SERVICE TUCSON AZ
531 PM MST TUE MAR 19 2019


...................................

...THE DOUGLAS AZ CLIMATE SUMMARY FOR MARCH 19 2019...
VALID TODAY AS OF 0500 PM LOCAL TIME.

CLIMATE NORMAL PERIOD 1981 TO 2010
CLIMATE RECORD PERIOD 1948 TO 2019


WEATHER ITEM   OBSERVED TIME   RECORD YEAR NORMAL DEPARTURE LAST
                VALUE   (LST)  VALUE       VALUE  FROM      YEAR
                                                  NORMAL
..................................................................
TEMPERATURE (F)
 TODAY
  MAXIMUM         72    404 PM  88    2017  73     -1       69
  MINIMUM         41    633 AM  20    1951  37      4       28
  AVERAGE         57                        55      2       49

PRECIPITATION (IN)
  TODAY            0.00                      0.01  -0.01     0.00
  MONTH TO DATE    1.32                      0.35   0.97     0.00
  SINCE OCT 1      6.19                      4.29   1.90     1.87
  SINCE JAN 1      2.42                      1.74   0.68     1.04

DEGREE DAYS
 HEATING
  TODAY            8                        10     -2       16
  MONTH TO DATE  233                       218     15      190
  SINCE MAR 1    233                       218     15      190
  SINCE JUL 1   2518                      2254    264     1865

 COOLING
  TODAY            0                         0      0        0
  MONTH TO DATE    0                         0      0        0
  SINCE MAR 1      0                         0      0        0
  SINCE JAN 1      0                         0      0        0
..................................................................


WIND (MPH)
  HIGHEST WIND SPEED    12   HIGHEST WIND DIRECTION    SE (120)
  HIGHEST GUST SPEED    19   HIGHEST GUST DIRECTION     S (170)
  AVERAGE WIND SPEED    MM


SKY COVER
  POSSIBLE SUNSHINE  MM
  AVERAGE SKY COVER  MM


WEATHER CONDITIONS
 THE FOLLOWING WEATHER WAS RECORDED TODAY.
  NO SIGNIFICANT WEATHER WAS OBSERVED.


RELATIVE HUMIDITY (PERCENT)
 HIGHEST    MM
 LOWEST     MM
 AVERAGE    MM

..........................................................


THE DOUGLAS AZ CLIMATE NORMALS FOR TOMORROW
                         NORMAL    RECORD    YEAR
 MAXIMUM TEMPERATURE (F)   73        87      2017
 MINIMUM TEMPERATURE (F)   38        20      2012


SUNRISE AND SUNSET
MARCH 19 2019.........SUNRISE   624 AM MST   SUNSET   629 PM MST
MARCH 20 2019.........SUNRISE   622 AM MST   SUNSET   630 PM MST


-  INDICATES NEGATIVE NUMBERS.
R  INDICATES RECORD WAS SET OR TIED.
MM INDICATES DATA IS MISSING.
T  INDICATES TRACE AMOUNT.




$$
