000
CDUS45 KTWC 270027 RRA
CLIDUG

CLIMATE REPORT
NATIONAL WEATHER SERVICE TUCSON AZ
526 PM MST THU APR 26 2018


...................................

...THE DOUGLAS AZ CLIMATE SUMMARY FOR APRIL 26 2018...
VALID TODAY AS OF 0500 PM LOCAL TIME.

CLIMATE NORMAL PERIOD 1981 TO 2010
CLIMATE RECORD PERIOD 1948 TO 2018


WEATHER ITEM   OBSERVED TIME   RECORD YEAR NORMAL DEPARTURE LAST
                VALUE   (LST)  VALUE       VALUE  FROM      YEAR
                                                  NORMAL
..................................................................
TEMPERATURE (F)
 TODAY
  MAXIMUM         86    328 PM  97    2000  82      4       82
  MINIMUM         53    619 AM  34    1964  46      7       47
                                      1961
  AVERAGE         70                        64      6       65

PRECIPITATION (IN)
  TODAY            0.00                      0.01  -0.01     0.00
  MONTH TO DATE    T                         0.20  -0.20      T
  SINCE OCT 1      1.87                      4.64  -2.77     3.05
  SINCE JAN 1      1.04                      2.09  -1.05     1.70

DEGREE DAYS
 HEATING
  TODAY            0                         3     -3        0
  MONTH TO DATE   64                       130    -66       89
  SINCE MAR 1    331                       455   -124      270
  SINCE JUL 1   2006                      2491   -485     2063

 COOLING
  TODAY            5                         2      3        0
  MONTH TO DATE   47                        18     29       28
  SINCE MAR 1     54                        19     35       35
  SINCE JAN 1     54                        19     35       35
..................................................................


WIND (MPH)
  HIGHEST WIND SPEED    18   HIGHEST WIND DIRECTION    SW (210)
  HIGHEST GUST SPEED    25   HIGHEST GUST DIRECTION    SW (210)
  AVERAGE WIND SPEED     4.3


SKY COVER
  POSSIBLE SUNSHINE  MM
  AVERAGE SKY COVER 0.0


WEATHER CONDITIONS
 THE FOLLOWING WEATHER WAS RECORDED TODAY.
  NO SIGNIFICANT WEATHER WAS OBSERVED.


RELATIVE HUMIDITY (PERCENT)
 HIGHEST    26
 LOWEST     12
 AVERAGE    19

..........................................................


THE DOUGLAS AZ CLIMATE NORMALS FOR TOMORROW
                         NORMAL    RECORD    YEAR
 MAXIMUM TEMPERATURE (F)   83        96      2000
 MINIMUM TEMPERATURE (F)   46        32      1969


SUNRISE AND SUNSET
APRIL 26 2018.........SUNRISE   538 AM MST   SUNSET   655 PM MST
APRIL 27 2018.........SUNRISE   537 AM MST   SUNSET   655 PM MST


-  INDICATES NEGATIVE NUMBERS.
R  INDICATES RECORD WAS SET OR TIED.
MM INDICATES DATA IS MISSING.
T  INDICATES TRACE AMOUNT.




$$
