408
CDUS45 KTWC 231433
CLIDUG


CLIMATE REPORT
NATIONAL WEATHER SERVICE TUCSON AZ
732 AM MST THU MAY 23 2019


...................................

...THE DOUGLAS AZ CLIMATE SUMMARY FOR MAY 23 2019...
VALID AS OF 0700 AM LOCAL TIME.

CLIMATE NORMAL PERIOD 1981 TO 2010
CLIMATE RECORD PERIOD 1948 TO 2019


WEATHER ITEM   OBSERVED TIME   RECORD YEAR NORMAL DEPARTURE LAST
                VALUE   (LST)  VALUE       VALUE  FROM      YEAR
                                                  NORMAL
..................................................................
TEMPERATURE (F)
 TODAY
  MINIMUM         53    658 AM  42    1962  53      0       49

PRECIPITATION (IN)
  TODAY            0.00          0.07 1992   0.01  -0.01     0.00
  MONTH TO DATE    0.28                      0.20   0.08     0.00
  SINCE OCT 1      7.12                      4.87   2.25     1.87
  SINCE JAN 1      3.35                      2.32   1.03     1.04

DEGREE DAYS
 HEATING
  TODAY            7                         0      7        0

 COOLING
  TODAY            0                         7     -7        4
..................................................................


WIND (MPH)
  HIGHEST WIND SPEED    25   HIGHEST WIND DIRECTION     S (180)
  HIGHEST GUST SPEED    36   HIGHEST GUST DIRECTION     S (170)
  AVERAGE WIND SPEED    MM


SKY COVER
  POSSIBLE SUNSHINE  MM
  AVERAGE SKY COVER  MM


WEATHER CONDITIONS
 THE FOLLOWING WEATHER WAS RECORDED TODAY.
  NO SIGNIFICANT WEATHER WAS OBSERVED.


RELATIVE HUMIDITY (PERCENT)
 HIGHEST    MM

..........................................................


THE DOUGLAS AZ CLIMATE NORMALS FOR TOMORROW
                         NORMAL    RECORD    YEAR
 MAXIMUM TEMPERATURE (F)   90       101      1984
 MINIMUM TEMPERATURE (F)   54        40      2015


SUNRISE AND SUNSET
MAY 23 2019...........SUNRISE   518 AM MST   SUNSET   713 PM MST
MAY 24 2019...........SUNRISE   517 AM MST   SUNSET   714 PM MST


-  INDICATES NEGATIVE NUMBERS.
R  INDICATES RECORD WAS SET OR TIED.
MM INDICATES DATA IS MISSING.
T  INDICATES TRACE AMOUNT.




$$
