000
CDUS41 KPBZ 192114
CLIDUJ


CLIMATE REPORT
NATIONAL WEATHER SERVICE PITTSBURGH PA
513 PM EDT SUN MAY 19 2019


...................................

...THE DUBOIS CLIMATE SUMMARY FOR MAY 19 2019...
VALID TODAY AS OF 0500 PM LOCAL TIME.

CLIMATE NORMAL PERIOD 1981 TO 2010
CLIMATE RECORD PERIOD 1960 TO 2019


WEATHER ITEM   OBSERVED TIME   RECORD YEAR NORMAL DEPARTURE LAST
                VALUE   (LST)  VALUE       VALUE  FROM      YEAR
                                                  NORMAL
..................................................................
TEMPERATURE (F)
 TODAY
  MAXIMUM         83    306 PM  86    1996  68     15       71
  MINIMUM         60    455 AM  28    2002  46     14       50
  AVERAGE         72                        57     15       61

PRECIPITATION (IN)
  TODAY            0.00         MM      MM   0.14  -0.14     0.19
  MONTH TO DATE    2.55                      2.51   0.04     2.93
  SINCE JUN 1     53.89                     41.34  12.55    39.40
  SINCE JAN 1     14.91                     14.74   0.17    18.62

DEGREE DAYS
 HEATING
  TODAY            0                         9     -9        4
  MONTH TO DATE  145                       204    -59       68
  SINCE MAR 1   1607                      1694    -87     1846
  SINCE JUL 1   6460                      6717   -257     6306

 COOLING
  TODAY            7                         1      6        0
  MONTH TO DATE    7                         7      0       19
  SINCE MAR 1      7                        11     -4       22
  SINCE JAN 1      7                        11     -4       22
..................................................................


WIND (MPH)
  HIGHEST WIND SPEED    23   HIGHEST WIND DIRECTION    SW (240)
  HIGHEST GUST SPEED    31   HIGHEST GUST DIRECTION    SW (220)
  AVERAGE WIND SPEED     8.4


SKY COVER
  POSSIBLE SUNSHINE  MM
  AVERAGE SKY COVER 0.2


WEATHER CONDITIONS
 THE FOLLOWING WEATHER WAS RECORDED TODAY.
  FOG


RELATIVE HUMIDITY (PERCENT)
 HIGHEST    90          1200 AM
 LOWEST     47           200 PM
 AVERAGE    69

..........................................................


THE DUBOIS CLIMATE NORMALS FOR TOMORROW
                         NORMAL    RECORD    YEAR
 MAXIMUM TEMPERATURE (F)   68        87      1977
 MINIMUM TEMPERATURE (F)   47        26      2002


SUNRISE AND SUNSET
MAY 19 2019...........SUNRISE   554 AM EDT   SUNSET   831 PM EDT
MAY 20 2019...........SUNRISE   553 AM EDT   SUNSET   832 PM EDT


-  INDICATES NEGATIVE NUMBERS.
R  INDICATES RECORD WAS SET OR TIED.
MM INDICATES DATA IS MISSING.
T  INDICATES TRACE AMOUNT.




$$
