000
CDUS43 KFGF 190717
CLIDVL


CLIMATE REPORT
NATIONAL WEATHER SERVICE EASTERN NORTH DAKOTA/GRAND FORKS
216 AM CDT SUN MAY 19 2019


...................................

...THE DEVILS LAKE ND CLIMATE SUMMARY FOR MAY 18 2019...

CLIMATE NORMAL PERIOD 1981 TO 2010
CLIMATE RECORD PERIOD 1921 TO 2019


WEATHER ITEM   OBSERVED TIME   RECORD YEAR NORMAL DEPARTURE LAST
                VALUE   (LST)  VALUE       VALUE  FROM      YEAR
                                                  NORMAL
..................................................................
TEMPERATURE (F)
 YESTERDAY
  MAXIMUM         53        MM  90    1934  67    -14       49
  MINIMUM         40        MM  28    1990  47     -7       42
  AVERAGE         47                        57    -10       46

PRECIPITATION (IN)
  YESTERDAY        0.00          1.44 1989   0.09  -0.09     0.50
  MONTH TO DATE    0.23                      1.24  -1.01     0.78
  SINCE MAR 1      1.01                      3.04  -2.03     0.79
  SINCE JAN 1      1.01                      4.12  -3.11     0.79

DEGREE DAYS
 COOLING
  YESTERDAY        0                         1     -1        0
  MONTH TO DATE    0                         6     -6        0
  SINCE MAR 1      0                         8     -8        0
  SINCE JAN 1      0                         8     -8        0
..................................................................


WIND (MPH)
  HIGHEST WIND SPEED    32   HIGHEST WIND DIRECTION    NE (40)
  HIGHEST GUST SPEED    37   HIGHEST GUST DIRECTION    NE (40)
  AVERAGE WIND SPEED    21.8


SKY COVER
  AVERAGE SKY COVER 0.5


WEATHER CONDITIONS
 THE FOLLOWING WEATHER WAS RECORDED YESTERDAY.
  NO SIGNIFICANT WEATHER WAS OBSERVED.


RELATIVE HUMIDITY (PERCENT)
 HIGHEST    65
 LOWEST     32
 AVERAGE    49

..........................................................


THE DEVILS LAKE ND CLIMATE NORMALS FOR TODAY
                         NORMAL    RECORD    YEAR
 MAXIMUM TEMPERATURE (F)   67        94      1948
 MINIMUM TEMPERATURE (F)   47        25      1924


SUNRISE AND SUNSET
MAY 19 2019...........SUNRISE   552 AM CDT   SUNSET   913 PM CDT
MAY 20 2019...........SUNRISE   551 AM CDT   SUNSET   914 PM CDT


-  INDICATES NEGATIVE NUMBERS.
R  INDICATES RECORD WAS SET OR TIED.
MM INDICATES DATA IS MISSING.
T  INDICATES TRACE AMOUNT.




$$
