000
CDUS43 KDVN 250935
CLIDVN


CLIMATE REPORT
NATIONAL WEATHER SERVICE QUAD CITIES IA IL
434 AM CDT SAT MAY 25 2019


...................................

...THE DAVENPORT IA CLIMATE SUMMARY FOR MAY 24 2019...

CLIMATE NORMAL PERIOD 1981 TO 2010
CLIMATE RECORD PERIOD 9999 TO 9999


WEATHER ITEM   OBSERVED TIME   RECORD YEAR NORMAL DEPARTURE LAST
                VALUE   (LST)  VALUE       VALUE  FROM      YEAR
                                                  NORMAL
..................................................................
TEMPERATURE (F)
 YESTERDAY
  MAXIMUM         82    516 PM  MM      MM  75      7       89
  MINIMUM         57    550 AM  MM      MM  53      4       60
  AVERAGE         70                        64      6       75

PRECIPITATION (IN)
  YESTERDAY        0.18         MM      MM   0.16   0.02     0.00
  MONTH TO DATE    4.43                      3.30   1.13     3.14
  SINCE MAR 1     12.39                      9.33   3.06     6.33
  SINCE JAN 1     18.83                     11.86   6.97     9.46

SNOWFALL (IN)
  YESTERDAY        0.0          MM      MM  MM     MM        0.0
  MONTH TO DATE    0.0                      MM     MM        0.0
  SINCE MAR 1      3.0                      MM     MM       11.9
  SINCE JUL 1     56.9                      MM     MM       36.2
  SNOW DEPTH       0

DEGREE DAYS
 HEATING
  YESTERDAY        0                         4     -4        0
  MONTH TO DATE  208                       162     46       36
  SINCE MAR 1   1561                      1441    120     1609
  SINCE JUL 1   6792                      6466    326     6467

 COOLING
  YESTERDAY        5                         2      3       10
  MONTH TO DATE   16                        34    -18       63
  SINCE MAR 1     18                        40    -22       63
  SINCE JAN 1     18                        40    -22       63
..................................................................


WIND (MPH)
  HIGHEST WIND SPEED    32   HIGHEST WIND DIRECTION    SW (230)
  HIGHEST GUST SPEED    51   HIGHEST GUST DIRECTION    SW (230)
  AVERAGE WIND SPEED    14.1


SKY COVER
  POSSIBLE SUNSHINE  MM
  AVERAGE SKY COVER 0.6


WEATHER CONDITIONS
 THE FOLLOWING WEATHER WAS RECORDED YESTERDAY.
  THUNDERSTORM
  HEAVY RAIN
  RAIN
  LIGHT RAIN
  FOG


RELATIVE HUMIDITY (PERCENT)
 HIGHEST    87           800 PM
 LOWEST     65           500 PM
 AVERAGE    76

..........................................................


THE DAVENPORT IA CLIMATE NORMALS FOR TODAY
                         NORMAL    RECORD    YEAR
 MAXIMUM TEMPERATURE (F)   75        MM        MM
 MINIMUM TEMPERATURE (F)   53        MM        MM


SUNRISE AND SUNSET
MAY 25 2019...........SUNRISE   535 AM CDT   SUNSET   824 PM CDT
MAY 26 2019...........SUNRISE   534 AM CDT   SUNSET   825 PM CDT


-  INDICATES NEGATIVE NUMBERS.
R  INDICATES RECORD WAS SET OR TIED.
MM INDICATES DATA IS MISSING.
T  INDICATES TRACE AMOUNT.




$$
