000
CDUS43 KDVN 222123
CLIDVN


CLIMATE REPORT
NATIONAL WEATHER SERVICE QUAD CITIES IA IL
422 PM CDT FRI MAR 22 2019


...................................

...THE DAVENPORT IA CLIMATE SUMMARY FOR MARCH 22 2019...
VALID TODAY AS OF 0400 PM LOCAL TIME.

CLIMATE NORMAL PERIOD 1981 TO 2010
CLIMATE RECORD PERIOD 9999 TO 9999


WEATHER ITEM   OBSERVED TIME   RECORD YEAR NORMAL DEPARTURE LAST
                VALUE   (LST)  VALUE       VALUE  FROM      YEAR
                                                  NORMAL
..................................................................
TEMPERATURE (F)
 TODAY
  MAXIMUM         54    244 PM  MM      MM  52      2       53
  MINIMUM         32    606 AM  MM      MM  30      2       17
  AVERAGE         43                        41      2       35

PRECIPITATION (IN)
  TODAY            0.00         MM      MM   0.08  -0.08     0.00
  MONTH TO DATE    1.64                      1.76  -0.12     0.93
  SINCE MAR 1      1.64                      1.76  -0.12     0.93
  SINCE JAN 1      8.08                      4.29   3.79     4.06

SNOWFALL (IN)
  TODAY            0.0          MM      MM  MM     MM        0.0
  MONTH TO DATE    3.0                      MM     MM        0.6
  SINCE MAR 1      3.0                      MM     MM        0.6
  SINCE JUL 1     56.9                      MM     MM       24.9
  SNOW DEPTH       0

DEGREE DAYS
 HEATING
  TODAY           22                        24     -2       30
  MONTH TO DATE  725                       635     90      629
  SINCE MAR 1    725                       635     90      629
  SINCE JUL 1   5956                      5660    296     5487

 COOLING
  TODAY            0                         0      0        0
  MONTH TO DATE    0                         0      0        0
  SINCE MAR 1      0                         0      0        0
  SINCE JAN 1      0                         0      0        0
..................................................................


WIND (MPH)
  HIGHEST WIND SPEED    17   HIGHEST WIND DIRECTION     N (350)
  HIGHEST GUST SPEED    23   HIGHEST GUST DIRECTION     N (350)
  AVERAGE WIND SPEED     9.9


SKY COVER
  POSSIBLE SUNSHINE  MM
  AVERAGE SKY COVER 0.0


WEATHER CONDITIONS
 THE FOLLOWING WEATHER WAS RECORDED TODAY.
  FOG


RELATIVE HUMIDITY (PERCENT)
 HIGHEST    89           200 AM
 LOWEST     35           300 PM
 AVERAGE    62

..........................................................


THE DAVENPORT IA CLIMATE NORMALS FOR TOMORROW
                         NORMAL    RECORD    YEAR
 MAXIMUM TEMPERATURE (F)   52        MM        MM
 MINIMUM TEMPERATURE (F)   31        MM        MM


SUNRISE AND SUNSET
MARCH 22 2019.........SUNRISE   703 AM CDT   SUNSET   717 PM CDT
MARCH 23 2019.........SUNRISE   701 AM CDT   SUNSET   718 PM CDT


-  INDICATES NEGATIVE NUMBERS.
R  INDICATES RECORD WAS SET OR TIED.
MM INDICATES DATA IS MISSING.
T  INDICATES TRACE AMOUNT.




$$
