000
CDUS46 KOTX 260450
CLIEAT


CLIMATE REPORT
NATIONAL WEATHER SERVICE SPOKANE, WA
950 PM PDT SAT MAY 25 2019


...................................

...THE WENATCHEE WA PANGBORN FIELD CLIMATE SUMMARY FOR MAY 25 2019...
VALID TODAY AS OF 0900 PM LOCAL TIME.

CLIMATE NORMAL PERIOD 1981 TO 2010
CLIMATE RECORD PERIOD 1959 TO 2019


WEATHER ITEM   OBSERVED TIME   RECORD YEAR NORMAL DEPARTURE LAST
                VALUE   (LST)  VALUE       VALUE  FROM      YEAR
                                                  NORMAL
..................................................................
TEMPERATURE (F)
 TODAY
  MAXIMUM         61    457 PM  93    1992  74    -13       81
  MINIMUM         53    448 AM  39    1984  51      2       59
  AVERAGE         57                        62     -5       70

PRECIPITATION (IN)
  TODAY            0.05          0.49 1981   0.03   0.02     0.00
  MONTH TO DATE    0.43                      0.51  -0.08     0.66
  SINCE OCT 1      6.10                      6.43  -0.33     7.36
  SINCE JAN 1      3.56                      3.48   0.08     4.28

DEGREE DAYS
 HEATING
  TODAY            8                         4      4        0
  MONTH TO DATE   94                       177    -83       33
  SINCE MAR 1   1378                      1229    149     1165
  SINCE JUL 1   5957                      5693    264     5583

 COOLING
  TODAY            0                         2     -2        5
  MONTH TO DATE   25                        24      1       83
  SINCE MAR 1     25                        62    -37       83
  SINCE JAN 1     25                        62    -37       83
..................................................................


WIND (MPH)
  HIGHEST WIND SPEED    17   HIGHEST WIND DIRECTION    NW (300)
  HIGHEST GUST SPEED    20   HIGHEST GUST DIRECTION    NW (330)
  AVERAGE WIND SPEED    10.2


SKY COVER
  POSSIBLE SUNSHINE  MM
  AVERAGE SKY COVER 0.9


WEATHER CONDITIONS
 THE FOLLOWING WEATHER WAS RECORDED TODAY.
  LIGHT RAIN


RELATIVE HUMIDITY (PERCENT)
 HIGHEST    83          1200 PM
 LOWEST     60           500 PM
 AVERAGE    72

..........................................................


THE WENATCHEE WA PANGBORN FIELD CLIMATE NORMALS FOR TOMORROW
                         NORMAL    RECORD    YEAR
 MAXIMUM TEMPERATURE (F)   74        89      2001
 MINIMUM TEMPERATURE (F)   51        40      1973


SUNRISE AND SUNSET
MAY 25 2019...........SUNRISE   513 AM PDT   SUNSET   843 PM PDT
MAY 26 2019...........SUNRISE   513 AM PDT   SUNSET   844 PM PDT


-  INDICATES NEGATIVE NUMBERS.
R  INDICATES RECORD WAS SET OR TIED.
MM INDICATES DATA IS MISSING.
T  INDICATES TRACE AMOUNT.




$$
