000
CDUS46 KOTX 242343
CLIEAT


CLIMATE REPORT
NATIONAL WEATHER SERVICE SPOKANE, WA
443 PM PDT SUN MAR 24 2019


...................................

...THE WENATCHEE WA PANGBORN FIELD CLIMATE SUMMARY FOR MARCH 24 2019...
VALID AS OF 0400 PM LOCAL TIME.

CLIMATE NORMAL PERIOD 1981 TO 2010
CLIMATE RECORD PERIOD 1959 TO 2019


WEATHER ITEM   OBSERVED TIME   RECORD YEAR NORMAL DEPARTURE LAST
                VALUE   (LST)  VALUE       VALUE  FROM      YEAR
                                                  NORMAL
..................................................................
TEMPERATURE (F)
 TODAY
  MAXIMUM         50    250 PM  75    1960  57     -7       49
  MINIMUM         44    904 AM  18    1964  37      7       33
  AVERAGE         47                        47      0       41

PRECIPITATION (IN)
  TODAY            0.13          1.35 1991   0.02   0.11     0.12
  MONTH TO DATE    0.41                      0.52  -0.11     0.72
  SINCE OCT 1      4.84                      5.34  -0.50     5.38
  SINCE JAN 1      2.30                      2.39  -0.09     2.30

SNOWFALL (IN)
  TODAY           MM

DEGREE DAYS
 HEATING
  TODAY           18                        18      0       24
  MONTH TO DATE  776                       527    249      578
  SINCE MAR 1    776                       527    249      578
  SINCE JUL 1   5355                      4991    364     4996

 COOLING
  TODAY            0                         0      0        0
  MONTH TO DATE    0                         0      0        0
  SINCE MAR 1      0                         0      0        0
  SINCE JAN 1      0                         0      0        0
..................................................................


WIND (MPH)
  HIGHEST WIND SPEED    18   HIGHEST WIND DIRECTION    NW (330)
  HIGHEST GUST SPEED    22   HIGHEST GUST DIRECTION    NW (320)
  AVERAGE WIND SPEED     9.9


SKY COVER
  POSSIBLE SUNSHINE  MM
  AVERAGE SKY COVER 1.0


WEATHER CONDITIONS
 THE FOLLOWING WEATHER WAS RECORDED TODAY.
  LIGHT RAIN


RELATIVE HUMIDITY (PERCENT)
 HIGHEST    89           900 AM
 LOWEST     56          1200 AM
 AVERAGE    73

..........................................................


THE WENATCHEE WA PANGBORN FIELD CLIMATE NORMALS FOR TOMORROW
                         NORMAL    RECORD    YEAR
 MAXIMUM TEMPERATURE (F)   57        74      1960
 MINIMUM TEMPERATURE (F)   37        21      1996


SUNRISE AND SUNSET
MARCH 24 2019.........SUNRISE   656 AM PDT   SUNSET   719 PM PDT
MARCH 25 2019.........SUNRISE   654 AM PDT   SUNSET   721 PM PDT


-  INDICATES NEGATIVE NUMBERS.
R  INDICATES RECORD WAS SET OR TIED.
MM INDICATES DATA IS MISSING.
T  INDICATES TRACE AMOUNT.




$$
