000
CDUS43 KMPX 240047
CLIEAU


CLIMATE REPORT
NATIONAL WEATHER SERVICE CHANHASSEN MN
747 PM CDT SAT MAR 23 2019


...................................

...THE EAU CLAIRE WI CLIMATE SUMMARY FOR MARCH 23 2019...
VALID TODAY AS OF 0700 PM LOCAL TIME.

CLIMATE NORMAL PERIOD 1981 TO 2010
CLIMATE RECORD PERIOD 1893 TO 2019


WEATHER ITEM   OBSERVED TIME   RECORD YEAR NORMAL DEPARTURE LAST
                VALUE   (LST)  VALUE       VALUE  FROM      YEAR
                                                  NORMAL
..................................................................
TEMPERATURE (F)
 TODAY
  MAXIMUM         49    424 PM  82    1910  45      4       41
  MINIMUM         17    627 AM  -6    1974  24     -7       19
  AVERAGE         33                        34     -1       30

PRECIPITATION (IN)
  TODAY            0.00          0.74 2011   0.07  -0.07     0.00
  MONTH TO DATE    1.86                      1.16   0.70     0.41
  SINCE MAR 1      1.86                      1.16   0.70     0.41
  SINCE JAN 1      6.36                      2.86   3.50     2.87

SNOWFALL (IN)
  TODAY            0.0           6.1  2016   0.2   -0.2      0.0
  MONTH TO DATE   10.2                       6.9    3.3      4.3
  SINCE MAR 1     10.2                       6.9    3.3      4.3
  SINCE JUL 1     87.4                      43.2   44.2     43.3
  SNOW DEPTH       6

DEGREE DAYS
 HEATING
  TODAY           32                        31      1       35
  MONTH TO DATE 1011                       816    195      840
  SINCE MAR 1   1011                       816    195      840
  SINCE JUL 1   7375                      6836    539     7002

 COOLING
  TODAY            0                         0      0        0
  MONTH TO DATE    0                         0      0        0
  SINCE MAR 1      0                         0      0        0
  SINCE JAN 1      0                         0      0        0
..................................................................


WIND (MPH)
  HIGHEST WIND SPEED    10   HIGHEST WIND DIRECTION     W (260)
  HIGHEST GUST SPEED    14   HIGHEST GUST DIRECTION     W (270)
  AVERAGE WIND SPEED     2.1


SKY COVER
  POSSIBLE SUNSHINE  MM
  AVERAGE SKY COVER 0.0


WEATHER CONDITIONS
 THE FOLLOWING WEATHER WAS RECORDED TODAY.
  NO SIGNIFICANT WEATHER WAS OBSERVED.


RELATIVE HUMIDITY (PERCENT)
 HIGHEST    92           300 AM
 LOWEST     38           100 PM
 AVERAGE    65

..........................................................


THE EAU CLAIRE WI CLIMATE NORMALS FOR TOMORROW
                         NORMAL    RECORD    YEAR
 MAXIMUM TEMPERATURE (F)   45        78      1939
                                             1910
 MINIMUM TEMPERATURE (F)   25       -11      1965


SUNRISE AND SUNSET
MARCH 23 2019.........SUNRISE   704 AM CDT   SUNSET   722 PM CDT
MARCH 24 2019.........SUNRISE   702 AM CDT   SUNSET   723 PM CDT


-  INDICATES NEGATIVE NUMBERS.
R  INDICATES RECORD WAS SET OR TIED.
MM INDICATES DATA IS MISSING.
T  INDICATES TRACE AMOUNT.




$$
