000
CDUS43 KMPX 260626
CLIEAU


CLIMATE REPORT
NATIONAL WEATHER SERVICE CHANHASSEN MN
126 AM CDT SUN MAY 26 2019


...................................

...THE EAU CLAIRE WI CLIMATE SUMMARY FOR MAY 25 2019...

CLIMATE NORMAL PERIOD 1981 TO 2010
CLIMATE RECORD PERIOD 1893 TO 2019


WEATHER ITEM   OBSERVED TIME   RECORD YEAR NORMAL DEPARTURE LAST
                VALUE   (LST)  VALUE       VALUE  FROM      YEAR
                                                  NORMAL
..................................................................
TEMPERATURE (F)
 YESTERDAY
  MAXIMUM         74   1243 PM  89    1980  72      2       85
  MINIMUM         48   1114 PM  32    1988  48      0       59
                                      1925
                                      1897
  AVERAGE         61                        60      1       72

PRECIPITATION (IN)
  YESTERDAY        0.00          1.52 1908   0.12  -0.12     0.07
  MONTH TO DATE    4.62                      2.75   1.87     1.69
  SINCE MAR 1      9.43                      7.23   2.20     4.21
  SINCE JAN 1     13.93                      8.93   5.00     6.67

SNOWFALL (IN)
  YESTERDAY        0.0           0.0    MM   0.0    0.0      0.0
  MONTH TO DATE    0.0                       0.2   -0.2      0.0
  SINCE MAR 1     21.6                      10.7   10.9     25.4
  SINCE JUL 1     98.8                      47.0   51.8     64.4
  SNOW DEPTH       0

DEGREE DAYS
 HEATING
  YESTERDAY        4                         6     -2        0
  MONTH TO DATE  340                       225    115      114
  SINCE MAR 1   2228                      1845    383     2109
  SINCE JUL 1   8592                      7865    727     8271

 COOLING
  YESTERDAY        0                         1     -1        7
  MONTH TO DATE    3                        19    -16       24
  SINCE MAR 1      3                        23    -20       25
  SINCE JAN 1      3                        23    -20       25
..................................................................


WIND (MPH)
  HIGHEST WIND SPEED    18   HIGHEST WIND DIRECTION     W (270)
  HIGHEST GUST SPEED    32   HIGHEST GUST DIRECTION     W (270)
  AVERAGE WIND SPEED     8.7


SKY COVER
  POSSIBLE SUNSHINE  MM
  AVERAGE SKY COVER 0.3


WEATHER CONDITIONS
 THE FOLLOWING WEATHER WAS RECORDED YESTERDAY.
  FOG
  FOG W/VISIBILITY <= 1/4 MILE


RELATIVE HUMIDITY (PERCENT)
 HIGHEST   100           100 AM
 LOWEST     41          1100 AM
 AVERAGE    71

..........................................................


THE EAU CLAIRE WI CLIMATE NORMALS FOR TODAY
                         NORMAL    RECORD    YEAR
 MAXIMUM TEMPERATURE (F)   73        93      2018
                                             1914
 MINIMUM TEMPERATURE (F)   49        28      1961


SUNRISE AND SUNSET
MAY 26 2019...........SUNRISE   527 AM CDT   SUNSET   839 PM CDT
MAY 27 2019...........SUNRISE   526 AM CDT   SUNSET   840 PM CDT


-  INDICATES NEGATIVE NUMBERS.
R  INDICATES RECORD WAS SET OR TIED.
MM INDICATES DATA IS MISSING.
T  INDICATES TRACE AMOUNT.




$$
