000
CDUS42 KAKQ 250545
CLIECG


CLIMATE REPORT
NATIONAL WEATHER SERVICE WAKEFIELD, VA
145 AM EDT MON MAR 25 2019


...................................

...THE ELIZABETH CITY NC CLIMATE SUMMARY FOR MARCH 24 2019...

CLIMATE NORMAL PERIOD 1981 TO 2010
CLIMATE RECORD PERIOD 1934 TO 2019


WEATHER ITEM   OBSERVED TIME   RECORD YEAR NORMAL DEPARTURE LAST
                VALUE   (LST)  VALUE       VALUE  FROM      YEAR
                                                  NORMAL
..................................................................
TEMPERATURE (F)
 YESTERDAY
  MAXIMUM         68    356 PM  83    1945  63      5       52
  MINIMUM         32    611 AM  25    1992  42    -10       34
                                      1940
  AVERAGE         50                        52     -2       43

PRECIPITATION (IN)
  YESTERDAY        0.00          1.47 1989   0.14  -0.14     0.05
  MONTH TO DATE    2.17                      2.93  -0.76     4.35
  SINCE MAR 1      2.17                      2.93  -0.76     4.35
  SINCE JAN 1     10.12                      9.37   0.75    10.99

SNOWFALL (IN)
  YESTERDAY        0.0           0.0  2002  MM     MM
  MONTH TO DATE    0.0                      MM     MM
  SINCE NOV 1      T                        MM     MM
  SINCE JUL 1      T                        MM     MM
  SNOW DEPTH       0

DEGREE DAYS
 HEATING
  YESTERDAY       15                        13      2       22
  MONTH TO DATE  389                       383      6      503
  SINCE MAR 1    389                       383      6      503
  SINCE JUL 1   2513                      2855   -342     2794

 COOLING
  YESTERDAY        0                         0      0        0
  MONTH TO DATE    5                         0      5        0
  SINCE MAR 1      5                         0      5        0
  SINCE JAN 1      9                         2      7       29
..................................................................


WIND (MPH)
  HIGHEST WIND SPEED    16   HIGHEST WIND DIRECTION     S (200)
  HIGHEST GUST SPEED    22   HIGHEST GUST DIRECTION     S (200)
  AVERAGE WIND SPEED     7.1


SKY COVER
  POSSIBLE SUNSHINE  MM
  AVERAGE SKY COVER 0.0


WEATHER CONDITIONS
 THE FOLLOWING WEATHER WAS RECORDED YESTERDAY.
  NO SIGNIFICANT WEATHER WAS OBSERVED.


RELATIVE HUMIDITY (PERCENT)
 HIGHEST   100           700 AM
 LOWEST     25          1100 AM
 AVERAGE    63

..........................................................


THE ELIZABETH CITY NC CLIMATE NORMALS FOR TODAY
                         NORMAL    RECORD    YEAR
 MAXIMUM TEMPERATURE (F)   64        86      1939
 MINIMUM TEMPERATURE (F)   42        24      1940


SUNRISE AND SUNSET
MARCH 25 2019.........SUNRISE   701 AM EDT   SUNSET   721 PM EDT
MARCH 26 2019.........SUNRISE   700 AM EDT   SUNSET   721 PM EDT


-  INDICATES NEGATIVE NUMBERS.
R  INDICATES RECORD WAS SET OR TIED.
MM INDICATES DATA IS MISSING.
T  INDICATES TRACE AMOUNT.




$$
