000
CDUS42 KAKQ 260540
CLIECG


CLIMATE REPORT
NATIONAL WEATHER SERVICE WAKEFIELD, VA
140 AM EDT SUN MAY 26 2019


...................................

...THE ELIZABETH CITY NC CLIMATE SUMMARY FOR MAY 25 2019...

CLIMATE NORMAL PERIOD 1981 TO 2010
CLIMATE RECORD PERIOD 1934 TO 2019


WEATHER ITEM   OBSERVED TIME   RECORD YEAR NORMAL DEPARTURE LAST
                VALUE   (LST)  VALUE       VALUE  FROM      YEAR
                                                  NORMAL
..................................................................
TEMPERATURE (F)
 YESTERDAY
  MAXIMUM         86    157 PM  94    1936  79      7       84
  MINIMUM         64    418 AM  43    2013  60      4       58
  AVERAGE         75                        70      5       71

PRECIPITATION (IN)
  YESTERDAY        0.00          3.15 1966   0.14  -0.14     0.00
  MONTH TO DATE    0.41                      2.81  -2.40     5.26
  SINCE MAR 1      9.41                      9.93  -0.52    13.79
  SINCE JAN 1     17.36                     16.37   0.99    20.43

SNOWFALL (IN)
  YESTERDAY        0.0           0.0  2002  MM     MM
  MONTH TO DATE    0.0                      MM     MM
  SINCE NOV 1      T                        MM     MM
  SINCE JUL 1      T                        MM     MM
  SNOW DEPTH       0

DEGREE DAYS
 HEATING
  YESTERDAY        0                         1     -1        0
  MONTH TO DATE    8                        63    -55        8
  SINCE MAR 1    567                       752   -185      812
  SINCE JUL 1   2691                      3224   -533     3103

 COOLING
  YESTERDAY       10                         5      5        6
  MONTH TO DATE  205                        84    121      210
  SINCE MAR 1    300                       124    176      232
  SINCE JAN 1    304                       126    178      261
..................................................................


WIND (MPH)
  HIGHEST WIND SPEED    21   HIGHEST WIND DIRECTION    SE (130)
  HIGHEST GUST SPEED    25   HIGHEST GUST DIRECTION    SE (130)
  AVERAGE WIND SPEED     9.1


SKY COVER
  POSSIBLE SUNSHINE  MM
  AVERAGE SKY COVER 0.0


WEATHER CONDITIONS
 THE FOLLOWING WEATHER WAS RECORDED YESTERDAY.
  NO SIGNIFICANT WEATHER WAS OBSERVED.


RELATIVE HUMIDITY (PERCENT)
 HIGHEST    78           400 AM
 LOWEST     37          1200 PM
 AVERAGE    58

..........................................................


THE ELIZABETH CITY NC CLIMATE NORMALS FOR TODAY
                         NORMAL    RECORD    YEAR
 MAXIMUM TEMPERATURE (F)   80        95      1953
 MINIMUM TEMPERATURE (F)   60        42      2013


SUNRISE AND SUNSET
MAY 26 2019...........SUNRISE   551 AM EDT   SUNSET   813 PM EDT
MAY 27 2019...........SUNRISE   551 AM EDT   SUNSET   813 PM EDT


-  INDICATES NEGATIVE NUMBERS.
R  INDICATES RECORD WAS SET OR TIED.
MM INDICATES DATA IS MISSING.
T  INDICATES TRACE AMOUNT.




$$
