000
CDUS45 KVEF 230035
CLIEED


CLIMATE REPORT
NATIONAL WEATHER SERVICE LAS VEGAS, NV
535 PM PDT WED MAY 22 2019


...................................

...THE NEEDLES CA CLIMATE SUMMARY FOR MAY 22 2019...
VALID TODAY AS OF 0500 PM LOCAL TIME.

CLIMATE NORMAL PERIOD 1981 TO 2010
CLIMATE RECORD PERIOD 1888 TO 2019


WEATHER ITEM   OBSERVED TIME   RECORD YEAR NORMAL DEPARTURE LAST
                VALUE   (LST)  VALUE       VALUE  FROM      YEAR
                                                  NORMAL
..................................................................
TEMPERATURE (F)
 TODAY
  MAXIMUM         74    229 PM 114    2005  97    -23       95
  MINIMUM         58    706 AM  49    1909  70    -12       74
  AVERAGE         66                        84    -18       85

PRECIPITATION (IN)
  TODAY            0.04R         0.04 1921   0.00   0.04     0.00
  MONTH TO DATE    0.06                      0.07  -0.01      T
  SINCE OCT 1      5.06                      3.50   1.56     0.84
  SINCE JAN 1      4.03                      2.33   1.70     0.84

DEGREE DAYS
 HEATING
  TODAY            0                         0      0        0
  MONTH TO DATE    0                         0      0        0
  SINCE MAR 1     59                       115    -56       37
  SINCE JUL 1   1024                      1170   -146      549

 COOLING
  TODAY            1                        18    -17       20
  MONTH TO DATE  284                       337    -53      430
  SINCE MAR 1    700                       639     61      970
  SINCE JAN 1    701                       649     52     1003
..................................................................


WIND (MPH)
  RESULTANT WIND SPEED   3   RESULTANT WIND DIRECTION  NW (300)
  HIGHEST WIND SPEED    24   HIGHEST WIND DIRECTION    SW (240)
  HIGHEST GUST SPEED    29   HIGHEST GUST DIRECTION    SW (240)
  AVERAGE WIND SPEED     8.5


SKY COVER
  POSSIBLE SUNSHINE  MM
  AVERAGE SKY COVER 0.8


WEATHER CONDITIONS
 THE FOLLOWING WEATHER WAS RECORDED TODAY.
  THUNDERSTORM
  RAIN
  LIGHT RAIN


RELATIVE HUMIDITY (PERCENT)
 HIGHEST    62           700 AM
 LOWEST     25           300 PM
 AVERAGE    44

..........................................................


THE NEEDLES CA CLIMATE NORMALS FOR TOMORROW
                         NORMAL    RECORD    YEAR
 MAXIMUM TEMPERATURE (F)   97       113      2000
 MINIMUM TEMPERATURE (F)   70        47      1909


SUNRISE AND SUNSET
MAY 22 2019...........SUNRISE   531 AM PDT   SUNSET   740 PM PDT
MAY 23 2019...........SUNRISE   530 AM PDT   SUNSET   741 PM PDT


-  INDICATES NEGATIVE NUMBERS.
R  INDICATES RECORD WAS SET OR TIED.
MM INDICATES DATA IS MISSING.
T  INDICATES TRACE AMOUNT.




$$
