000
CDUS44 KBMX 222132
CLIEET


CLIMATE REPORT
NATIONAL WEATHER SERVICE BIRMINGHAM, AL
431 PM CDT FRI MAR 22 2019


...................................

...THE SHELBY COUNTY AIRPORT CLIMATE SUMMARY FOR MARCH 22 2019...
VALID TODAY AS OF 0400 PM LOCAL TIME.

CLIMATE NORMAL PERIOD 1981 TO 2010
CLIMATE RECORD PERIOD 9999 TO 9999


WEATHER ITEM   OBSERVED TIME   RECORD YEAR NORMAL DEPARTURE LAST
                VALUE   (LST)  VALUE       VALUE  FROM      YEAR
                                                  NORMAL
..................................................................
TEMPERATURE (F)
 TODAY
  MAXIMUM         67    329 PM  MM      MM  68     -1       63
  MINIMUM         38    544 AM  MM      MM  45     -7       35
  AVERAGE         53                        57     -4       49

PRECIPITATION (IN)
  TODAY            0.00                      0.13  -0.13     0.00
  MONTH TO DATE    1.49                      3.28  -1.79     2.35
  SINCE MAR 1      1.49                      3.28  -1.79     2.35
  SINCE JAN 1     15.82                     14.36   1.46    13.67

SNOWFALL (IN)
  TODAY            0.0                      MM     MM        0.0
  MONTH TO DATE    0.0                      MM     MM        0.0
  SINCE MAR 1      0.0                      MM     MM        0.0
  SINCE JUL 1      T                        MM     MM        5.1
  SNOW DEPTH       0

DEGREE DAYS
 HEATING
  TODAY           12                         9      3       16
  MONTH TO DATE  254                       241     13      247
  SINCE MAR 1    254                       241     13      247
  SINCE JUL 1   2139                      2370   -231     2152

 COOLING
  TODAY            0                         0      0        0
  MONTH TO DATE   11                         0     11        8
  SINCE MAR 1     11                         0     11        8
  SINCE JAN 1     23                         4     19       50
..................................................................


WIND (MPH)
  HIGHEST WIND SPEED    14   HIGHEST WIND DIRECTION     N (340)
  HIGHEST GUST SPEED    20   HIGHEST GUST DIRECTION    NW (310)
  AVERAGE WIND SPEED     6.1


SKY COVER
  POSSIBLE SUNSHINE  MM
  AVERAGE SKY COVER 0.0


WEATHER CONDITIONS
 THE FOLLOWING WEATHER WAS RECORDED TODAY.
  NO SIGNIFICANT WEATHER WAS OBSERVED.


RELATIVE HUMIDITY (PERCENT)
 HIGHEST    79           500 AM
 LOWEST     28           300 PM
 AVERAGE    54

..........................................................


THE SHELBY COUNTY AIRPORT CLIMATE NORMALS FOR TOMORROW
                         NORMAL    RECORD    YEAR
 MAXIMUM TEMPERATURE (F)   69        MM        MM
 MINIMUM TEMPERATURE (F)   46        MM        MM


SUNRISE AND SUNSET
MARCH 22 2019.........SUNRISE   649 AM CDT   SUNSET   700 PM CDT
MARCH 23 2019.........SUNRISE   647 AM CDT   SUNSET   701 PM CDT


-  INDICATES NEGATIVE NUMBERS.
R  INDICATES RECORD WAS SET OR TIED.
MM INDICATES DATA IS MISSING.
T  INDICATES TRACE AMOUNT.




$$
