000
CDUS44 KBMX 240741
CLIEET


CLIMATE REPORT
NATIONAL WEATHER SERVICE BIRMINGHAM, AL
240 AM CDT TUE APR 24 2018


...................................

...THE SHELBY COUNTY AIRPORT CLIMATE SUMMARY FOR APRIL 23 2018...

CLIMATE NORMAL PERIOD 1981 TO 2010
CLIMATE RECORD PERIOD 9999 TO 9999


WEATHER ITEM   OBSERVED TIME   RECORD YEAR NORMAL DEPARTURE LAST
                VALUE   (LST)  VALUE       VALUE  FROM      YEAR
                                                  NORMAL
..................................................................
TEMPERATURE (F)
 YESTERDAY
  MAXIMUM         70    312 PM  MM      MM  76     -6       66
  MINIMUM         59   1159 PM  MM      MM  53      6       52
  AVERAGE         65                        64      1       59

PRECIPITATION (IN)
  YESTERDAY        0.27                      0.12   0.15     0.47
  MONTH TO DATE    7.32                      3.02   4.30     4.34
  SINCE MAR 1     10.75                      7.50   3.25     9.52
  SINCE JAN 1     22.07                     18.58   3.49    20.62

SNOWFALL (IN)
  YESTERDAY        0.0                      MM     MM        0.0
  MONTH TO DATE    0.0                      MM     MM        0.0
  SINCE MAR 1      0.0                      MM     MM        0.0
  SINCE JUL 1      5.1                      MM     MM        0.0
  SNOW DEPTH       0

DEGREE DAYS
 HEATING
  YESTERDAY        0                         3     -3        6
  MONTH TO DATE  128                       113     15       35
  SINCE MAR 1    421                       422     -1      261
  SINCE JUL 1   2326                      2551   -225     1582

 COOLING
  YESTERDAY        0                         2     -2        0
  MONTH TO DATE   19                        37    -18      108
  SINCE MAR 1     35                        50    -15      163
  SINCE JAN 1     77                        54     23      173
..................................................................


WIND (MPH)
  HIGHEST WIND SPEED    12   HIGHEST WIND DIRECTION    SW (220)
  HIGHEST GUST SPEED    16   HIGHEST GUST DIRECTION    SW (230)
  AVERAGE WIND SPEED     3.7


SKY COVER
  POSSIBLE SUNSHINE  MM
  AVERAGE SKY COVER 0.8


WEATHER CONDITIONS
 THE FOLLOWING WEATHER WAS RECORDED YESTERDAY.
  HEAVY RAIN
  RAIN
  LIGHT RAIN
  FOG


RELATIVE HUMIDITY (PERCENT)
 HIGHEST   100          1200 AM
 LOWEST     66           300 PM
 AVERAGE    83

..........................................................


THE SHELBY COUNTY AIRPORT CLIMATE NORMALS FOR TODAY
                         NORMAL    RECORD    YEAR
 MAXIMUM TEMPERATURE (F)   76        MM        MM
 MINIMUM TEMPERATURE (F)   53        MM        MM


SUNRISE AND SUNSET
APRIL 24 2018.........SUNRISE   607 AM CDT   SUNSET   724 PM CDT
APRIL 25 2018.........SUNRISE   606 AM CDT   SUNSET   725 PM CDT


-  INDICATES NEGATIVE NUMBERS.
R  INDICATES RECORD WAS SET OR TIED.
MM INDICATES DATA IS MISSING.
T  INDICATES TRACE AMOUNT.




$$
