000
CDUS44 KBMX 220738
CLIEET


CLIMATE REPORT
NATIONAL WEATHER SERVICE BIRMINGHAM, AL
237 AM CDT WED MAY 22 2019


...................................

...THE SHELBY COUNTY AIRPORT CLIMATE SUMMARY FOR MAY 21 2019...

CLIMATE NORMAL PERIOD 1981 TO 2010
CLIMATE RECORD PERIOD 9999 TO 9999


WEATHER ITEM   OBSERVED TIME   RECORD YEAR NORMAL DEPARTURE LAST
                VALUE   (LST)  VALUE       VALUE  FROM      YEAR
                                                  NORMAL
..................................................................
TEMPERATURE (F)
 YESTERDAY
  MAXIMUM         92    228 PM  MM      MM  82     10       78
  MINIMUM         67    513 AM  MM      MM  62      5       68
  AVERAGE         80                        72      8       73

PRECIPITATION (IN)
  YESTERDAY        0.00                      0.16  -0.16     0.16
  MONTH TO DATE    1.91                      2.93  -1.02     0.95
  SINCE MAR 1     10.88                     11.30  -0.42    12.44
  SINCE JAN 1     25.21                     22.38   2.83    23.76

DEGREE DAYS
 COOLING
  YESTERDAY       15                         7      8        8
  MONTH TO DATE  157                       110     47      205
  SINCE MAR 1    241                       181     60      240
  SINCE JAN 1    253                       185     68      282
..................................................................


WIND (MPH)
  HIGHEST WIND SPEED    17   HIGHEST WIND DIRECTION     S (170)
  HIGHEST GUST SPEED    22   HIGHEST GUST DIRECTION     S (170)
  AVERAGE WIND SPEED     5.3


SKY COVER
  POSSIBLE SUNSHINE  MM
  AVERAGE SKY COVER 0.1


WEATHER CONDITIONS
 THE FOLLOWING WEATHER WAS RECORDED YESTERDAY.
  FOG


RELATIVE HUMIDITY (PERCENT)
 HIGHEST    93           500 AM
 LOWEST     32           300 PM
 AVERAGE    63

..........................................................


THE SHELBY COUNTY AIRPORT CLIMATE NORMALS FOR TODAY
                         NORMAL    RECORD    YEAR
 MAXIMUM TEMPERATURE (F)   83        MM        MM
 MINIMUM TEMPERATURE (F)   62        MM        MM


SUNRISE AND SUNSET
MAY 22 2019...........SUNRISE   543 AM CDT   SUNSET   745 PM CDT
MAY 23 2019...........SUNRISE   543 AM CDT   SUNSET   745 PM CDT


-  INDICATES NEGATIVE NUMBERS.
R  INDICATES RECORD WAS SET OR TIED.
MM INDICATES DATA IS MISSING.
T  INDICATES TRACE AMOUNT.




$$
