000
CDUS46 KEKA 231210
CLIEKA


CLIMATE REPORT
NATIONAL WEATHER SERVICE EUREKA CA
509 AM PDT THU MAY 23 2019


...................................

...THE EUREKA CA CLIMATE SUMMARY FOR MAY 22 2019...

CLIMATE NORMAL PERIOD 1981 TO 2010
CLIMATE RECORD PERIOD 1886 TO 2019


WEATHER ITEM   OBSERVED RECORD YEAR NORMAL DEPARTURE LAST
                VALUE   VALUE       VALUE  FROM      YEAR
                                           NORMAL
...........................................................
TEMPERATURE (F)
 YESTERDAY
  MAXIMUM         58     74    1985  61     -3       57
  MINIMUM         51     40    1986  48      3       51
  AVERAGE         55                 54      1       54

PRECIPITATION (IN)
  YESTERDAY        0.00   0.88 1958   0.05  -0.05      T
  MONTH TO DATE    2.31               1.34   0.97     0.32
  SINCE OCT 1     41.45              38.06   3.39    35.55
  SINCE JAN 1     30.71              22.09   8.62    24.57

SNOWFALL (IN)
  YESTERDAY        0.0   MM      MM   0.0    0.0      0.0
  MONTH TO DATE    0.0                0.0    0.0      0.0
  SINCE MAR 1      0.0                T      0.0       T
  SINCE JUL 1      0.5                0.2    0.3       T
  SNOW DEPTH       0

DEGREE DAYS
 HEATING
  YESTERDAY       10                 11     -1       11
  MONTH TO DATE  262                257      5      238
  SINCE MAR 1   1107               1156    -49     1153
  SINCE JUL 1   4081               4078      3     3954

 COOLING
  YESTERDAY        0                  0      0        0
  MONTH TO DATE    0                  0      0        0
  SINCE MAR 1      0                  0      0        0
  SINCE JAN 1      0                  0      0        0
...........................................................


WIND (MPH)
  HIGHEST WIND SPEED    16   HIGHEST WIND DIRECTION     N (10)
  HIGHEST GUST SPEED    28   HIGHEST GUST DIRECTION     N (10)
  AVERAGE WIND SPEED    10.4


SKY COVER
  AVERAGE SKY COVER 0.8


WEATHER CONDITIONS
 THE FOLLOWING WEATHER WAS RECORDED YESTERDAY.
  FOG


..........................................................


THE EUREKA CA CLIMATE NORMALS FOR TODAY
                         NORMAL    RECORD    YEAR
 MAXIMUM TEMPERATURE (F)   61        67      1992
 MINIMUM TEMPERATURE (F)   48        37      2010


SUNRISE AND SUNSET
MAY 23 2019...........SUNRISE   553 AM PDT   SUNSET   835 PM PDT
MAY 24 2019...........SUNRISE   552 AM PDT   SUNSET   835 PM PDT


-  INDICATES NEGATIVE NUMBERS.
R  INDICATES RECORD WAS SET OR TIED.
MM INDICATES DATA IS MISSING.
T  INDICATES TRACE AMOUNT.




&&

..........................................................

TOTAL SEASON     NORMAL   % OF NORMAL     LAST SEASON

    41.45         38.06        109            35.55


$$
