000
CDUS46 KEKA 191211
CLIEKA


CLIMATE REPORT
NATIONAL WEATHER SERVICE EUREKA CA
510 AM PDT TUE MAR 19 2019


...................................

...THE EUREKA CA CLIMATE SUMMARY FOR MARCH 18 2019...

CLIMATE NORMAL PERIOD 1981 TO 2010
CLIMATE RECORD PERIOD 1886 TO 2019


WEATHER ITEM   OBSERVED RECORD YEAR NORMAL DEPARTURE LAST
                VALUE   VALUE       VALUE  FROM      YEAR
                                           NORMAL
...........................................................
TEMPERATURE (F)
 YESTERDAY
  MAXIMUM         56     73    1997  57     -1       54
                               1914
  MINIMUM         41     30    2002  43     -2       35
  AVERAGE         49                 50     -1       45

PRECIPITATION (IN)
  YESTERDAY        0.00   1.98 1975   0.17  -0.17     0.00
  MONTH TO DATE    2.43               3.25  -0.82     5.33
  SINCE OCT 1     34.27              31.35   2.92    27.04
  SINCE JAN 1     23.53              15.38   8.15    16.06

SNOWFALL (IN)
  YESTERDAY        0.0   MM      MM   0.0    0.0      0.0
  MONTH TO DATE    0.0                0.0    0.0       T
  SINCE MAR 1      0.0                0.0    0.0       T
  SINCE JUL 1      0.5                0.2    0.3       T
  SNOW DEPTH       0

DEGREE DAYS
 HEATING
  YESTERDAY       16                 15      1       20
  MONTH TO DATE  315                278     37      296
  SINCE MAR 1    315                278     37      296
  SINCE JUL 1   3289               3200     89     3097

 COOLING
  YESTERDAY        0                  0      0        0
  MONTH TO DATE    0                  0      0        0
  SINCE MAR 1      0                  0      0        0
  SINCE JAN 1      0                  0      0        0
...........................................................


WIND (MPH)
  HIGHEST WIND SPEED     6   HIGHEST WIND DIRECTION     N (360)
  HIGHEST GUST SPEED     9   HIGHEST GUST DIRECTION    MM
  AVERAGE WIND SPEED     2.7


SKY COVER
  AVERAGE SKY COVER 0.4


WEATHER CONDITIONS
 THE FOLLOWING WEATHER WAS RECORDED YESTERDAY.
  FOG W/VISIBILITY <= 1/4 MILE


..........................................................


THE EUREKA CA CLIMATE NORMALS FOR TODAY
                         NORMAL    RECORD    YEAR
 MAXIMUM TEMPERATURE (F)   57        78      1914
 MINIMUM TEMPERATURE (F)   43        32      2012


SUNRISE AND SUNSET
MARCH 19 2019.........SUNRISE   722 AM PDT   SUNSET   728 PM PDT
MARCH 20 2019.........SUNRISE   720 AM PDT   SUNSET   729 PM PDT


-  INDICATES NEGATIVE NUMBERS.
R  INDICATES RECORD WAS SET OR TIED.
MM INDICATES DATA IS MISSING.
T  INDICATES TRACE AMOUNT.




&&

..........................................................

TOTAL SEASON     NORMAL   % OF NORMAL     LAST SEASON

    34.27         31.35        109            27.04


$$
