000
CDUS41 KRLX 190726
CLIEKN


CLIMATE REPORT
NATIONAL WEATHER SERVICE CHARLESTON WV
326 AM EDT TUE MAR 19 2019


...................................

...THE ELKINS WV CLIMATE SUMMARY FOR MARCH 18 2019...

CLIMATE NORMAL PERIOD 1981 TO 2010
CLIMATE RECORD PERIOD 1899 TO 2019


WEATHER ITEM   OBSERVED TIME   RECORD YEAR NORMAL DEPARTURE LAST
                VALUE   (LST)  VALUE       VALUE  FROM      YEAR
                                                  NORMAL
..................................................................
TEMPERATURE (F)
 YESTERDAY
  MAXIMUM         41    255 PM  79    1908  52    -11       55
  MINIMUM         25   1136 PM   3    1941  29     -4       20
  AVERAGE         33                        40     -7       38

PRECIPITATION (IN)
  YESTERDAY        0.06          0.99 1998   0.13  -0.07     0.00
  MONTH TO DATE    1.57                      2.25  -0.68     0.98
  SINCE JAN 1      9.29                      8.58   0.71    11.79

SNOWFALL (IN)
  YESTERDAY        1.5          12.3  1928   0.3    1.2      0.0
                                      2001
  MONTH TO DATE    5.8                       8.3   -2.5     11.8
  SINCE SEP 1     35.0                      73.8  -38.8     53.5
  SNOW DEPTH       1

DEGREE DAYS
 HEATING
  YESTERDAY       32                        25      7       27
  MONTH TO DATE  508                       491     17      599
  SINCE MAR 1    508                       491     17      599
  SINCE JUL 1   4402                      4812   -410     4551

 COOLING
  YESTERDAY        0                         0      0        0
  MONTH TO DATE    0                         0      0        0
  SINCE MAR 1      0                         0      0        0
  SINCE JAN 1      0                         0      0        0
..................................................................


WIND (MPH)
  HIGHEST WIND SPEED    14   HIGHEST WIND DIRECTION     W (290)
  HIGHEST GUST SPEED    19   HIGHEST GUST DIRECTION     W (250)
  AVERAGE WIND SPEED     4.0


SKY COVER
  POSSIBLE SUNSHINE  MM
  AVERAGE SKY COVER 0.9


WEATHER CONDITIONS
 THE FOLLOWING WEATHER WAS RECORDED YESTERDAY.
  HEAVY SNOW
  SNOW
  LIGHT SNOW
  FOG


RELATIVE HUMIDITY (PERCENT)
 HIGHEST    92           300 AM
 LOWEST     44           500 PM
 AVERAGE    68

..........................................................


THE ELKINS WV CLIMATE NORMALS FOR TODAY
                         NORMAL    RECORD    YEAR
 MAXIMUM TEMPERATURE (F)   53        83      1945
 MINIMUM TEMPERATURE (F)   29         1      1993


SUNRISE AND SUNSET
MARCH 19 2019.........SUNRISE   725 AM EDT   SUNSET   730 PM EDT
MARCH 20 2019.........SUNRISE   723 AM EDT   SUNSET   731 PM EDT


-  INDICATES NEGATIVE NUMBERS.
R  INDICATES RECORD WAS SET OR TIED.
MM INDICATES DATA IS MISSING.
T  INDICATES TRACE AMOUNT.




$$
