000
CDUS41 KRLX 250731
CLIEKN


CLIMATE REPORT
NATIONAL WEATHER SERVICE CHARLESTON WV
330 AM EDT SAT MAY 25 2019


...................................

...THE ELKINS WV CLIMATE SUMMARY FOR MAY 24 2019...

CLIMATE NORMAL PERIOD 1981 TO 2010
CLIMATE RECORD PERIOD 1899 TO 2019


WEATHER ITEM   OBSERVED TIME   RECORD YEAR NORMAL DEPARTURE LAST
                VALUE   (LST)  VALUE       VALUE  FROM      YEAR
                                                  NORMAL
..................................................................
TEMPERATURE (F)
 YESTERDAY
  MAXIMUM         79    421 PM  85    1991  72      7       83
                                      1944
                                      1939
  MINIMUM         61   1159 PM  31    1963  48     13       52
                                      1905
  AVERAGE         70                        60     10       68

PRECIPITATION (IN)
  YESTERDAY        T             1.44 1979   0.18  -0.18     0.00
  MONTH TO DATE    4.76                      3.96   0.80     7.51
  SINCE JAN 1     18.72                     18.05   0.67    27.71

SNOWFALL (IN)
  YESTERDAY        0.0           0.0  2017   0.0    0.0      0.0
  MONTH TO DATE    0.0                       0.0    0.0      0.0
  SINCE SEP 1     35.0                      83.5  -48.5     65.1
  SNOW DEPTH       0

DEGREE DAYS
 HEATING
  YESTERDAY        0                         6     -6        0
  MONTH TO DATE   80                       201   -121       46
  SINCE MAR 1   1161                      1443   -282     1524
  SINCE JUL 1   5055                      5764   -709     5476

 COOLING
  YESTERDAY        5                         1      4        3
  MONTH TO DATE   46                        11     35       61
  SINCE MAR 1     49                        14     35       62
  SINCE JAN 1     49                        14     35       62
..................................................................


WIND (MPH)
  HIGHEST WIND SPEED    17   HIGHEST WIND DIRECTION     W (270)
  HIGHEST GUST SPEED    26   HIGHEST GUST DIRECTION     W (280)
  AVERAGE WIND SPEED     6.6


SKY COVER
  POSSIBLE SUNSHINE  MM
  AVERAGE SKY COVER 0.6


WEATHER CONDITIONS
 THE FOLLOWING WEATHER WAS RECORDED YESTERDAY.
  LIGHT RAIN
  FOG


RELATIVE HUMIDITY (PERCENT)
 HIGHEST    87          1100 PM
 LOWEST     50           300 PM
 AVERAGE    69

..........................................................


THE ELKINS WV CLIMATE NORMALS FOR TODAY
                         NORMAL    RECORD    YEAR
 MAXIMUM TEMPERATURE (F)   73        90      1914
 MINIMUM TEMPERATURE (F)   48        30      1956


SUNRISE AND SUNSET
MAY 25 2019...........SUNRISE   600 AM EDT   SUNSET   833 PM EDT
MAY 26 2019...........SUNRISE   559 AM EDT   SUNSET   834 PM EDT


-  INDICATES NEGATIVE NUMBERS.
R  INDICATES RECORD WAS SET OR TIED.
MM INDICATES DATA IS MISSING.
T  INDICATES TRACE AMOUNT.




$$
