000
CDUS45 KLKN 220026
CLIEKO


CLIMATE REPORT
NATIONAL WEATHER SERVICE ELKO NV
525 PM PDT SAT APR 21 2018


...................................

...THE ELKO AIRPORT NV CLIMATE SUMMARY FOR APRIL 21 2018...
VALID TODAY AS OF 0500 PM LOCAL TIME.

CLIMATE NORMAL PERIOD 1981 TO 2010
CLIMATE RECORD PERIOD 1888 TO 2018


WEATHER ITEM   OBSERVED TIME   RECORD YEAR NORMAL DEPARTURE LAST
                VALUE   (LST)  VALUE       VALUE  FROM      YEAR
                                                  NORMAL
..................................................................
TEMPERATURE (F)
 TODAY
  MAXIMUM         71    346 PM  82    2012  61     10       57
  MINIMUM         29    444 AM  12    2008  32     -3       27
  AVERAGE         50                        46      4       42

PRECIPITATION (IN)
  TODAY            0.00          0.60 1898   0.03  -0.03     0.00
  MONTH TO DATE    0.93                      0.67   0.26     0.99
  SINCE OCT 1      5.60                      6.69  -1.09    11.96
  SINCE JAN 1      3.90                      3.63   0.27     6.33

SNOWFALL (IN)
  TODAY            0.0           1.4  1971   0.1   -0.1      0.0
  MONTH TO DATE    0.5                       2.6   -2.1       T
  SINCE MAR 1     14.3                       7.7    6.6      1.9
  SINCE JUL 1     28.2                      40.2  -12.0     53.3
  SNOW DEPTH       0

DEGREE DAYS
 HEATING
  TODAY           15                        19     -4       23
  MONTH TO DATE  408                       439    -31      411
  SINCE MAR 1   1276                      1248     28     1046
  SINCE JUL 1   5918                      6416   -498     5782

 COOLING
  TODAY            0                         0      0        0
  MONTH TO DATE    0                         0      0        0
  SINCE MAR 1      0                         0      0        0
  SINCE JAN 1      0                         0      0        0
..................................................................


WIND (MPH)
  HIGHEST WIND SPEED    16   HIGHEST WIND DIRECTION     W (260)
  HIGHEST GUST SPEED    21   HIGHEST GUST DIRECTION     W (260)



WEATHER CONDITIONS
 THE FOLLOWING WEATHER WAS RECORDED TODAY.
  NO SIGNIFICANT WEATHER WAS OBSERVED.


RELATIVE HUMIDITY (PERCENT)
 HIGHEST    75           100 AM
 LOWEST     23           200 PM
 AVERAGE    49

..........................................................


THE ELKO AIRPORT NV CLIMATE NORMALS FOR TOMORROW
                         NORMAL    RECORD    YEAR
 MAXIMUM TEMPERATURE (F)   61        87      2012
 MINIMUM TEMPERATURE (F)   32        15      1909
                                             1895


SUNRISE AND SUNSET
APRIL 21 2018.........SUNRISE   555 AM PDT   SUNSET   729 PM PDT
APRIL 22 2018.........SUNRISE   554 AM PDT   SUNSET   730 PM PDT


-  INDICATES NEGATIVE NUMBERS.
R  INDICATES RECORD WAS SET OR TIED.
MM INDICATES DATA IS MISSING.
T  INDICATES TRACE AMOUNT.




$$
