705
CDUS45 KLKN 220031
CLIEKO


CLIMATE REPORT
NATIONAL WEATHER SERVICE ELKO NV
531 PM PDT THU MAR 21 2019


...................................

...THE ELKO AIRPORT NV CLIMATE SUMMARY FOR MARCH 21 2019...
VALID TODAY AS OF 0500 PM LOCAL TIME.

CLIMATE NORMAL PERIOD 1981 TO 2010
CLIMATE RECORD PERIOD 1888 TO 2019


WEATHER ITEM   OBSERVED TIME   RECORD YEAR NORMAL DEPARTURE LAST
                VALUE   (LST)  VALUE       VALUE  FROM      YEAR
                                                  NORMAL
..................................................................
TEMPERATURE (F)
 TODAY
  MAXIMUM         49        MM  78    2004  53     -4       58
  MINIMUM         38        MM  -4    1938  27     11       34
  AVERAGE         44                        40      4       46

PRECIPITATION (IN)
  TODAY            T             0.70 1995   0.03  -0.03     0.08
  MONTH TO DATE    1.37                      0.68   0.69     1.57
  SINCE OCT 1      8.18                      5.70   2.48     4.28
  SINCE JAN 1      5.05                      2.64   2.41     2.58

SNOWFALL (IN)
  TODAY            0.0           4.2  1995   0.2   -0.2      0.0
  MONTH TO DATE    9.3                       3.5    5.8     13.4
  SINCE MAR 1      9.3                       3.5    5.8     13.4
  SINCE JUL 1     51.8                      36.0   15.8     27.3
  SNOW DEPTH       0

DEGREE DAYS
 HEATING
  TODAY           21                        25     -4       19
  MONTH TO DATE  588                       573     15      645
  SINCE MAR 1    588                       573     15      645
  SINCE JUL 1   5587                      5741   -154     5287

 COOLING
  TODAY            0                         0      0        0
  MONTH TO DATE    0                         0      0        0
  SINCE MAR 1      0                         0      0        0
  SINCE JAN 1      0                         0      0        0
..................................................................


WIND (MPH)
  HIGHEST WIND SPEED     8   HIGHEST WIND DIRECTION    NE (50)
  HIGHEST GUST SPEED    MM   HIGHEST GUST DIRECTION    MM



WEATHER CONDITIONS
 THE FOLLOWING WEATHER WAS RECORDED TODAY.
  LIGHT RAIN


RELATIVE HUMIDITY (PERCENT)
 HIGHEST    92           500 AM
 LOWEST     56          1200 PM
 AVERAGE    74

..........................................................


THE ELKO AIRPORT NV CLIMATE NORMALS FOR TOMORROW
                         NORMAL    RECORD    YEAR
 MAXIMUM TEMPERATURE (F)   53        72      1960
                                             1928
 MINIMUM TEMPERATURE (F)   28        -1      1952


SUNRISE AND SUNSET
MARCH 21 2019.........SUNRISE   645 AM PDT   SUNSET   656 PM PDT
MARCH 22 2019.........SUNRISE   643 AM PDT   SUNSET   657 PM PDT


-  INDICATES NEGATIVE NUMBERS.
R  INDICATES RECORD WAS SET OR TIED.
MM INDICATES DATA IS MISSING.
T  INDICATES TRACE AMOUNT.




$$
