000
CDUS45 KLKN 200033
CLIEKO


CLIMATE REPORT
NATIONAL WEATHER SERVICE ELKO NV
532 PM PDT SUN MAY 19 2019


...................................

...THE ELKO AIRPORT NV CLIMATE SUMMARY FOR MAY 19 2019...
VALID TODAY AS OF 0500 PM LOCAL TIME.

CLIMATE NORMAL PERIOD 1981 TO 2010
CLIMATE RECORD PERIOD 1888 TO 2019


WEATHER ITEM   OBSERVED TIME   RECORD YEAR NORMAL DEPARTURE LAST
                VALUE   (LST)  VALUE       VALUE  FROM      YEAR
                                                  NORMAL
..................................................................
TEMPERATURE (F)
 TODAY
  MAXIMUM         55    337 PM  92    1954  70    -15       74
  MINIMUM         38    901 AM  20    1960  38      0       39
                                      1950
  AVERAGE         47                        54     -7       57

PRECIPITATION (IN)
  TODAY            0.28          0.85 1917   0.03   0.25      T
  MONTH TO DATE    1.31                      0.59   0.72     1.00
  SINCE OCT 1     10.77                      7.58   3.19     6.66
  SINCE JAN 1      7.64                      4.52   3.12     4.96

SNOWFALL (IN)
  TODAY            0.0           0.3  1975   0.0    0.0      0.0
  MONTH TO DATE    T                         0.4   -0.4       T
  SINCE MAR 1     11.6                       8.7    2.9     14.3
  SINCE JUL 1     54.1                      41.2   12.9     28.2
  SNOW DEPTH       0

DEGREE DAYS
 HEATING
  TODAY           18                        11      7        8
  MONTH TO DATE  239                       253    -14      196
  SINCE MAR 1   1529                      1656   -127     1597
  SINCE JUL 1   6528                      6824   -296     6239

 COOLING
  TODAY            0                         0      0        0
  MONTH TO DATE    0                         0      0        1
  SINCE MAR 1      0                         0      0        1
  SINCE JAN 1      0                         0      0        1
..................................................................


WIND (MPH)
  HIGHEST WIND SPEED    18   HIGHEST WIND DIRECTION     W (260)
  HIGHEST GUST SPEED    23   HIGHEST GUST DIRECTION    SW (240)



WEATHER CONDITIONS
 THE FOLLOWING WEATHER WAS RECORDED TODAY.
  RAIN
  LIGHT RAIN
  FOG


RELATIVE HUMIDITY (PERCENT)
 HIGHEST    92           900 AM
 LOWEST     46           300 PM
 AVERAGE    69

..........................................................


THE ELKO AIRPORT NV CLIMATE NORMALS FOR TOMORROW
                         NORMAL    RECORD    YEAR
 MAXIMUM TEMPERATURE (F)   71        90      1919
 MINIMUM TEMPERATURE (F)   39        19      1936


SUNRISE AND SUNSET
MAY 19 2019...........SUNRISE   522 AM PDT   SUNSET   757 PM PDT
MAY 20 2019...........SUNRISE   522 AM PDT   SUNSET   758 PM PDT


-  INDICATES NEGATIVE NUMBERS.
R  INDICATES RECORD WAS SET OR TIED.
MM INDICATES DATA IS MISSING.
T  INDICATES TRACE AMOUNT.




$$
