000
CDUS44 KSHV 182133
CLIELD


CLIMATE REPORT
NATIONAL WEATHER SERVICE SHREVEPORT, LA
432 PM CDT MON MAR 18 2019


...................................

...THE EL DORADO CLIMATE SUMMARY FOR MARCH 18 2019...
VALID TODAY AS OF 0400 PM LOCAL TIME.

CLIMATE NORMAL PERIOD 1981 TO 2010
CLIMATE RECORD PERIOD 1907 TO 2019


WEATHER ITEM   OBSERVED TIME   RECORD YEAR NORMAL DEPARTURE LAST
                VALUE   (LST)  VALUE       VALUE  FROM      YEAR
                                                  NORMAL
..................................................................
TEMPERATURE (F)
 TODAY
  MAXIMUM         70    236 PM  91    1908  69      1       68
  MINIMUM         36    544 AM  24    1960  44     -8       57
  AVERAGE         53                        56     -3       63

PRECIPITATION (IN)
  TODAY            0.00          1.71 1969   0.15  -0.15     1.02
  MONTH TO DATE    4.79                      2.86   1.93     2.56
  SINCE DEC 1     26.48                     17.13   9.35    23.10
  SINCE JAN 1     15.18                     11.95   3.23    17.47

SNOWFALL (IN)
  TODAY            0.0
  MONTH TO DATE    T
  SINCE MAR 1      T
  SINCE JUL 1      0.2
  SNOW DEPTH       0

DEGREE DAYS
 HEATING
  TODAY           12                         9      3        2
  MONTH TO DATE  252                       207     45      180
  SINCE MAR 1    252                       207     45      180
  SINCE JUL 1   2371                      2435    -64     2282

 COOLING
  TODAY            0                         1     -1        0
  MONTH TO DATE    1                         9     -8       11
  SINCE MAR 1      1                         9     -8       11
  SINCE JAN 1     15                        15      0       36
..................................................................


WIND (MPH)
  HIGHEST WIND SPEED    12   HIGHEST WIND DIRECTION    NE (60)
  HIGHEST GUST SPEED    17   HIGHEST GUST DIRECTION    NW (330)
  AVERAGE WIND SPEED     3.2


SKY COVER
  POSSIBLE SUNSHINE  MM
  AVERAGE SKY COVER 0.0


WEATHER CONDITIONS
 THE FOLLOWING WEATHER WAS RECORDED TODAY.
  NO SIGNIFICANT WEATHER WAS OBSERVED.


RELATIVE HUMIDITY (PERCENT)
 HIGHEST    92           200 AM
 LOWEST     33           100 PM
 AVERAGE    63

..........................................................


THE EL DORADO CLIMATE NORMALS FOR TOMORROW
                         NORMAL    RECORD    YEAR
 MAXIMUM TEMPERATURE (F)   69        87      1982
 MINIMUM TEMPERATURE (F)   44        20      1923


SUNRISE AND SUNSET
MARCH 18 2019.........SUNRISE   718 AM CDT   SUNSET   721 PM CDT
MARCH 19 2019.........SUNRISE   717 AM CDT   SUNSET   722 PM CDT


-  INDICATES NEGATIVE NUMBERS.
R  INDICATES RECORD WAS SET OR TIED.
MM INDICATES DATA IS MISSING.
T  INDICATES TRACE AMOUNT.




$$
