000
CDUS44 KSHV 262132
CLIELD


CLIMATE REPORT
NATIONAL WEATHER SERVICE SHREVEPORT, LA
431 PM CDT SUN MAY 26 2019


...................................

...THE EL DORADO CLIMATE SUMMARY FOR MAY 26 2019...
VALID TODAY AS OF 0400 PM LOCAL TIME.

CLIMATE NORMAL PERIOD 1981 TO 2010
CLIMATE RECORD PERIOD 1907 TO 2019


WEATHER ITEM   OBSERVED TIME   RECORD YEAR NORMAL DEPARTURE LAST
                VALUE   (LST)  VALUE       VALUE  FROM      YEAR
                                                  NORMAL
..................................................................
TEMPERATURE (F)
 TODAY
  MAXIMUM         91    259 PM 101    1930  85      6       92
  MINIMUM         67    432 AM  46    1925  63      4       68
  AVERAGE         79                        74      5       80

PRECIPITATION (IN)
  TODAY            0.00          4.11 1976   0.17  -0.17     0.01
  MONTH TO DATE    6.21                      4.28   1.93     0.89
  SINCE DEC 1     46.48                     27.39  19.09    32.48
  SINCE JAN 1     35.18                     22.21  12.97    26.85

DEGREE DAYS
 HEATING
  TODAY            0                         0      0        0
  MONTH TO DATE    1                        16    -15        0
  SINCE MAR 1    461                       442     19      413
  SINCE JUL 1   2580                      2670    -90     2515

 COOLING
  TODAY           14                         9      5       15
  MONTH TO DATE  210                       165     45      293
  SINCE MAR 1    272                       258     14      341
  SINCE JAN 1    286                       264     22      366
..................................................................


WIND (MPH)
  HIGHEST WIND SPEED    16   HIGHEST WIND DIRECTION     S (160)
  HIGHEST GUST SPEED    20   HIGHEST GUST DIRECTION     S (180)
  AVERAGE WIND SPEED     5.8


SKY COVER
  POSSIBLE SUNSHINE  MM
  AVERAGE SKY COVER 0.1


WEATHER CONDITIONS
 THE FOLLOWING WEATHER WAS RECORDED TODAY.
  FOG


RELATIVE HUMIDITY (PERCENT)
 HIGHEST   100           200 AM
 LOWEST     52           100 PM
 AVERAGE    76

..........................................................


THE EL DORADO CLIMATE NORMALS FOR TOMORROW
                         NORMAL    RECORD    YEAR
 MAXIMUM TEMPERATURE (F)   85        96      1953
 MINIMUM TEMPERATURE (F)   63        42      1961


SUNRISE AND SUNSET
MAY 26 2019...........SUNRISE   605 AM CDT   SUNSET   812 PM CDT
MAY 27 2019...........SUNRISE   605 AM CDT   SUNSET   812 PM CDT


-  INDICATES NEGATIVE NUMBERS.
R  INDICATES RECORD WAS SET OR TIED.
MM INDICATES DATA IS MISSING.
T  INDICATES TRACE AMOUNT.




$$
