000
CDUS44 KEPZ 190927
CLIELP


CLIMATE REPORT
NATIONAL WEATHER SERVICE EL PASO, TX
327 AM MDT TUE MAR 19 2019


...................................

...THE EL PASO CLIMATE SUMMARY FOR MARCH 18 2019...

CLIMATE NORMAL PERIOD 1981 TO 2010
CLIMATE RECORD PERIOD 1879 TO 2019


WEATHER ITEM   OBSERVED TIME   RECORD YEAR NORMAL DEPARTURE LAST
                VALUE   (LST)  VALUE       VALUE  FROM      YEAR
                                                  NORMAL
..................................................................
TEMPERATURE (F)
 YESTERDAY
  MAXIMUM         63    426 PM  91    1907  71     -8       72
  MINIMUM         46    712 AM  26    1892  43      3       53
  AVERAGE         55                        57     -2       63

PRECIPITATION (IN)
  YESTERDAY        0.00          0.45 1964   0.00   0.00     0.00
  MONTH TO DATE    0.25                      0.16   0.09     0.20
  SINCE MAR 1      0.25                      0.16   0.09     0.20
  SINCE JAN 1      0.47                      1.02  -0.55     0.97

SNOWFALL (IN)
  YESTERDAY        0.0                                       0.0
  MONTH TO DATE    0.0                                       0.0
  SINCE MAR 1      0.0                                       0.0
  SINCE JUL 1      0.4                                       0.1
  SNOW DEPTH       0

DEGREE DAYS
 HEATING
  YESTERDAY       10                         8      2        2
  MONTH TO DATE  150                       182    -32      105
  SINCE MAR 1    150                       182    -32      105
  SINCE JUL 1   2036                      2285   -249     1600

 COOLING
  YESTERDAY        0                         0      0        0
  MONTH TO DATE    9                         0      9        8
  SINCE MAR 1      9                         0      9        8
  SINCE JAN 1     11                         0     11        8
..................................................................


WIND (MPH)
  HIGHEST WIND SPEED    16   HIGHEST WIND DIRECTION    SE (130)
  HIGHEST GUST SPEED    22   HIGHEST GUST DIRECTION    SE (140)
  AVERAGE WIND SPEED     7.9


SKY COVER
  POSSIBLE SUNSHINE  MM
  AVERAGE SKY COVER 0.5


WEATHER CONDITIONS
 THE FOLLOWING WEATHER WAS RECORDED YESTERDAY.
  NO SIGNIFICANT WEATHER WAS OBSERVED.


RELATIVE HUMIDITY (PERCENT)
 HIGHEST    53           700 AM
 LOWEST     25           100 PM
 AVERAGE    39

..........................................................


THE EL PASO CLIMATE NORMALS FOR TODAY
                         NORMAL    RECORD    YEAR
 MAXIMUM TEMPERATURE (F)   71        92      1907
 MINIMUM TEMPERATURE (F)   43        22      1988


SUNRISE AND SUNSET
MARCH 19 2019.........SUNRISE   711 AM MDT   SUNSET   716 PM MDT
MARCH 20 2019.........SUNRISE   710 AM MDT   SUNSET   717 PM MDT


-  INDICATES NEGATIVE NUMBERS.
R  INDICATES RECORD WAS SET OR TIED.
MM INDICATES DATA IS MISSING.
T  INDICATES TRACE AMOUNT.




$$
