000
CDUS44 KEPZ 222329
CLIELP


CLIMATE REPORT
NATIONAL WEATHER SERVICE EL PASO, TX
529 PM MDT WED MAY 22 2019


...................................

...THE EL PASO CLIMATE SUMMARY FOR MAY 22 2019...
VALID TODAY AS OF 500 PM LOCAL TIME.

CLIMATE NORMAL PERIOD 1981 TO 2010
CLIMATE RECORD PERIOD 1879 TO 2019


WEATHER ITEM   OBSERVED TIME   RECORD YEAR NORMAL DEPARTURE LAST
                VALUE   (LST)  VALUE       VALUE  FROM      YEAR
                                                  NORMAL
..................................................................
TEMPERATURE (F)
 TODAY
  MAXIMUM         93    326 PM 105    2005  90      3       93
  MINIMUM         63    508 AM  43    1977  62      1       65

PRECIPITATION (IN)
  TODAY            0.00                      0.01  -0.01     0.00
  MONTH TO DATE    0.16                      0.31  -0.15     0.41
  SINCE MAR 1      0.49                      0.80  -0.31     0.62
  SINCE JAN 1      0.71                      1.66  -0.95     1.39

..................................................................


WIND (MPH)
  HIGHEST WIND SPEED    30   HIGHEST WIND DIRECTION    SW (230)
  HIGHEST GUST SPEED    42   HIGHEST GUST DIRECTION    SW (230)


SKY COVER
  AVERAGE SKY COVER 0.1


WEATHER CONDITIONS
 THE FOLLOWING WEATHER WAS RECORDED TODAY.
  SANDSTORM


RELATIVE HUMIDITY (PERCENT)
 HIGHEST    16           500 AM
 LOWEST      5           200 PM

..........................................................


THE EL PASO CLIMATE NORMALS FOR TOMORROW
                         NORMAL    RECORD    YEAR
 MAXIMUM TEMPERATURE (F)   90       105      2005
 MINIMUM TEMPERATURE (F)   62        45      1975


SUNRISE AND SUNSET
MAY 22 2019...........SUNRISE   605 AM MDT   SUNSET   800 PM MDT
MAY 23 2019...........SUNRISE   604 AM MDT   SUNSET   801 PM MDT


-  INDICATES NEGATIVE NUMBERS.
R  INDICATES RECORD WAS SET OR TIED.
MM INDICATES DATA IS MISSING.
T  INDICATES TRACE AMOUNT.




$$
