000
CDUS45 KLKN 250930
CLIELY


CLIMATE REPORT
NATIONAL WEATHER SERVICE ELKO NV
230 AM PDT SAT MAY 25 2019


...................................

...THE ELY AIRPORT NV CLIMATE SUMMARY FOR MAY 24 2019...

CLIMATE NORMAL PERIOD 1981 TO 2010
CLIMATE RECORD PERIOD 1893 TO 2019


WEATHER ITEM   OBSERVED TIME   RECORD YEAR NORMAL DEPARTURE LAST
                VALUE   (LST)  VALUE       VALUE  FROM      YEAR
                                                  NORMAL
..................................................................
TEMPERATURE (F)
 YESTERDAY
  MAXIMUM         56    110 PM  87    2001  71    -15       77
  MINIMUM         35    433 AM  20    1978  35      0       39
  AVERAGE         46                        53     -7       58

PRECIPITATION (IN)
  YESTERDAY        T             0.76 1995   0.04  -0.04     0.00
  MONTH TO DATE    1.66                      0.86   0.80     0.82
  SINCE OCT 1     12.69                      6.48   6.21     4.50
  SINCE JAN 1     10.45                      4.19   6.26     3.92

SNOWFALL (IN)
  YESTERDAY        0.0           4.2  1980   0.1   -0.1      0.0
  MONTH TO DATE    2.0                       2.2   -0.2      0.7
  SINCE MAR 1     24.4                      15.7    8.7     18.4
  SINCE JUL 1     68.6                      50.6   18.0     44.9
  SNOW DEPTH       0

DEGREE DAYS
 HEATING
  YESTERDAY       19                        12      7        7
  MONTH TO DATE  460                       365     95      322
  SINCE MAR 1   1963                      1931     32     1836
  SINCE JUL 1   7214                      7268    -54     6633

 COOLING
  YESTERDAY        0                         0      0        0
  MONTH TO DATE    0                         0      0        0
  SINCE MAR 1      0                         0      0        0
  SINCE JAN 1      0                         0      0        0
..................................................................


WIND (MPH)
  HIGHEST WIND SPEED    22   HIGHEST WIND DIRECTION    NW (320)
  HIGHEST GUST SPEED    26   HIGHEST GUST DIRECTION    NW (310)
  AVERAGE WIND SPEED     6.5



WEATHER CONDITIONS
 THE FOLLOWING WEATHER WAS RECORDED YESTERDAY.
  NO SIGNIFICANT WEATHER WAS OBSERVED.


RELATIVE HUMIDITY (PERCENT)
 HIGHEST   100           200 AM
 LOWEST     47          1200 PM
 AVERAGE    74

..........................................................


THE ELY AIRPORT NV CLIMATE NORMALS FOR TODAY
                         NORMAL    RECORD    YEAR
 MAXIMUM TEMPERATURE (F)   71        88      2001
 MINIMUM TEMPERATURE (F)   35        22      1899


SUNRISE AND SUNSET
MAY 25 2019...........SUNRISE   518 AM PDT   SUNSET   755 PM PDT
MAY 26 2019...........SUNRISE   518 AM PDT   SUNSET   755 PM PDT


-  INDICATES NEGATIVE NUMBERS.
R  INDICATES RECORD WAS SET OR TIED.
MM INDICATES DATA IS MISSING.
T  INDICATES TRACE AMOUNT.




$$
