382
CDUS45 KLKN 250031
CLIELY


CLIMATE REPORT
NATIONAL WEATHER SERVICE ELKO NV
531 PM PDT SUN MAR 24 2019


...................................

...THE ELY AIRPORT NV CLIMATE SUMMARY FOR MARCH 24 2019...
VALID TODAY AS OF 0500 PM LOCAL TIME.

CLIMATE NORMAL PERIOD 1981 TO 2010
CLIMATE RECORD PERIOD 1893 TO 2019


WEATHER ITEM   OBSERVED TIME   RECORD YEAR NORMAL DEPARTURE LAST
                VALUE   (LST)  VALUE       VALUE  FROM      YEAR
                                                  NORMAL
..................................................................
TEMPERATURE (F)
 TODAY
  MAXIMUM         44    359 PM  72    1908  52     -8       52
  MINIMUM         15    611 AM   0    1964  24     -9       28
  AVERAGE         30                        38     -8       40

PRECIPITATION (IN)
  TODAY            0.00          0.60 1899   0.03  -0.03     0.00
  MONTH TO DATE    3.30                      0.71   2.59     1.41
  SINCE OCT 1      8.19                      4.45   3.74     3.29
  SINCE JAN 1      5.95                      2.16   3.79     2.71

SNOWFALL (IN)
  TODAY            0.0           4.7  1995   0.3   -0.3      0.0
  MONTH TO DATE   20.1                       6.5   13.6     16.8
  SINCE MAR 1     20.1                       6.5   13.6     16.8
  SINCE JUL 1     64.3                      41.4   22.9     43.3
  SNOW DEPTH      MM

DEGREE DAYS
 HEATING
  TODAY           35                        27      8       25
  MONTH TO DATE  727                       705     22      740
  SINCE MAR 1    727                       705     22      740
  SINCE JUL 1   5978                      6042    -64     5537

 COOLING
  TODAY            0                         0      0        0
  MONTH TO DATE    0                         0      0        0
  SINCE MAR 1      0                         0      0        0
  SINCE JAN 1      0                         0      0        0
..................................................................


WIND (MPH)
  HIGHEST WIND SPEED    14   HIGHEST WIND DIRECTION     W (250)
  HIGHEST GUST SPEED    18   HIGHEST GUST DIRECTION     W (250)



WEATHER CONDITIONS
 THE FOLLOWING WEATHER WAS RECORDED TODAY.
  NO SIGNIFICANT WEATHER WAS OBSERVED.


RELATIVE HUMIDITY (PERCENT)
 HIGHEST    96           300 AM
 LOWEST     39           300 PM
 AVERAGE    68

..........................................................


THE ELY AIRPORT NV CLIMATE NORMALS FOR TOMORROW
                         NORMAL    RECORD    YEAR
 MAXIMUM TEMPERATURE (F)   52        70      1908
 MINIMUM TEMPERATURE (F)   24        -1      1942


SUNRISE AND SUNSET
MARCH 24 2019.........SUNRISE   637 AM PDT   SUNSET   655 PM PDT
MARCH 25 2019.........SUNRISE   635 AM PDT   SUNSET   656 PM PDT


-  INDICATES NEGATIVE NUMBERS.
R  INDICATES RECORD WAS SET OR TIED.
MM INDICATES DATA IS MISSING.
T  INDICATES TRACE AMOUNT.




$$
