000
CDUS43 KTOP 270651
CLIEMP


CLIMATE REPORT
NATIONAL WEATHER SERVICE TOPEKA KS
150 AM CDT MON MAY 27 2019


...................................

...THE EMPORIA KS CLIMATE SUMMARY FOR MAY 26 2019...

CLIMATE NORMAL PERIOD 1981 TO 2010
CLIMATE RECORD PERIOD 9999 TO 9999


WEATHER ITEM   OBSERVED NORMAL DEPARTURE LAST
                VALUE   VALUE  FROM      YEAR
                               NORMAL
...............................................
TEMPERATURE (F)
 YESTERDAY
  MAXIMUM         76     79     -3       90
  MINIMUM         59     58      1       64
  AVERAGE         68     68      0       77

PRECIPITATION (IN)
  YESTERDAY        0.07   0.18  -0.11     0.00
  MONTH TO DATE   11.57   4.01   7.56     3.48
  SINCE MAR 1     18.35   9.92   8.43     7.24
  SINCE JAN 1     20.78  11.78   9.00     8.57

DEGREE DAYS
 HEATING
  YESTERDAY        0      1     -1        0
  MONTH TO DATE  133     77     56        2
  SINCE MAR 1   1117    984    133     1084
  SINCE JUL 1   5160   4806    354     4812

 COOLING
  YESTERDAY        3      5     -2       12
  MONTH TO DATE   49     70    -21      184
  SINCE MAR 1     72     93    -21      192
  SINCE JAN 1     72     93    -21      192
...............................................


WIND (MPH)
  HIGHEST WIND SPEED    MM   HIGHEST WIND DIRECTION    MM
  HIGHEST GUST SPEED     0   HIGHEST GUST DIRECTION     N (0)
  AVERAGE WIND SPEED    MM


SKY COVER
  AVERAGE SKY COVER 0.0


WEATHER CONDITIONS
 THE FOLLOWING WEATHER WAS RECORDED YESTERDAY.
  NO SIGNIFICANT WEATHER WAS OBSERVED.


RELATIVE HUMIDITY (PERCENT)
 HIGHEST     0
 LOWEST      0
 AVERAGE     0

..........................................................


THE EMPORIA KS CLIMATE NORMALS FOR TODAY
                         NORMAL
 MAXIMUM TEMPERATURE (F)   79
 MINIMUM TEMPERATURE (F)   58


SUNRISE AND SUNSET
MAY 27 2019...........SUNRISE   605 AM CDT   SUNSET   839 PM CDT
MAY 28 2019...........SUNRISE   605 AM CDT   SUNSET   840 PM CDT


-  INDICATES NEGATIVE NUMBERS.
R  INDICATES RECORD WAS SET OR TIED.
MM INDICATES DATA IS MISSING.
T  INDICATES TRACE AMOUNT.




$$
