306
CDUS43 KTOP 222132
CLIEMP


CLIMATE REPORT
NATIONAL WEATHER SERVICE TOPEKA KS
431 PM CDT FRI MAR 22 2019


...................................

...THE EMPORIA KS CLIMATE SUMMARY FOR MARCH 22 2019...
VALID TODAY AS OF 430 PM LOCAL TIME.

CLIMATE NORMAL PERIOD 1981 TO 2010
CLIMATE RECORD PERIOD 9999 TO 9999


WEATHER ITEM   OBSERVED NORMAL DEPARTURE LAST
                VALUE   VALUE  FROM      YEAR
                               NORMAL
...............................................
TEMPERATURE (F)
 TODAY
  MAXIMUM         66     60      6       73
  MINIMUM         30     35     -5       37
  AVERAGE         48     48      0       55

PRECIPITATION (IN)
  TODAY            0.00   0.08  -0.08     0.00
  MONTH TO DATE    1.63   1.85  -0.22     1.47
  SINCE MAR 1      1.63   1.85  -0.22     1.47
  SINCE JAN 1      4.06   3.71   0.35     2.80

DEGREE DAYS
 HEATING
  TODAY           17     17      0       10
  MONTH TO DATE  602    467    135      437
  SINCE MAR 1    602    467    135      437
  SINCE JUL 1   4645   4289    356     4165

 COOLING
  TODAY            0      0      0        0
  MONTH TO DATE    0      0      0        0
  SINCE MAR 1      0      0      0        0
  SINCE JAN 1      0      0      0        0
...............................................


WIND (MPH)
  HIGHEST WIND SPEED     9   HIGHEST WIND DIRECTION     S (180)
  HIGHEST GUST SPEED    14   HIGHEST GUST DIRECTION     S (160)
  AVERAGE WIND SPEED     3.1



WEATHER CONDITIONS
 THE FOLLOWING WEATHER WAS RECORDED TODAY.
  FOG
  HAZE


RELATIVE HUMIDITY (PERCENT)
 HIGHEST    92
 LOWEST     22
 AVERAGE    57

..........................................................


THE EMPORIA KS CLIMATE NORMALS FOR TOMORROW
                         NORMAL
 MAXIMUM TEMPERATURE (F)   60
 MINIMUM TEMPERATURE (F)   36


SUNRISE AND SUNSET
MARCH 22 2019.........SUNRISE   726 AM CDT   SUNSET   738 PM CDT
MARCH 23 2019.........SUNRISE   724 AM CDT   SUNSET   739 PM CDT


-  INDICATES NEGATIVE NUMBERS.
R  INDICATES RECORD WAS SET OR TIED.
MM INDICATES DATA IS MISSING.
T  INDICATES TRACE AMOUNT.




$$
