000
CDUS46 KOTX 200836
CLIEPH


CLIMATE REPORT
NATIONAL WEATHER SERVICE SPOKANE, WA
132 AM PDT WED MAR 20 2019


...................................

...THE EPHRATA WA AIRPORT CLIMATE SUMMARY FOR MARCH 19 2019...

CLIMATE NORMAL PERIOD 1981 TO 2010
CLIMATE RECORD PERIOD 9999 TO 9999


WEATHER ITEM   OBSERVED TIME   RECORD YEAR NORMAL DEPARTURE LAST
                VALUE   (LST)  VALUE       VALUE  FROM      YEAR
                                                  NORMAL
..................................................................
TEMPERATURE (F)
 YESTERDAY
  MAXIMUM         57    340 PM  68    1999  55      2       56
  MINIMUM         30    612 AM  15    1965  33     -3       26
  AVERAGE         44                        44      0       41

PRECIPITATION (IN)
  YESTERDAY        0.00          0.27 1961   0.02  -0.02     0.00
  MONTH TO DATE    0.28                      0.45  -0.17     0.36
  SINCE OCT 1      3.87                      4.93  -1.06     4.79
  SINCE JAN 1      1.26                      2.10  -0.84     2.21

DEGREE DAYS
 HEATING
  YESTERDAY       21                        21      0       24
  MONTH TO DATE  697                       453    244      425
  SINCE MAR 1    697                       453    244      425
  SINCE JUL 1   5069                      5026     43     4659

 COOLING
  YESTERDAY        0                         0      0        0
  MONTH TO DATE    0                         0      0        0
  SINCE MAR 1      0                         0      0        0
  SINCE JAN 1      0                         0      0        0
..................................................................


WIND (MPH)
  HIGHEST WIND SPEED    15   HIGHEST WIND DIRECTION    NW (310)
  HIGHEST GUST SPEED    18   HIGHEST GUST DIRECTION    NW (310)
  AVERAGE WIND SPEED     9.0


SKY COVER
  POSSIBLE SUNSHINE  MM
  AVERAGE SKY COVER 0.0


WEATHER CONDITIONS
 THE FOLLOWING WEATHER WAS RECORDED YESTERDAY.
  NO SIGNIFICANT WEATHER WAS OBSERVED.


RELATIVE HUMIDITY (PERCENT)
 HIGHEST    85           400 AM
 LOWEST     35           400 PM
 AVERAGE    60

..........................................................


THE EPHRATA WA AIRPORT CLIMATE NORMALS FOR TODAY
                         NORMAL    RECORD    YEAR
 MAXIMUM TEMPERATURE (F)   56        75      1999
 MINIMUM TEMPERATURE (F)   33        19      2001


SUNRISE AND SUNSET
MARCH 20 2019.........SUNRISE   701 AM PDT   SUNSET   711 PM PDT
MARCH 21 2019.........SUNRISE   659 AM PDT   SUNSET   712 PM PDT


-  INDICATES NEGATIVE NUMBERS.
R  INDICATES RECORD WAS SET OR TIED.
MM INDICATES DATA IS MISSING.
T  INDICATES TRACE AMOUNT.




$$
