000
CDUS46 KOTX 200824
CLIEPH


CLIMATE REPORT
NATIONAL WEATHER SERVICE SPOKANE, WA
124 AM PDT MON MAY 20 2019


...................................

...THE EPHRATA WA AIRPORT CLIMATE SUMMARY FOR MAY 19 2019...

CLIMATE NORMAL PERIOD 1981 TO 2010
CLIMATE RECORD PERIOD 9999 TO 9999


WEATHER ITEM   OBSERVED TIME   RECORD YEAR NORMAL DEPARTURE LAST
                VALUE   (LST)  VALUE       VALUE  FROM      YEAR
                                                  NORMAL
..................................................................
TEMPERATURE (F)
 YESTERDAY
  MAXIMUM         74    330 PM  87    2006  73      1       75
                                      1985
  MINIMUM         53    253 AM  34    2003  47      6       55
  AVERAGE         64                        60      4       65

PRECIPITATION (IN)
  YESTERDAY        T             0.33 2010   0.03  -0.03     0.05
  MONTH TO DATE    0.58                      0.35   0.23     1.13
  SINCE OCT 1      5.23                      5.99  -0.76     7.39
  SINCE JAN 1      2.62                      3.16  -0.54     4.81

SNOWFALL (IN)
  YESTERDAY       MM

DEGREE DAYS
 HEATING
  YESTERDAY        1                         6     -5        0
  MONTH TO DATE   84                       157    -73       25
  SINCE MAR 1   1338                      1281     57     1103
  SINCE JUL 1   5710                      5854   -144     5337

 COOLING
  YESTERDAY        0                         1     -1        0
  MONTH TO DATE   22                        16      6       47
  SINCE MAR 1     22                        18      4       52
  SINCE JAN 1     22                        18      4       52
..................................................................


WIND (MPH)
  HIGHEST WIND SPEED    22   HIGHEST WIND DIRECTION    NE (40)
  HIGHEST GUST SPEED    29   HIGHEST GUST DIRECTION    NE (50)
  AVERAGE WIND SPEED    13.8


SKY COVER
  POSSIBLE SUNSHINE  MM
  AVERAGE SKY COVER 0.5


WEATHER CONDITIONS
 THE FOLLOWING WEATHER WAS RECORDED YESTERDAY.
  NO SIGNIFICANT WEATHER WAS OBSERVED.


RELATIVE HUMIDITY (PERCENT)
 HIGHEST    71          1200 AM
 LOWEST     27           400 PM
 AVERAGE    49

..........................................................


THE EPHRATA WA AIRPORT CLIMATE NORMALS FOR TODAY
                         NORMAL    RECORD    YEAR
 MAXIMUM TEMPERATURE (F)   74        90      1958
 MINIMUM TEMPERATURE (F)   48        36      1971


SUNRISE AND SUNSET
MAY 20 2019...........SUNRISE   516 AM PDT   SUNSET   834 PM PDT
MAY 21 2019...........SUNRISE   515 AM PDT   SUNSET   835 PM PDT


-  INDICATES NEGATIVE NUMBERS.
R  INDICATES RECORD WAS SET OR TIED.
MM INDICATES DATA IS MISSING.
T  INDICATES TRACE AMOUNT.




$$
