000
CDUS41 KCLE 260527
CLIERI


CLIMATE REPORT
NATIONAL WEATHER SERVICE CLEVELAND OH
126 AM EDT SUN MAY 26 2019


...................................

...THE ERIE PA CLIMATE SUMMARY FOR MAY 25 2019...

CLIMATE NORMAL PERIOD 1981 TO 2010
CLIMATE RECORD PERIOD 1873 TO 2019


WEATHER ITEM   OBSERVED TIME   RECORD YEAR NORMAL DEPARTURE LAST
                VALUE   (LST)  VALUE       VALUE  FROM      YEAR
                                                  NORMAL
..................................................................
TEMPERATURE (F)
 YESTERDAY
  MAXIMUM         88    210 PM  89    1975  69     19       80
  MINIMUM         57   1221 AM  31    1956  51      6       59
  AVERAGE         73                        60     13       70

PRECIPITATION (IN)
  YESTERDAY        T                         0.12  -0.12     0.00
  MONTH TO DATE    1.65                      2.76  -1.11     4.83
  SINCE MAR 1      8.38                      9.04  -0.66    13.09
  SINCE JAN 1     15.60                     14.38   1.22    19.51

SNOWFALL (IN)
  YESTERDAY        0.0                       0.0    0.0      0.0
  MONTH TO DATE    0.0                       0.0    0.0      0.0
  SINCE MAR 1      5.1                      16.9  -11.8     36.9
  SINCE JUL 1     90.3                     100.9  -10.6    166.3
  SNOW DEPTH       0

DEGREE DAYS
 HEATING
  YESTERDAY        0                         6     -6        0
  MONTH TO DATE  218                       235    -17      103
  SINCE MAR 1   1690                      1689      1     1826
  SINCE JUL 1   5896                      6054   -158     6004

 COOLING
  YESTERDAY        8                         2      6        5
  MONTH TO DATE   28                        21      7       27
  SINCE MAR 1     32                        28      4       27
  SINCE JAN 1     32                        28      4       29
..................................................................


WIND (MPH)
  HIGHEST WIND SPEED    30   HIGHEST WIND DIRECTION     W (260)
  HIGHEST GUST SPEED    43   HIGHEST GUST DIRECTION     W (260)
  AVERAGE WIND SPEED    13.6


SKY COVER
  POSSIBLE SUNSHINE  MM
  AVERAGE SKY COVER 0.3


WEATHER CONDITIONS
 THE FOLLOWING WEATHER WAS RECORDED YESTERDAY.
  NO SIGNIFICANT WEATHER WAS OBSERVED.


RELATIVE HUMIDITY (PERCENT)
 HIGHEST    81           700 PM
 LOWEST     39           200 PM
 AVERAGE    60

..........................................................


THE ERIE PA CLIMATE NORMALS FOR TODAY
                         NORMAL    RECORD    YEAR
 MAXIMUM TEMPERATURE (F)   70        90      1944
 MINIMUM TEMPERATURE (F)   52        34      1969


SUNRISE AND SUNSET
MAY 26 2019...........SUNRISE   551 AM EDT   SUNSET   845 PM EDT
MAY 27 2019...........SUNRISE   550 AM EDT   SUNSET   846 PM EDT


-  INDICATES NEGATIVE NUMBERS.
R  INDICATES RECORD WAS SET OR TIED.
MM INDICATES DATA IS MISSING.
T  INDICATES TRACE AMOUNT.




$$
